{"id":1512,"date":"2017-02-17T13:52:43","date_gmt":"2017-02-17T12:52:43","guid":{"rendered":"http:\/\/klubmamgdynia.pl\/index.php\/produkt\/noris-husch-husch-kleine-hexe-sio-sio-mala-czarownico-wersja-niemiecka\/"},"modified":"2026-04-06T01:32:45","modified_gmt":"2026-04-05T23:32:45","slug":"noris-husch-husch-kleine-hexe-sio-sio-mala-czarownico-wersja-niemiecka","status":"publish","type":"product","link":"http:\/\/klubmamgdynia.pl\/index.php\/produkt\/noris-husch-husch-kleine-hexe-sio-sio-mala-czarownico-wersja-niemiecka\/","title":{"rendered":"Noris Husch Husch kleine Hexe (Sio, Sio, Ma\u0142a Czarownico) (wersja niemiecka)"},"content":{"rendered":"<p>Szczeg\u00f3\u0142y produktu: Wiek: od 3 lat Dla 2-5 graczy Zawiera 1 plansz\u0119 do gry, 5 du\u017cych kapeluszy czarownic, 5 tarcz czarownic w 5 kolorach, 1 du\u017c\u0105 kolorow\u0105 kostk\u0119, 1 zestaw zasad gry Wsi\u0105d\u017a na miot\u0142\u0119 i le\u0107! Za godzin\u0119 b\u0119dzie Noc Walpurgi. Wszystkie czarownice na g\u00f3rze Blocks obchodz\u0105 \u015bwi\u0119to rado\u015bci. Ale uwa\u017caj i naci\u0105gnij kapelusz czarownicy nisko na uszy! Nie daj si\u0119 z\u0142apa\u0107, bo m\u0142odym czarownicom nie wolno pokazywa\u0107 twarzy, gdy stare ta\u0144cz\u0105 wok\u00f3\u0142 wielkiego ognia. Wymiary i waga: Wymiary (d\u0142ugo\u015b\u0107 x szeroko\u015b\u0107 x wysoko\u015b\u0107): 25,2 x 25,2 x 6,3 cm Waga: 0,58 kg<\/p>\n<h2>Noris Husch Husch kleine Hexe (Sio, Sio, Ma\u0142a Czarownico) (wersja niemiecka) Noris<\/h2>\n<p>pokemon kolorowanki do druku, zadania dla 7 latka do druku, kolorowanki pieski, plac zabaw warszawa, kolorowanka wakacje, zygzak mcqueen kolorowanka, jednoro\u017cec kolorowanka do druku, ju\u017c blisko kol\u0119da tekst<\/p>\n<p>yyyyy<\/p>\n<p>&nbsp;<\/p>\n","protected":false},"excerpt":{"rendered":"<p>Szczeg\u00f3\u0142y produktu: Wiek: od 3 lat Dla 2-5 graczy Zawiera 1 plansz\u0119 do gry, 5 du\u017cych kapeluszy czarownic, 5 tarcz czarownic w 5 kolorach, 1 du\u017c\u0105 kolorow\u0105 kostk\u0119, 1 zestaw zasad gry Wsi\u0105d\u017a na miot\u0142\u0119 i le\u0107! Za godzin\u0119 b\u0119dzie Noc Walpurgi. Wszystkie czarownice na g\u00f3rze Blocks obchodz\u0105 \u015bwi\u0119to rado\u015bci. Ale uwa\u017caj i naci\u0105gnij kapelusz [&hellip;]<\/p>\n","protected":false},"featured_media":1513,"comment_status":"closed","ping_status":"open","template":"","meta":[],"product_cat":[130,412],"product_tag":[792,780,858,701],"class_list":["post-1512","product","type-product","status-publish","has-post-thumbnail","hentry","product_cat-gry-dzieciece","product_cat-noris","product_tag-cytaty-o-mamie","product_tag-krecik-bajka","product_tag-podchwytliwe-zagadki","product_tag-zgadywanki-dla-dzieci"],"_links":{"self":[{"href":"http:\/\/klubmamgdynia.pl\/index.php\/wp-json\/wp\/v2\/product\/1512","targetHints":{"allow":["GET"]}}],"collection":[{"href":"http:\/\/klubmamgdynia.pl\/index.php\/wp-json\/wp\/v2\/product"}],"about":[{"href":"http:\/\/klubmamgdynia.pl\/index.php\/wp-json\/wp\/v2\/types\/product"}],"replies":[{"embeddable":true,"href":"http:\/\/klubmamgdynia.pl\/index.php\/wp-json\/wp\/v2\/comments?post=1512"}],"wp:featuredmedia":[{"embeddable":true,"href":"http:\/\/klubmamgdynia.pl\/index.php\/wp-json\/wp\/v2\/media\/1513"}],"wp:attachment":[{"href":"http:\/\/klubmamgdynia.pl\/index.php\/wp-json\/wp\/v2\/media?parent=1512"}],"wp:term":[{"taxonomy":"product_cat","embeddable":true,"href":"http:\/\/klubmamgdynia.pl\/index.php\/wp-json\/wp\/v2\/product_cat?post=1512"},{"taxonomy":"product_tag","embeddable":true,"href":"http:\/\/klubmamgdynia.pl\/index.php\/wp-json\/wp\/v2\/product_tag?post=1512"}],"curies":[{"name":"wp","href":"https:\/\/api.w.org\/{rel}","templated":true}]}}