{"id":1556,"date":"2020-06-02T17:20:56","date_gmt":"2020-06-02T15:20:56","guid":{"rendered":"http:\/\/klubmamgdynia.pl\/index.php\/produkt\/gra-planszowa-helvetiq-verlag-colorfox-wersja-niemiecka\/"},"modified":"2026-04-30T01:10:03","modified_gmt":"2026-04-29T23:10:03","slug":"gra-planszowa-helvetiq-verlag-colorfox-wersja-niemiecka","status":"publish","type":"product","link":"http:\/\/klubmamgdynia.pl\/index.php\/produkt\/gra-planszowa-helvetiq-verlag-colorfox-wersja-niemiecka\/","title":{"rendered":"Gra planszowa Helvetiq Verlag Colorfox (wersja niemiecka)"},"content":{"rendered":"<p>Das taktische DominoColorfox ist ein Spiel, bei dem ein gutes Auge und strategisches Geschick gefragt sind.Inhalt: 55 Spielkarten, 48 Holzst\u00e4bchen, 1 Spielanleitung<\/p>\n<h2>Gra planszowa Helvetiq Verlag Colorfox (wersja niemiecka) <\/h2>\n<p>test z asiuni lektury, wzory dyplom\u00f3w do pobrania, krok jak narysowa\u0107 konia, bajki terapeutyczne o emocjach<\/p>\n<p>yyyyy<\/p>\n<p>&nbsp;<\/p>\n","protected":false},"excerpt":{"rendered":"<p>Das taktische DominoColorfox ist ein Spiel, bei dem ein gutes Auge und strategisches Geschick gefragt sind.Inhalt: 55 Spielkarten, 48 Holzst\u00e4bchen, 1 Spielanleitung Gra planszowa Helvetiq Verlag Colorfox (wersja niemiecka) test z asiuni lektury, wzory dyplom\u00f3w do pobrania, krok jak narysowa\u0107 konia, bajki terapeutyczne o emocjach yyyyy &nbsp;<\/p>\n","protected":false},"featured_media":1557,"comment_status":"closed","ping_status":"open","template":"","meta":[],"product_cat":[235],"product_tag":[719,716,758,730,642],"class_list":["post-1556","product","type-product","status-publish","has-post-thumbnail","hentry","product_cat-gry-planszowe","product_tag-dziecko-cytaty-zlote-mysli","product_tag-filmy-animowane-o-swietach","product_tag-julian","product_tag-karyna","product_tag-mia-imie"],"_links":{"self":[{"href":"http:\/\/klubmamgdynia.pl\/index.php\/wp-json\/wp\/v2\/product\/1556","targetHints":{"allow":["GET"]}}],"collection":[{"href":"http:\/\/klubmamgdynia.pl\/index.php\/wp-json\/wp\/v2\/product"}],"about":[{"href":"http:\/\/klubmamgdynia.pl\/index.php\/wp-json\/wp\/v2\/types\/product"}],"replies":[{"embeddable":true,"href":"http:\/\/klubmamgdynia.pl\/index.php\/wp-json\/wp\/v2\/comments?post=1556"}],"wp:featuredmedia":[{"embeddable":true,"href":"http:\/\/klubmamgdynia.pl\/index.php\/wp-json\/wp\/v2\/media\/1557"}],"wp:attachment":[{"href":"http:\/\/klubmamgdynia.pl\/index.php\/wp-json\/wp\/v2\/media?parent=1556"}],"wp:term":[{"taxonomy":"product_cat","embeddable":true,"href":"http:\/\/klubmamgdynia.pl\/index.php\/wp-json\/wp\/v2\/product_cat?post=1556"},{"taxonomy":"product_tag","embeddable":true,"href":"http:\/\/klubmamgdynia.pl\/index.php\/wp-json\/wp\/v2\/product_tag?post=1556"}],"curies":[{"name":"wp","href":"https:\/\/api.w.org\/{rel}","templated":true}]}}