{"id":1564,"date":"2022-04-26T06:55:16","date_gmt":"2022-04-26T04:55:16","guid":{"rendered":"http:\/\/klubmamgdynia.pl\/index.php\/produkt\/trek-to-yomi-gra-ps5\/"},"modified":"2026-04-29T11:51:55","modified_gmt":"2026-04-29T09:51:55","slug":"trek-to-yomi-gra-ps5","status":"publish","type":"product","link":"http:\/\/klubmamgdynia.pl\/index.php\/produkt\/trek-to-yomi-gra-ps5\/","title":{"rendered":"Trek To Yomi (Gra PS5)"},"content":{"rendered":"<p>5060760889296<\/p>\n<h2>Trek To Yomi (Gra PS5) Cenega<\/h2>\n<p>piosenki na dobranoc tekst, prezenty dla nastolatki, zagadki o psach, prezent dla nastolatk\u00f3w, stare piosenki, glupie zagadki, prezent na pierwsze urodziny, dary jesieni kolorowanki jesie\u0144, historia andrzejek dla dzieci, o b\u0142\u0119dne dyktando, Keyword, lol surprise kolorowanka, \u015bmieszne zagadki matematyczne<\/p>\n<p>yyyyy<\/p>\n<p>&nbsp;<\/p>\n","protected":false},"excerpt":{"rendered":"<p>5060760889296 Trek To Yomi (Gra PS5) Cenega piosenki na dobranoc tekst, prezenty dla nastolatki, zagadki o psach, prezent dla nastolatk\u00f3w, stare piosenki, glupie zagadki, prezent na pierwsze urodziny, dary jesieni kolorowanki jesie\u0144, historia andrzejek dla dzieci, o b\u0142\u0119dne dyktando, Keyword, lol surprise kolorowanka, \u015bmieszne zagadki matematyczne yyyyy &nbsp;<\/p>\n","protected":false},"featured_media":1565,"comment_status":"closed","ping_status":"open","template":"","meta":[],"product_cat":[218,217],"product_tag":[759,684,599],"class_list":["post-1564","product","type-product","status-publish","has-post-thumbnail","hentry","product_cat-cenega","product_cat-gry-playstation-5","product_tag-pomysly-na-prezent-dla-nastolatkow","product_tag-prezent-dla-dziewczynki-na-roczek","product_tag-prezent-dla-nastolatkow-2021"],"_links":{"self":[{"href":"http:\/\/klubmamgdynia.pl\/index.php\/wp-json\/wp\/v2\/product\/1564","targetHints":{"allow":["GET"]}}],"collection":[{"href":"http:\/\/klubmamgdynia.pl\/index.php\/wp-json\/wp\/v2\/product"}],"about":[{"href":"http:\/\/klubmamgdynia.pl\/index.php\/wp-json\/wp\/v2\/types\/product"}],"replies":[{"embeddable":true,"href":"http:\/\/klubmamgdynia.pl\/index.php\/wp-json\/wp\/v2\/comments?post=1564"}],"wp:featuredmedia":[{"embeddable":true,"href":"http:\/\/klubmamgdynia.pl\/index.php\/wp-json\/wp\/v2\/media\/1565"}],"wp:attachment":[{"href":"http:\/\/klubmamgdynia.pl\/index.php\/wp-json\/wp\/v2\/media?parent=1564"}],"wp:term":[{"taxonomy":"product_cat","embeddable":true,"href":"http:\/\/klubmamgdynia.pl\/index.php\/wp-json\/wp\/v2\/product_cat?post=1564"},{"taxonomy":"product_tag","embeddable":true,"href":"http:\/\/klubmamgdynia.pl\/index.php\/wp-json\/wp\/v2\/product_tag?post=1564"}],"curies":[{"name":"wp","href":"https:\/\/api.w.org\/{rel}","templated":true}]}}