{"id":160,"date":"2024-04-07T20:23:05","date_gmt":"2024-04-07T18:23:05","guid":{"rendered":"http:\/\/klubmamgdynia.pl\/index.php\/produkt\/pojazd-ambulans-ze-swiatlem-i-dzwiekiem\/"},"modified":"2026-04-06T01:26:35","modified_gmt":"2026-04-05T23:26:35","slug":"pojazd-ambulans-ze-swiatlem-i-dzwiekiem","status":"publish","type":"product","link":"http:\/\/klubmamgdynia.pl\/index.php\/produkt\/pojazd-ambulans-ze-swiatlem-i-dzwiekiem\/","title":{"rendered":"Pojazd Ambulans ze \u015bwiat\u0142em i d\u017awi\u0119kiem"},"content":{"rendered":"<p>Pojazd Ambulans ze \u015bwiat\u0142em i d\u017awi\u0119kiem od firmy Madej. Pojazd przeznaczony dla dzieci od 3 lat. Zasilany na baterie. Wymiary opakowania: 20 x 10,5 x 13,5 cm<\/p>\n<h2>Pojazd Ambulans ze \u015bwiat\u0142em i d\u017awi\u0119kiem Madej<\/h2>\n<p>najpi\u0119kniejsze piosenki \u015bwi\u0105teczne dla dzieci, pieski, wpad\u0142a bomba do piwnicy, prezent dla 17 latki, tajemniczy ogr\u00f3d test z odpowiedziami, jasmin imi\u0119, quiz o wio\u015bnie, zagadki dla dzieci 10 lat, prezent dla rocznego ch\u0142opca, ba\u015bniowe imiona \u017ce\u0144skie, jaki prezent na roczek dla ch\u0142opca<\/p>\n<p>yyyyy<\/p>\n<p>&nbsp;<\/p>\n","protected":false},"excerpt":{"rendered":"<p>Pojazd Ambulans ze \u015bwiat\u0142em i d\u017awi\u0119kiem od firmy Madej. Pojazd przeznaczony dla dzieci od 3 lat. Zasilany na baterie. Wymiary opakowania: 20 x 10,5 x 13,5 cm Pojazd Ambulans ze \u015bwiat\u0142em i d\u017awi\u0119kiem Madej najpi\u0119kniejsze piosenki \u015bwi\u0105teczne dla dzieci, pieski, wpad\u0142a bomba do piwnicy, prezent dla 17 latki, tajemniczy ogr\u00f3d test z odpowiedziami, jasmin imi\u0119, [&hellip;]<\/p>\n","protected":false},"featured_media":161,"comment_status":"closed","ping_status":"open","template":"","meta":[],"product_cat":[83,70],"product_tag":[662,768,734,684,589,651,715],"class_list":["post-160","product","type-product","status-publish","has-post-thumbnail","hentry","product_cat-auta-i-inne-pojazdy-do-zabawy","product_cat-madej","product_tag-bajki-na-dobranoc","product_tag-krotkie-zagadki-logiczne","product_tag-milan-imie","product_tag-prezent-dla-dziewczynki-na-roczek","product_tag-prezent-dla-rocznego-dziecka","product_tag-quizy-online","product_tag-zosia-samosia"],"_links":{"self":[{"href":"http:\/\/klubmamgdynia.pl\/index.php\/wp-json\/wp\/v2\/product\/160","targetHints":{"allow":["GET"]}}],"collection":[{"href":"http:\/\/klubmamgdynia.pl\/index.php\/wp-json\/wp\/v2\/product"}],"about":[{"href":"http:\/\/klubmamgdynia.pl\/index.php\/wp-json\/wp\/v2\/types\/product"}],"replies":[{"embeddable":true,"href":"http:\/\/klubmamgdynia.pl\/index.php\/wp-json\/wp\/v2\/comments?post=160"}],"wp:featuredmedia":[{"embeddable":true,"href":"http:\/\/klubmamgdynia.pl\/index.php\/wp-json\/wp\/v2\/media\/161"}],"wp:attachment":[{"href":"http:\/\/klubmamgdynia.pl\/index.php\/wp-json\/wp\/v2\/media?parent=160"}],"wp:term":[{"taxonomy":"product_cat","embeddable":true,"href":"http:\/\/klubmamgdynia.pl\/index.php\/wp-json\/wp\/v2\/product_cat?post=160"},{"taxonomy":"product_tag","embeddable":true,"href":"http:\/\/klubmamgdynia.pl\/index.php\/wp-json\/wp\/v2\/product_tag?post=160"}],"curies":[{"name":"wp","href":"https:\/\/api.w.org\/{rel}","templated":true}]}}