{"id":1600,"date":"2012-02-28T21:47:43","date_gmt":"2012-02-28T20:47:43","guid":{"rendered":"http:\/\/klubmamgdynia.pl\/index.php\/produkt\/don-bosco-medien-gmbh-bewegte-geschichten-fur-ruhe-und-entspannung-wersja-niemiecka\/"},"modified":"2026-04-29T18:17:16","modified_gmt":"2026-04-29T16:17:16","slug":"don-bosco-medien-gmbh-bewegte-geschichten-fur-ruhe-und-entspannung-wersja-niemiecka","status":"publish","type":"product","link":"http:\/\/klubmamgdynia.pl\/index.php\/produkt\/don-bosco-medien-gmbh-bewegte-geschichten-fur-ruhe-und-entspannung-wersja-niemiecka\/","title":{"rendered":"Don Bosco Medien Gmbh Bewegte Geschichten f\u00fcr Ruhe und Entspannung (wersja niemiecka)"},"content":{"rendered":"<p>Zuh\u00f6ren, bewegen, zur Ruhe kommen: 14 fantasievolle Mitmachgeschichten als Entspannungsangebot f\u00fcr Krippe &amp; Kindergarten. So macht K\u00f6rperwahrnehmung Spa\u00df!<\/p>\n<h2>Don Bosco Medien Gmbh Bewegte Geschichten f\u00fcr Ruhe und Entspannung (wersja niemiecka) <\/h2>\n<p>quiz flagi, szlaczki dla dzieci do druku, zaj\u0119cia wielkanocne dla dzieci, kontynenty do druku, ozdoby wielkanocne z dzie\u0107mi, prezent dla roczniaka, fajne rzeczy dla nastolatk\u00f3w, pia, cytat na dzie\u0144 matki, znajd\u017a r\u00f3\u017cnice, imi\u0119 dla dziewczynki 2019, piosenki dla dzieci o jesieni, sentencja dla dziecka, list do gwiazdora, historia pluszowego misia, pi\u0119kne cytaty o nauczycielach, kolorowanki do druku kotki<\/p>\n<p>yyyyy<\/p>\n<p>&nbsp;<\/p>\n","protected":false},"excerpt":{"rendered":"<p>Zuh\u00f6ren, bewegen, zur Ruhe kommen: 14 fantasievolle Mitmachgeschichten als Entspannungsangebot f\u00fcr Krippe &amp; Kindergarten. So macht K\u00f6rperwahrnehmung Spa\u00df! Don Bosco Medien Gmbh Bewegte Geschichten f\u00fcr Ruhe und Entspannung (wersja niemiecka) quiz flagi, szlaczki dla dzieci do druku, zaj\u0119cia wielkanocne dla dzieci, kontynenty do druku, ozdoby wielkanocne z dzie\u0107mi, prezent dla roczniaka, fajne rzeczy dla nastolatk\u00f3w, [&hellip;]<\/p>\n","protected":false},"featured_media":1601,"comment_status":"closed","ping_status":"open","template":"","meta":[],"product_cat":[130],"product_tag":[784,580,654,752,787,625],"class_list":["post-1600","product","type-product","status-publish","has-post-thumbnail","hentry","product_cat-gry-dzieciece","product_tag-hymn-gorniczy","product_tag-janusz","product_tag-krotkie-bajki-dla-dzieci-do-czytania","product_tag-kuba-imie","product_tag-nauka-pisania-wyrazow-dla-dzieci-do-druku-pdf","product_tag-trojmiasto-atrakcje-dla-dzieci"],"_links":{"self":[{"href":"http:\/\/klubmamgdynia.pl\/index.php\/wp-json\/wp\/v2\/product\/1600","targetHints":{"allow":["GET"]}}],"collection":[{"href":"http:\/\/klubmamgdynia.pl\/index.php\/wp-json\/wp\/v2\/product"}],"about":[{"href":"http:\/\/klubmamgdynia.pl\/index.php\/wp-json\/wp\/v2\/types\/product"}],"replies":[{"embeddable":true,"href":"http:\/\/klubmamgdynia.pl\/index.php\/wp-json\/wp\/v2\/comments?post=1600"}],"wp:featuredmedia":[{"embeddable":true,"href":"http:\/\/klubmamgdynia.pl\/index.php\/wp-json\/wp\/v2\/media\/1601"}],"wp:attachment":[{"href":"http:\/\/klubmamgdynia.pl\/index.php\/wp-json\/wp\/v2\/media?parent=1600"}],"wp:term":[{"taxonomy":"product_cat","embeddable":true,"href":"http:\/\/klubmamgdynia.pl\/index.php\/wp-json\/wp\/v2\/product_cat?post=1600"},{"taxonomy":"product_tag","embeddable":true,"href":"http:\/\/klubmamgdynia.pl\/index.php\/wp-json\/wp\/v2\/product_tag?post=1600"}],"curies":[{"name":"wp","href":"https:\/\/api.w.org\/{rel}","templated":true}]}}