{"id":1604,"date":"2010-10-31T13:55:03","date_gmt":"2010-10-31T12:55:03","guid":{"rendered":"http:\/\/klubmamgdynia.pl\/index.php\/produkt\/steeldigi-obudowa-do-ps5-blu-ray-azure-scalp-czarna\/"},"modified":"2026-04-23T12:43:50","modified_gmt":"2026-04-23T10:43:50","slug":"steeldigi-obudowa-do-ps5-blu-ray-azure-scalp-czarna","status":"publish","type":"product","link":"http:\/\/klubmamgdynia.pl\/index.php\/produkt\/steeldigi-obudowa-do-ps5-blu-ray-azure-scalp-czarna\/","title":{"rendered":"SteelDigi Obudowa do PS5 Blu-Ray AZURE SCALP Czarna"},"content":{"rendered":"<p>Obudowa do PS5 Blu-Ray SteelDigi AZURE SCALP czarna                            <\/p>\n<p>Obudowa AZURE SCALP ameryka\u0144skiej marki SteelDigi jest kompatybilna z konsol\u0105 PlayStation 5 w wersji Blu-Ray. Czarny kolor sprawi, \u017ce Twoja konsola b\u0119dzie prezentowa\u0142a si\u0119 wyj\u0105tkowo. Matowe wyko\u0144czenie doskonale komponuje si\u0119 z b\u0142yszcz\u0105cym panelem g\u0142\u00f3wnym PS5, a wysokiej jako\u015bci tworzywo sztuczne gwarantuje wyj\u0105tkow\u0105 trwa\u0142o\u015b\u0107 akcesorium.                            <\/p>\n<p>\u0141atwy monta\u017cMonta\u017c obudowy jest bardzo intuicyjny i zajmuje zaledwie kilka minut. Dzi\u0119ki temu mo\u017cesz j\u0105 zmienia\u0107 za ka\u017cdym razem, kiedy chcesz odmieni\u0107 co\u015b we wn\u0119trzu. Pod k\u0105tem designu zmieni si\u0119 wiele, ale obudowa nie wp\u0142ynie na dzia\u0142anie konsoli. Zachowasz pe\u0142ny dost\u0119p do wszystkich port\u00f3w, zar\u00f3wno tych znajduj\u0105cych si\u0119 z przodu, jak i tych z ty\u0142u urz\u0105dzenia.\u00a0                            <\/p>\n<p>Swobodny przep\u0142yw powietrzaDu\u017cym atutem AZURE SCALP jest fakt, \u017ce nie zaburza przep\u0142ywu powietrza, wi\u0119c konsola dzia\u0142a identycznie jak w swojej oryginalnej bia\u0142ej obudowie. Kszta\u0142t obudowy od SteelDigi pozwala bez problemu zamontowa\u0107 na niej dodatkowe akcesoria \u2013 wszystkie te, kt\u00f3re s\u0105 kompatybilne z oryginaln\u0105 obudow\u0105.\u00a0<\/p>\n<h2>SteelDigi Obudowa do PS5 Blu-Ray AZURE SCALP Czarna SteelDigi<\/h2>\n<p>ostatni dzwonek tekst, zrobi\u0107 laurk\u0119 laurka dla babci, karty pracy dla dzieci z ukrainy pdf, zagadki dla dzieci 5 lat, cytaty o przyja\u017ani kr\u00f3tkie, anio\u0142ki w niebie pisz\u0105, krzy\u017c\u00f3wki dla dzieci do druku, zagadki nie do rozwi\u0105zania, stare bajki, park ujazdowski, cytaty o mamie, u\u015bmiech dziecka wiersz, kr\u00f3tkie bajki na dobranoc do czytania, znaki drogowe quiz, prezenty na roczek dla ch\u0142opca, kornelia, bruno, imie iwo, p\u0142ywalnie warszawa, najlepsze \u017carty na prima aprilis<\/p>\n<p>yyyyy<\/p>\n<p>&nbsp;<\/p>\n","protected":false},"excerpt":{"rendered":"<p>Obudowa do PS5 Blu-Ray SteelDigi AZURE SCALP czarna Obudowa AZURE SCALP ameryka\u0144skiej marki SteelDigi jest kompatybilna z konsol\u0105 PlayStation 5 w wersji Blu-Ray. Czarny kolor sprawi, \u017ce Twoja konsola b\u0119dzie prezentowa\u0142a si\u0119 wyj\u0105tkowo. Matowe wyko\u0144czenie doskonale komponuje si\u0119 z b\u0142yszcz\u0105cym panelem g\u0142\u00f3wnym PS5, a wysokiej jako\u015bci tworzywo sztuczne gwarantuje wyj\u0105tkow\u0105 trwa\u0142o\u015b\u0107 akcesorium. \u0141atwy monta\u017cMonta\u017c obudowy [&hellip;]<\/p>\n","protected":false},"featured_media":1605,"comment_status":"closed","ping_status":"open","template":"","meta":[],"product_cat":[438,437],"product_tag":[832,654,733],"class_list":["post-1604","product","type-product","status-publish","has-post-thumbnail","hentry","product_cat-panele-pokrowce-i-etui-na-konsole","product_cat-steeldigi","product_tag-desery-dla-dzieci","product_tag-krotkie-bajki-dla-dzieci-do-czytania","product_tag-zarty-na-prima-aprilis"],"_links":{"self":[{"href":"http:\/\/klubmamgdynia.pl\/index.php\/wp-json\/wp\/v2\/product\/1604","targetHints":{"allow":["GET"]}}],"collection":[{"href":"http:\/\/klubmamgdynia.pl\/index.php\/wp-json\/wp\/v2\/product"}],"about":[{"href":"http:\/\/klubmamgdynia.pl\/index.php\/wp-json\/wp\/v2\/types\/product"}],"replies":[{"embeddable":true,"href":"http:\/\/klubmamgdynia.pl\/index.php\/wp-json\/wp\/v2\/comments?post=1604"}],"wp:featuredmedia":[{"embeddable":true,"href":"http:\/\/klubmamgdynia.pl\/index.php\/wp-json\/wp\/v2\/media\/1605"}],"wp:attachment":[{"href":"http:\/\/klubmamgdynia.pl\/index.php\/wp-json\/wp\/v2\/media?parent=1604"}],"wp:term":[{"taxonomy":"product_cat","embeddable":true,"href":"http:\/\/klubmamgdynia.pl\/index.php\/wp-json\/wp\/v2\/product_cat?post=1604"},{"taxonomy":"product_tag","embeddable":true,"href":"http:\/\/klubmamgdynia.pl\/index.php\/wp-json\/wp\/v2\/product_tag?post=1604"}],"curies":[{"name":"wp","href":"https:\/\/api.w.org\/{rel}","templated":true}]}}