{"id":1610,"date":"2011-10-05T10:24:22","date_gmt":"2011-10-05T08:24:22","guid":{"rendered":"http:\/\/klubmamgdynia.pl\/index.php\/produkt\/kontext-glina-ultralekka-masa-plastyczna-foremki-basen\/"},"modified":"2026-04-28T11:45:38","modified_gmt":"2026-04-28T09:45:38","slug":"kontext-glina-ultralekka-masa-plastyczna-foremki-basen","status":"publish","type":"product","link":"http:\/\/klubmamgdynia.pl\/index.php\/produkt\/kontext-glina-ultralekka-masa-plastyczna-foremki-basen\/","title":{"rendered":"Kontext Glina Ultralekka Masa Plastyczna Foremki Basen"},"content":{"rendered":"<p>Masa plastyczna piankolina piasek zestaw fast food<\/p>\n<h2>Kontext Glina Ultralekka Masa Plastyczna Foremki Basen Kontext<\/h2>\n<p>kolorowanki minionki, nauka pisania literek do wydruku pdf, julian znaczenie, piosenki dla dzieci tekst, opis rodzina, \u017c\u0105rty na prima aprilis, star wars kolorowanka, urodziny dziecka pomys\u0142y, kolorowanki lol surprise, zagadki logiczne, sentencje o przyja\u017ani<\/p>\n<p>yyyyy<\/p>\n<p>&nbsp;<\/p>\n","protected":false},"excerpt":{"rendered":"<p>Masa plastyczna piankolina piasek zestaw fast food Kontext Glina Ultralekka Masa Plastyczna Foremki Basen Kontext kolorowanki minionki, nauka pisania literek do wydruku pdf, julian znaczenie, piosenki dla dzieci tekst, opis rodzina, \u017c\u0105rty na prima aprilis, star wars kolorowanka, urodziny dziecka pomys\u0142y, kolorowanki lol surprise, zagadki logiczne, sentencje o przyja\u017ani yyyyy &nbsp;<\/p>\n","protected":false},"featured_media":1611,"comment_status":"closed","ping_status":"open","template":"","meta":[],"product_cat":[20,295],"product_tag":[638,815,579],"class_list":["post-1610","product","type-product","status-publish","has-post-thumbnail","hentry","product_cat-kontext","product_cat-pozostale-zabawki","product_tag-miastodzieci","product_tag-ozdoby-choinkowe-dla-dzieci","product_tag-quiz-opowiesci-z-narnii-lew-czarownica-i-stara-szafa"],"_links":{"self":[{"href":"http:\/\/klubmamgdynia.pl\/index.php\/wp-json\/wp\/v2\/product\/1610","targetHints":{"allow":["GET"]}}],"collection":[{"href":"http:\/\/klubmamgdynia.pl\/index.php\/wp-json\/wp\/v2\/product"}],"about":[{"href":"http:\/\/klubmamgdynia.pl\/index.php\/wp-json\/wp\/v2\/types\/product"}],"replies":[{"embeddable":true,"href":"http:\/\/klubmamgdynia.pl\/index.php\/wp-json\/wp\/v2\/comments?post=1610"}],"wp:featuredmedia":[{"embeddable":true,"href":"http:\/\/klubmamgdynia.pl\/index.php\/wp-json\/wp\/v2\/media\/1611"}],"wp:attachment":[{"href":"http:\/\/klubmamgdynia.pl\/index.php\/wp-json\/wp\/v2\/media?parent=1610"}],"wp:term":[{"taxonomy":"product_cat","embeddable":true,"href":"http:\/\/klubmamgdynia.pl\/index.php\/wp-json\/wp\/v2\/product_cat?post=1610"},{"taxonomy":"product_tag","embeddable":true,"href":"http:\/\/klubmamgdynia.pl\/index.php\/wp-json\/wp\/v2\/product_tag?post=1610"}],"curies":[{"name":"wp","href":"https:\/\/api.w.org\/{rel}","templated":true}]}}