{"id":1614,"date":"2010-11-16T16:57:49","date_gmt":"2010-11-16T15:57:49","guid":{"rendered":"http:\/\/klubmamgdynia.pl\/index.php\/produkt\/a-way-out-gra-ps4\/"},"modified":"2026-04-30T13:35:12","modified_gmt":"2026-04-30T11:35:12","slug":"a-way-out-gra-ps4","status":"publish","type":"product","link":"http:\/\/klubmamgdynia.pl\/index.php\/produkt\/a-way-out-gra-ps4\/","title":{"rendered":"A Way Out (Gra PS4)"},"content":{"rendered":"<p>Wprowadzenie<\/p>\n<p>A Way Out to gra kooperacyjna (na kanapie lub przez sie\u0107), w kt\u00f3rej gracz wciela si\u0119 w rol\u0119 jednego z dw\u00f3jki wi\u0119\u017ani\u00f3w planuj\u0105cych \u015bmia\u0142\u0105 ucieczk\u0119 z zak\u0142adu o podwy\u017cszonym rygorze.\u00a0Ekscytuj\u0105ca operacja szybko zamienia si\u0119 w emocjonuj\u0105c\u0105 przygod\u0119, jakiej \u015bwiat gier jeszcze nie widzia\u0142.\u00a0A Way Out to gra dla dw\u00f3ch graczy. Ka\u017cdy z nich steruje jednym z g\u0142\u00f3wnych bohater\u00f3w. Musz\u0105 oni ze sob\u0105 wsp\u00f3\u0142pracowa\u0107, by uciec z wi\u0119zienia i pozna\u0107 swe dalsze losy.\u00a0Gra porusza temat zaufania i zdrady \u2013 gracze b\u0119d\u0105 musieli zmierzy\u0107 si\u0119 z konsekwencjami podj\u0119tych przez siebie decyzji.                            <\/p>\n<p>            Kooperacja<\/p>\n<p>A Way Out to perfekcyjnie dopracowana gra kooperacyjna, kt\u00f3ra zabierze gracza w przekraczaj\u0105c\u0105 granice gatunk\u00f3w narracyjn\u0105podr\u00f3\u017c poprzez zr\u00f3\u017cnicowan\u0105 rozgrywk\u0119.\u00a0To w ca\u0142o\u015bci gra kooperacyjna, w kt\u00f3r\u0105 najlepiej gra\u0107 ze znajomym.\u00a0Ca\u0142a rozgrywka zaprojektowana jest z my\u015bl\u0105 o kooperacji \u2013 gracze potrzebuj\u0105 siebie nawzajem, by posuwa\u0107 si\u0119 naprz\u00f3d. To odr\u00f3\u017cnia j\u0105 od typowych gier typu drop in\/drop out, w kt\u00f3rych mo\u017cna w dowolnej chwili do\u0142\u0105czy\u0107 do rozgrywki lub j\u0105 opu\u015bci\u0107.                            <\/p>\n<p>            Filmowe doznania<\/p>\n<p>W A Way Out ka\u017cdy znajdzie co\u015b dla siebie \u2013 chwile intensywnej lub relaksuj\u0105cej rozgrywki, akcj\u0119, przygod\u0119, eksploracj\u0119, zagadki, po\u015bcigi i skradanie si\u0119.\u00a0Filmowe tempo sprawia, \u017ce \u017cadna cz\u0119\u015b\u0107 rozgrywki si\u0119 nie d\u0142u\u017cy, pozwala tak\u017ce na unikni\u0119cie powtarzalno\u015bci, typowej dla bardziej tradycyjnych gier.                            <\/p>\n<p>            Emocjonuj\u0105ca opowie\u015b\u0107<\/p>\n<p>Trzymaj\u0105ca w napi\u0119ciu narracja zapewnia \u015bwie\u017ce, wyj\u0105tkowe i emocjonuj\u0105ce doznania.\u00a0Poznaj \u017cycie prywatne i motywacje bohater\u00f3w poprzez ich interakcje z innymi lud\u017ami.\u00a0Mocne filmowe sceny spajaj\u0105 fabu\u0142\u0119 i prowadz\u0105 bohater\u00f3w przez kolejne etapy ich podr\u00f3\u017cy.<\/p>\n<h2>A Way Out (Gra PS4) ELECTRONIC ARTS<\/h2>\n<p>zagadki wielkanocne do druku, cytat o mamie, psikusy na prima aprilis, prezenty urodzinowe dla nastolatk\u00f3w, wzory zaprosze\u0144 zaproszenie na urodziny szablon do druku, prezent dla 1 latka, karnawa\u0142 maska karnawa\u0142owa szablon, quizy geograficzne, kolorowanki psi patrol, zagadki dla dzieci 7-8 lat online, zagadki \u015bmieszne dla dzieci, kolorowanka kotek, postacie z bajek, bajki na dobranoc do czytania, imi\u0119 miriam, wyci\u0119cia szablon korony do druku, henryk, jedzie poci\u0105g z daleka tekst, list do sw mikolaja, piesek do kolorowania, milena<\/p>\n<p>yyyyy<\/p>\n<p>&nbsp;<\/p>\n","protected":false},"excerpt":{"rendered":"<p>Wprowadzenie A Way Out to gra kooperacyjna (na kanapie lub przez sie\u0107), w kt\u00f3rej gracz wciela si\u0119 w rol\u0119 jednego z dw\u00f3jki wi\u0119\u017ani\u00f3w planuj\u0105cych \u015bmia\u0142\u0105 ucieczk\u0119 z zak\u0142adu o podwy\u017cszonym rygorze.\u00a0Ekscytuj\u0105ca operacja szybko zamienia si\u0119 w emocjonuj\u0105c\u0105 przygod\u0119, jakiej \u015bwiat gier jeszcze nie widzia\u0142.\u00a0A Way Out to gra dla dw\u00f3ch graczy. Ka\u017cdy z nich steruje [&hellip;]<\/p>\n","protected":false},"featured_media":1615,"comment_status":"closed","ping_status":"open","template":"","meta":[],"product_cat":[399,203],"product_tag":[828,774,621],"class_list":["post-1614","product","type-product","status-publish","has-post-thumbnail","hentry","product_cat-electronic-arts","product_cat-gry-playstation-4","product_tag-filmy-wigilijne-dla-dzieci","product_tag-prezent-na-roczek-nie-zabawka","product_tag-prezenty-roczek"],"_links":{"self":[{"href":"http:\/\/klubmamgdynia.pl\/index.php\/wp-json\/wp\/v2\/product\/1614","targetHints":{"allow":["GET"]}}],"collection":[{"href":"http:\/\/klubmamgdynia.pl\/index.php\/wp-json\/wp\/v2\/product"}],"about":[{"href":"http:\/\/klubmamgdynia.pl\/index.php\/wp-json\/wp\/v2\/types\/product"}],"replies":[{"embeddable":true,"href":"http:\/\/klubmamgdynia.pl\/index.php\/wp-json\/wp\/v2\/comments?post=1614"}],"wp:featuredmedia":[{"embeddable":true,"href":"http:\/\/klubmamgdynia.pl\/index.php\/wp-json\/wp\/v2\/media\/1615"}],"wp:attachment":[{"href":"http:\/\/klubmamgdynia.pl\/index.php\/wp-json\/wp\/v2\/media?parent=1614"}],"wp:term":[{"taxonomy":"product_cat","embeddable":true,"href":"http:\/\/klubmamgdynia.pl\/index.php\/wp-json\/wp\/v2\/product_cat?post=1614"},{"taxonomy":"product_tag","embeddable":true,"href":"http:\/\/klubmamgdynia.pl\/index.php\/wp-json\/wp\/v2\/product_tag?post=1614"}],"curies":[{"name":"wp","href":"https:\/\/api.w.org\/{rel}","templated":true}]}}