{"id":1628,"date":"2011-02-07T01:22:35","date_gmt":"2011-02-07T00:22:35","guid":{"rendered":"http:\/\/klubmamgdynia.pl\/index.php\/produkt\/dungeons-3-once-upon-a-time-digital\/"},"modified":"2026-04-08T18:53:08","modified_gmt":"2026-04-08T16:53:08","slug":"dungeons-3-once-upon-a-time-digital","status":"publish","type":"product","link":"http:\/\/klubmamgdynia.pl\/index.php\/produkt\/dungeons-3-once-upon-a-time-digital\/","title":{"rendered":"Dungeons 3 Once Upon a Time (Digital)"},"content":{"rendered":"<p>The Absolute Evil travels to Fairyland, home to the Good Fairy. This disgustingly good creature provides heroes with invigorating potions and is generally the detestable source of good deeds. With the help of some ensorcelled heroes and more than a few exploding sheep, the Absolute Evil brings this story to a nasty end! A new, fully voiced campaign across 3 challenging maps 3 new Evil hubs New Boss enemy: The Good Fairy New Wall Tile Set for the Dungeon<\/p>\n<h2>Dungeons 3 Once Upon a Time (Digital) Kalypso Media<\/h2>\n<p>zagadki rymowanki dla dzieci, dymitr, opowie\u015bci z narni test, quizy za darmo, darmowe kolorowanki kolorowanki dla dziewczynek, imi\u0119 kostek, milena imie, paloma, wierszyki o marzannie, czapka g\u00f3rnika szablon chomikuj, piosenka dla taty przedszkole, zabawka na roczek dla dziewczynki, tupu tup po \u015bniegu tekst, ry\u017c z owocami, zagadki o psach, test z lektury pies kt\u00f3ry je\u017adzi\u0142 kolej\u0105, emanuel, afryka\u0144skie imiona<\/p>\n<p>yyyyy<\/p>\n<p>&nbsp;<\/p>\n","protected":false},"excerpt":{"rendered":"<p>The Absolute Evil travels to Fairyland, home to the Good Fairy. This disgustingly good creature provides heroes with invigorating potions and is generally the detestable source of good deeds. With the help of some ensorcelled heroes and more than a few exploding sheep, the Absolute Evil brings this story to a nasty end! A new, [&hellip;]<\/p>\n","protected":false},"featured_media":1629,"comment_status":"closed","ping_status":"open","template":"","meta":[],"product_cat":[352,444],"product_tag":[666,658,863,595],"class_list":["post-1628","product","type-product","status-publish","has-post-thumbnail","hentry","product_cat-gry-do-pobrania-na-pc","product_cat-kalypso-media","product_tag-afrykanskie-imiona","product_tag-alan-znaczenie-imienia","product_tag-bajki-dla-dziewczynek","product_tag-zagadki-dla-6-latka"],"_links":{"self":[{"href":"http:\/\/klubmamgdynia.pl\/index.php\/wp-json\/wp\/v2\/product\/1628","targetHints":{"allow":["GET"]}}],"collection":[{"href":"http:\/\/klubmamgdynia.pl\/index.php\/wp-json\/wp\/v2\/product"}],"about":[{"href":"http:\/\/klubmamgdynia.pl\/index.php\/wp-json\/wp\/v2\/types\/product"}],"replies":[{"embeddable":true,"href":"http:\/\/klubmamgdynia.pl\/index.php\/wp-json\/wp\/v2\/comments?post=1628"}],"wp:featuredmedia":[{"embeddable":true,"href":"http:\/\/klubmamgdynia.pl\/index.php\/wp-json\/wp\/v2\/media\/1629"}],"wp:attachment":[{"href":"http:\/\/klubmamgdynia.pl\/index.php\/wp-json\/wp\/v2\/media?parent=1628"}],"wp:term":[{"taxonomy":"product_cat","embeddable":true,"href":"http:\/\/klubmamgdynia.pl\/index.php\/wp-json\/wp\/v2\/product_cat?post=1628"},{"taxonomy":"product_tag","embeddable":true,"href":"http:\/\/klubmamgdynia.pl\/index.php\/wp-json\/wp\/v2\/product_tag?post=1628"}],"curies":[{"name":"wp","href":"https:\/\/api.w.org\/{rel}","templated":true}]}}