{"id":1630,"date":"2011-12-27T16:02:50","date_gmt":"2011-12-27T15:02:50","guid":{"rendered":"http:\/\/klubmamgdynia.pl\/index.php\/produkt\/q-smart-cobra-qsp050\/"},"modified":"2026-04-30T21:49:56","modified_gmt":"2026-04-30T19:49:56","slug":"q-smart-cobra-qsp050","status":"publish","type":"product","link":"http:\/\/klubmamgdynia.pl\/index.php\/produkt\/q-smart-cobra-qsp050\/","title":{"rendered":"Q-SMART Cobra QSP050"},"content":{"rendered":"<p>Kontroler jest kompatybilny z XBOX ONE, PS3, Android TV , PC. Wyposa\u017cony jest w \u0142\u0105czno\u015b\u0107 bezprzewodow\u0105: 2.4 GHz. Posiada przycisk \u201eTURBO\u201d, 4 wska\u017aniki LED, dwa silniki wibracyjne.<\/p>\n<h2>Q-SMART Cobra QSP050 Q-Smart<\/h2>\n<p>halloween 2021 dla dzieci, kolorowanki zwierz\u0119ta, \u0142atwe laurki, mi\u0142osz imie, farma dyni poznan, adriana imie, kolorowanki kotki, dawne ko\u0142ysanki teksty, warszawa z dzieckiem, nauka zegara, fajne zagadki, zagadki podchwytliwe z odpowiedziami, cytaty o rodzinie i dzieciach, miriam imie, mira imi\u0119, \u015bwinka peppa do druku, zagadki dla dzieci 7-8 lat online, podchwytliwe zagadki, zagadki halloween dla dzieci, bajka na dobranoc do czytania, zosia samosia wiersz<\/p>\n<p>yyyyy<\/p>\n<p>&nbsp;<\/p>\n","protected":false},"excerpt":{"rendered":"<p>Kontroler jest kompatybilny z XBOX ONE, PS3, Android TV , PC. Wyposa\u017cony jest w \u0142\u0105czno\u015b\u0107 bezprzewodow\u0105: 2.4 GHz. Posiada przycisk \u201eTURBO\u201d, 4 wska\u017aniki LED, dwa silniki wibracyjne. Q-SMART Cobra QSP050 Q-Smart halloween 2021 dla dzieci, kolorowanki zwierz\u0119ta, \u0142atwe laurki, mi\u0142osz imie, farma dyni poznan, adriana imie, kolorowanki kotki, dawne ko\u0142ysanki teksty, warszawa z dzieckiem, nauka [&hellip;]<\/p>\n","protected":false},"featured_media":1631,"comment_status":"closed","ping_status":"open","template":"","meta":[],"product_cat":[419,445],"product_tag":[792,778,760],"class_list":["post-1630","product","type-product","status-publish","has-post-thumbnail","hentry","product_cat-gamepady","product_cat-q-smart","product_tag-cytaty-o-mamie","product_tag-zabawki-na-roczek-dla-chlopca","product_tag-zagadka-matematyczna"],"_links":{"self":[{"href":"http:\/\/klubmamgdynia.pl\/index.php\/wp-json\/wp\/v2\/product\/1630","targetHints":{"allow":["GET"]}}],"collection":[{"href":"http:\/\/klubmamgdynia.pl\/index.php\/wp-json\/wp\/v2\/product"}],"about":[{"href":"http:\/\/klubmamgdynia.pl\/index.php\/wp-json\/wp\/v2\/types\/product"}],"replies":[{"embeddable":true,"href":"http:\/\/klubmamgdynia.pl\/index.php\/wp-json\/wp\/v2\/comments?post=1630"}],"wp:featuredmedia":[{"embeddable":true,"href":"http:\/\/klubmamgdynia.pl\/index.php\/wp-json\/wp\/v2\/media\/1631"}],"wp:attachment":[{"href":"http:\/\/klubmamgdynia.pl\/index.php\/wp-json\/wp\/v2\/media?parent=1630"}],"wp:term":[{"taxonomy":"product_cat","embeddable":true,"href":"http:\/\/klubmamgdynia.pl\/index.php\/wp-json\/wp\/v2\/product_cat?post=1630"},{"taxonomy":"product_tag","embeddable":true,"href":"http:\/\/klubmamgdynia.pl\/index.php\/wp-json\/wp\/v2\/product_tag?post=1630"}],"curies":[{"name":"wp","href":"https:\/\/api.w.org\/{rel}","templated":true}]}}