{"id":1640,"date":"2015-12-20T12:09:32","date_gmt":"2015-12-20T11:09:32","guid":{"rendered":"http:\/\/klubmamgdynia.pl\/index.php\/produkt\/rebel-tasma-antyposlizgowa-5-m\/"},"modified":"2026-04-26T11:39:49","modified_gmt":"2026-04-26T09:39:49","slug":"rebel-tasma-antyposlizgowa-5-m","status":"publish","type":"product","link":"http:\/\/klubmamgdynia.pl\/index.php\/produkt\/rebel-tasma-antyposlizgowa-5-m\/","title":{"rendered":"Rebel Ta\u015bma Antypo\u015blizgowa 5 M"},"content":{"rendered":"<p>Odporno\u015b\u0107 na dzia\u0142anie temperatur: -20 ~ +80\u00b0CMateria\u0142 wykonania: PVCPrzyczepno\u015b\u0107 do materia\u0142\u00f3w: PVC, plastik, aluminium, stal itp. Przyczepno\u015b\u0107 do stali: 2,5 N\/cmGrubo\u015b\u0107: 0,75 mmSzeroko\u015b\u0107: 50 mmD\u0142ugo\u015b\u0107: 5 mWaga: 200 gKolor: czarny&#8230;<\/p>\n<h2>Rebel Ta\u015bma Antypo\u015blizgowa 5 M Rebel<\/h2>\n<p>kornelia, piesek kolorowanka, elzbieta imie, quizy dla dzieci 7 lat, znane misie z bajek<\/p>\n<p>yyyyy<\/p>\n<p>&nbsp;<\/p>\n","protected":false},"excerpt":{"rendered":"<p>Odporno\u015b\u0107 na dzia\u0142anie temperatur: -20 ~ +80\u00b0CMateria\u0142 wykonania: PVCPrzyczepno\u015b\u0107 do materia\u0142\u00f3w: PVC, plastik, aluminium, stal itp. Przyczepno\u015b\u0107 do stali: 2,5 N\/cmGrubo\u015b\u0107: 0,75 mmSzeroko\u015b\u0107: 50 mmD\u0142ugo\u015b\u0107: 5 mWaga: 200 gKolor: czarny&#8230; Rebel Ta\u015bma Antypo\u015blizgowa 5 M Rebel kornelia, piesek kolorowanka, elzbieta imie, quizy dla dzieci 7 lat, znane misie z bajek yyyyy &nbsp;<\/p>\n","protected":false},"featured_media":1641,"comment_status":"closed","ping_status":"open","template":"","meta":[],"product_cat":[448,219],"product_tag":[688,588,788],"class_list":["post-1640","product","type-product","status-publish","has-post-thumbnail","hentry","product_cat-instrukcje-i-znaki-bhp","product_cat-rebel","product_tag-kolysanki-tekst","product_tag-wzruszajace-slowa-dla-przyjaciela","product_tag-zagadki-krotkie"],"_links":{"self":[{"href":"http:\/\/klubmamgdynia.pl\/index.php\/wp-json\/wp\/v2\/product\/1640","targetHints":{"allow":["GET"]}}],"collection":[{"href":"http:\/\/klubmamgdynia.pl\/index.php\/wp-json\/wp\/v2\/product"}],"about":[{"href":"http:\/\/klubmamgdynia.pl\/index.php\/wp-json\/wp\/v2\/types\/product"}],"replies":[{"embeddable":true,"href":"http:\/\/klubmamgdynia.pl\/index.php\/wp-json\/wp\/v2\/comments?post=1640"}],"wp:featuredmedia":[{"embeddable":true,"href":"http:\/\/klubmamgdynia.pl\/index.php\/wp-json\/wp\/v2\/media\/1641"}],"wp:attachment":[{"href":"http:\/\/klubmamgdynia.pl\/index.php\/wp-json\/wp\/v2\/media?parent=1640"}],"wp:term":[{"taxonomy":"product_cat","embeddable":true,"href":"http:\/\/klubmamgdynia.pl\/index.php\/wp-json\/wp\/v2\/product_cat?post=1640"},{"taxonomy":"product_tag","embeddable":true,"href":"http:\/\/klubmamgdynia.pl\/index.php\/wp-json\/wp\/v2\/product_tag?post=1640"}],"curies":[{"name":"wp","href":"https:\/\/api.w.org\/{rel}","templated":true}]}}