{"id":1652,"date":"2015-07-15T17:08:44","date_gmt":"2015-07-15T15:08:44","guid":{"rendered":"http:\/\/klubmamgdynia.pl\/index.php\/produkt\/2pak-high-school-musical-3-senior-dance-gra-pc\/"},"modified":"2026-04-03T19:12:53","modified_gmt":"2026-04-03T17:12:53","slug":"2pak-high-school-musical-3-senior-dance-gra-pc","status":"publish","type":"product","link":"http:\/\/klubmamgdynia.pl\/index.php\/produkt\/2pak-high-school-musical-3-senior-dance-gra-pc\/","title":{"rendered":"2Pak High School Musical 3 Senior Dance (Gra PC)"},"content":{"rendered":"<p>W sk\u0142ad zestawu wchodz\u0105:High School Musical 3: Senior Year DANCE!Hannah Montana THe MovieHigh School Musical 3: Senior Year Dance! &#8211; Pe\u0142na energii gra muzyczno-taneczna dla m\u0142odych fan\u00f3w HSM, zar\u00f3wno dziewczynek jak i ch\u0142opc\u00f3w. Po raz pierwszy na PC! Daje mo\u017cliwo\u015b\u0107 wcielenia si\u0119 w ulubionych bohater\u00f3w lub stworzenia w\u0142asnej postaci &#8222;;Dzikiego Kota&#8221;;. Dzi\u0119ki niej ka\u017cdy b\u0119dzie m\u00f3g\u0142 chocia\u017c na chwil\u0119 sta\u0107 si\u0119 postaci\u0105 z filmu i zata\u0144czy\u0107 w rytm ulubionych piosenek w sceneriach dobrze znanych z HSMowych produkcji. I nauczy\u0107 si\u0119 krok\u00f3w i uk\u0142ad\u00f3w tanecznych rodem z East High!Hannah Montana The Movie &#8211; Gra komputerowa stworzona z my\u015bl\u0105 o wielbicielach popularnego w\u015br\u00f3d m\u0142odych widz\u00f3w serialu \u201e;Hannah Montana\u201d; od dzisiaj ma swoj\u0105 premier\u0119 w Polsce! D\u0142ugo oczekiwana gra na PC po\u015bwi\u0119cona ameryka\u0144skiej gwie\u017adzie to odpowied\u017a na rosn\u0105c\u0105 popularno\u015b\u0107 tego brandu. Przygodowo-muzyczna gra komputerowa &#8222;;Hannah Montana Film&#8221;; zosta\u0142a stworzona na podstawie najnowszej kinowej produkcji Disneya o tym samym tytule. Gra na PC jest dost\u0119pna w pe\u0142nej polskiej wersji j\u0119zykowej, natomiast wszystkie piosenki zosta\u0142y zachowane w oryginalnej \u2013; angielskiej wersji.Fabu\u0142a gry, podobnie jak w serialu i filmie, to po\u0142\u0105czenie dw\u00f3ch \u015bwiat\u00f3w, w kt\u00f3rych \u017cyje ameryka\u0144ska nastolatka. Miley Stewart to zwyczajna dziewczyna, kt\u00f3ra wieczorami przeistacza si\u0119 w szalej\u0105c\u0105 na scenie gwiazd\u0119 pop. Dziewczyna prowadzi podw\u00f3jne \u017cycie, o czym nie wie prawie nikt z jej otoczenia. Gra sk\u0142ada si\u0119 z dw\u00f3ch g\u0142\u00f3wnych, przeplataj\u0105cych si\u0119 element\u00f3w: zada\u0144 muzyczno-rytmicznych do wykonania na scenie jako Hannah Montana oraz cz\u0119\u015bci logiczno-przygodowej \u017cycia codziennego jako Miley Stewart. Dodatkowo gra uzupe\u0142niona jest sprawno\u015bciowymi minigrami oraz tzw. tour busem, w kt\u00f3rym dobieramy bohaterce str\u00f3j i dodatki.<\/p>\n<h2>2Pak High School Musical 3 Senior Dance (Gra PC) CD Projekt<\/h2>\n<p>bombki do kolorowania, minionki kolorowanka, zagadki na inteligencj\u0119, ko\u0142ysanki teksty, rysowanie po \u015bladzie pdf, zagadki kr\u00f3tkie, \u015bmieszne \u0142ama\u0144ce j\u0119zykowe, tulipany kolorowanki, ninjago kolorowanka, zagadki dla dzieci logiczne, rzadkie imiona, prima aprilis w szkole, pomys\u0142 na prezent na roczek, ninjago kolorowanka, 45 pa\u0144stw europy i ich stolice quiz<\/p>\n<p>yyyyy<\/p>\n<p>&nbsp;<\/p>\n","protected":false},"excerpt":{"rendered":"<p>W sk\u0142ad zestawu wchodz\u0105:High School Musical 3: Senior Year DANCE!Hannah Montana THe MovieHigh School Musical 3: Senior Year Dance! &#8211; Pe\u0142na energii gra muzyczno-taneczna dla m\u0142odych fan\u00f3w HSM, zar\u00f3wno dziewczynek jak i ch\u0142opc\u00f3w. Po raz pierwszy na PC! Daje mo\u017cliwo\u015b\u0107 wcielenia si\u0119 w ulubionych bohater\u00f3w lub stworzenia w\u0142asnej postaci &#8222;;Dzikiego Kota&#8221;;. Dzi\u0119ki niej ka\u017cdy b\u0119dzie [&hellip;]<\/p>\n","protected":false},"featured_media":1653,"comment_status":"closed","ping_status":"open","template":"","meta":[],"product_cat":[202,222],"product_tag":[781,707,760,793],"class_list":["post-1652","product","type-product","status-publish","has-post-thumbnail","hentry","product_cat-cd-projekt","product_cat-gry-pc","product_tag-cytaty-o-wychowaniu-dzieci","product_tag-karty-pracy-dla-dzieci-z-ukrainy","product_tag-zagadka-matematyczna","product_tag-zagadki-smieszne-podchwytliwe"],"_links":{"self":[{"href":"http:\/\/klubmamgdynia.pl\/index.php\/wp-json\/wp\/v2\/product\/1652","targetHints":{"allow":["GET"]}}],"collection":[{"href":"http:\/\/klubmamgdynia.pl\/index.php\/wp-json\/wp\/v2\/product"}],"about":[{"href":"http:\/\/klubmamgdynia.pl\/index.php\/wp-json\/wp\/v2\/types\/product"}],"replies":[{"embeddable":true,"href":"http:\/\/klubmamgdynia.pl\/index.php\/wp-json\/wp\/v2\/comments?post=1652"}],"wp:featuredmedia":[{"embeddable":true,"href":"http:\/\/klubmamgdynia.pl\/index.php\/wp-json\/wp\/v2\/media\/1653"}],"wp:attachment":[{"href":"http:\/\/klubmamgdynia.pl\/index.php\/wp-json\/wp\/v2\/media?parent=1652"}],"wp:term":[{"taxonomy":"product_cat","embeddable":true,"href":"http:\/\/klubmamgdynia.pl\/index.php\/wp-json\/wp\/v2\/product_cat?post=1652"},{"taxonomy":"product_tag","embeddable":true,"href":"http:\/\/klubmamgdynia.pl\/index.php\/wp-json\/wp\/v2\/product_tag?post=1652"}],"curies":[{"name":"wp","href":"https:\/\/api.w.org\/{rel}","templated":true}]}}