{"id":1664,"date":"2018-11-26T02:29:59","date_gmt":"2018-11-26T01:29:59","guid":{"rendered":"http:\/\/klubmamgdynia.pl\/index.php\/produkt\/ravensburger-puzzle-minecraft-13333-100el\/"},"modified":"2026-05-02T15:32:20","modified_gmt":"2026-05-02T13:32:20","slug":"ravensburger-puzzle-minecraft-13333-100el","status":"publish","type":"product","link":"http:\/\/klubmamgdynia.pl\/index.php\/produkt\/ravensburger-puzzle-minecraft-13333-100el\/","title":{"rendered":"Ravensburger Puzzle Minecraft 13333 100El."},"content":{"rendered":"<p>Ucieknij od rzeczywisto\u015bci i wejd\u017a do \u015bwiata \u0142amig\u0142\u00f3wek Ravensburger. Podczas zagadek dzieci odkrywaj\u0105 swoje wspania\u0142e umiej\u0119tno\u015bci.<\/p>\n<h2>Ravensburger Puzzle Minecraft 13333 100El. Ravensburger<\/h2>\n<p>malowanki do wydruku, bajki na dobranoc psi patrol, quizy i zagadki wielkanocne, cytaty dla dzieci, prezent dla 14 latki, zagadki o zwierz\u0119tach, kolorowanka potwory, szablony postacie do szopki do druku, laurka dla babci<\/p>\n<p>yyyyy<\/p>\n<p>&nbsp;<\/p>\n","protected":false},"excerpt":{"rendered":"<p>Ucieknij od rzeczywisto\u015bci i wejd\u017a do \u015bwiata \u0142amig\u0142\u00f3wek Ravensburger. Podczas zagadek dzieci odkrywaj\u0105 swoje wspania\u0142e umiej\u0119tno\u015bci. Ravensburger Puzzle Minecraft 13333 100El. Ravensburger malowanki do wydruku, bajki na dobranoc psi patrol, quizy i zagadki wielkanocne, cytaty dla dzieci, prezent dla 14 latki, zagadki o zwierz\u0119tach, kolorowanka potwory, szablony postacie do szopki do druku, laurka dla babci [&hellip;]<\/p>\n","protected":false},"featured_media":1665,"comment_status":"closed","ping_status":"open","template":"","meta":[],"product_cat":[90,207],"product_tag":[845,749,842,762],"class_list":["post-1664","product","type-product","status-publish","has-post-thumbnail","hentry","product_cat-puzzle","product_cat-ravensburger","product_tag-ach-spij-kochanie-tekst","product_tag-najlepsze-zarty-na-prima-aprilis","product_tag-plac-zabaw-poznan","product_tag-trudne-zagadki-dla-dzieci"],"_links":{"self":[{"href":"http:\/\/klubmamgdynia.pl\/index.php\/wp-json\/wp\/v2\/product\/1664","targetHints":{"allow":["GET"]}}],"collection":[{"href":"http:\/\/klubmamgdynia.pl\/index.php\/wp-json\/wp\/v2\/product"}],"about":[{"href":"http:\/\/klubmamgdynia.pl\/index.php\/wp-json\/wp\/v2\/types\/product"}],"replies":[{"embeddable":true,"href":"http:\/\/klubmamgdynia.pl\/index.php\/wp-json\/wp\/v2\/comments?post=1664"}],"wp:featuredmedia":[{"embeddable":true,"href":"http:\/\/klubmamgdynia.pl\/index.php\/wp-json\/wp\/v2\/media\/1665"}],"wp:attachment":[{"href":"http:\/\/klubmamgdynia.pl\/index.php\/wp-json\/wp\/v2\/media?parent=1664"}],"wp:term":[{"taxonomy":"product_cat","embeddable":true,"href":"http:\/\/klubmamgdynia.pl\/index.php\/wp-json\/wp\/v2\/product_cat?post=1664"},{"taxonomy":"product_tag","embeddable":true,"href":"http:\/\/klubmamgdynia.pl\/index.php\/wp-json\/wp\/v2\/product_tag?post=1664"}],"curies":[{"name":"wp","href":"https:\/\/api.w.org\/{rel}","templated":true}]}}