{"id":168,"date":"2020-05-25T12:04:02","date_gmt":"2020-05-25T10:04:02","guid":{"rendered":"http:\/\/klubmamgdynia.pl\/index.php\/produkt\/malplay-pociag-dla-dzieci-interaktywny-zwierzatka\/"},"modified":"2026-04-24T05:31:27","modified_gmt":"2026-04-24T03:31:27","slug":"malplay-pociag-dla-dzieci-interaktywny-zwierzatka","status":"publish","type":"product","link":"http:\/\/klubmamgdynia.pl\/index.php\/produkt\/malplay-pociag-dla-dzieci-interaktywny-zwierzatka\/","title":{"rendered":"Malplay Poci\u0105g Dla Dzieci Interaktywny Zwierz\u0105tka"},"content":{"rendered":"<p>Po naci\u015bni\u0119ciu na przycisk, znajduj\u0105cy si\u0119 na przodzie lokomotywy, zabawka wydaje d\u017awi\u0119k, imituj\u0105cy d\u017awi\u0119k, jaki w rzeczywisto\u015bci wydaje lokomotywa poci\u0105gu.Zabawka sk\u0142ada si\u0119 z lokomotywy, dw\u00f3ch wagonik\u00f3w i trzech zwierz\u0105tek, kt\u00f3re mo\u017cna umieszcza\u0107 na wagonikach oraz na lokomotywie. Podczas jazdy poci\u0105gu, postacie zwierz\u0105tek, umieszczone na wagonikach, obracaj\u0105 si\u0119.Umie\u015b\u0107 konkretne zwierz\u0105tko na lokomotywie i &#8211; przyciskaj\u0105c je &#8211; uruchom poci\u0105g do jazdy! Jednoczenie wydob\u0119dzie si\u0119 d\u017awi\u0119k taki, jaki w rzeczywisto\u015bci wydaj\u0105 z siebie zwierz\u0105tka z zabawek, a na kominie lokomotywy zaczyna \u015bwieci\u0107 \u015bwiate\u0142ko!Zabawki przedstawiaj\u0105 nast\u0119puj\u0105ce zwierz\u0105tka: k\u00f3zka, piesek, s\u0142onik. Ka\u017cdy wagonik mo\u017cna odczepi\u0107 i podczepi\u0107 w dowolny spos\u00f3b, zwierz\u0105tka pasuj\u0105 idealnie do ka\u017cdego siedziska, dzi\u0119ki czemu mo\u017cliwo\u015bci z\u0142o\u017cenia jest wiele.Podobnie istnieje dowolno\u015bc umieszczania zabawek na wagonikach i lokomotywie. Dodatkowo, poci\u0105g posiada nap\u0119d, dzi\u0119ki kt\u00f3remu jedzie zupe\u0142nie sam, a maluch mo\u017ce za nim raczkowa\u0107.Specyfikacja techniczna:Wysoko\u015b\u0107 Zwierz\u0105tka: 7,0 cmSzeroko\u015b\u0107 Zwierz\u0105tka: 5,0 cmD\u0142ugo\u015b\u0107 lokomotywy: 11,5 cmWysoko\u015b\u0107 lokomotywy: 9,5 cm<\/p>\n<h2>Malplay Poci\u0105g Dla Dzieci Interaktywny Zwierz\u0105tka Malplay<\/h2>\n<p>opisy do zdj\u0119\u0107 z dzieckiem, rzadkie imiona \u017ce\u0144skie, alan imi\u0119, prezent dla 17 latka, pokemon kolorowanki, prezenty dla nastolatek, kwiatek kwiaty do druku szablony, kolorowanki super zings, quiz opowie\u015bci z narnii, kr\u00f3tkie zagadki logiczne<\/p>\n<p>yyyyy<\/p>\n<p>&nbsp;<\/p>\n","protected":false},"excerpt":{"rendered":"<p>Po naci\u015bni\u0119ciu na przycisk, znajduj\u0105cy si\u0119 na przodzie lokomotywy, zabawka wydaje d\u017awi\u0119k, imituj\u0105cy d\u017awi\u0119k, jaki w rzeczywisto\u015bci wydaje lokomotywa poci\u0105gu.Zabawka sk\u0142ada si\u0119 z lokomotywy, dw\u00f3ch wagonik\u00f3w i trzech zwierz\u0105tek, kt\u00f3re mo\u017cna umieszcza\u0107 na wagonikach oraz na lokomotywie. Podczas jazdy poci\u0105gu, postacie zwierz\u0105tek, umieszczone na wagonikach, obracaj\u0105 si\u0119.Umie\u015b\u0107 konkretne zwierz\u0105tko na lokomotywie i &#8211; przyciskaj\u0105c je [&hellip;]<\/p>\n","protected":false},"featured_media":170,"comment_status":"closed","ping_status":"open","template":"","meta":[],"product_cat":[56,84],"product_tag":[654,704,733],"class_list":["post-168","product","type-product","status-publish","has-post-thumbnail","hentry","product_cat-kolejki","product_cat-malplay","product_tag-krotkie-bajki-dla-dzieci-do-czytania","product_tag-prezent-dla-nastolatka","product_tag-zarty-na-prima-aprilis"],"_links":{"self":[{"href":"http:\/\/klubmamgdynia.pl\/index.php\/wp-json\/wp\/v2\/product\/168","targetHints":{"allow":["GET"]}}],"collection":[{"href":"http:\/\/klubmamgdynia.pl\/index.php\/wp-json\/wp\/v2\/product"}],"about":[{"href":"http:\/\/klubmamgdynia.pl\/index.php\/wp-json\/wp\/v2\/types\/product"}],"replies":[{"embeddable":true,"href":"http:\/\/klubmamgdynia.pl\/index.php\/wp-json\/wp\/v2\/comments?post=168"}],"wp:featuredmedia":[{"embeddable":true,"href":"http:\/\/klubmamgdynia.pl\/index.php\/wp-json\/wp\/v2\/media\/170"}],"wp:attachment":[{"href":"http:\/\/klubmamgdynia.pl\/index.php\/wp-json\/wp\/v2\/media?parent=168"}],"wp:term":[{"taxonomy":"product_cat","embeddable":true,"href":"http:\/\/klubmamgdynia.pl\/index.php\/wp-json\/wp\/v2\/product_cat?post=168"},{"taxonomy":"product_tag","embeddable":true,"href":"http:\/\/klubmamgdynia.pl\/index.php\/wp-json\/wp\/v2\/product_tag?post=168"}],"curies":[{"name":"wp","href":"https:\/\/api.w.org\/{rel}","templated":true}]}}