{"id":1697,"date":"2019-02-11T00:25:44","date_gmt":"2019-02-10T23:25:44","guid":{"rendered":"http:\/\/klubmamgdynia.pl\/?post_type=product&#038;p=1697"},"modified":"2026-04-07T12:22:17","modified_gmt":"2026-04-07T10:22:17","slug":"clementoni-domino-puppies","status":"publish","type":"product","link":"http:\/\/klubmamgdynia.pl\/index.php\/produkt\/clementoni-domino-puppies\/","title":{"rendered":"Clementoni Domino Puppies"},"content":{"rendered":"<p>Domino puppies CLE18068 Clementoni to znana gra, w nowej, uroczej ods\u0142onie! Oczka na kostkach zosta\u0142y zast\u0105pione&#8230; s\u0142odkimi zwierzakami! Zasady oryginalnej gry s\u0105 niezmienione. Wci\u0105\u017c mali gracze losuj\u0105 karty, kt\u00f3re dok\u0142adaj\u0105, w taki spos\u00f3b, by pasowa\u0142y ilo\u015bci\u0105 oczek do kart b\u0119d\u0105cych ju\u017c na stole.Dopasowywanie kafelk\u00f3w rozwija koncentracj\u0119, logiczne my\u015blenie i sprawno\u015b\u0107 manualn\u0105. Gra zawiera 28 kart domina.Wiek dziecka: 3 +Wymiary opakowania: 20 x 15 x 3.9 cmOpakowanie stanowi element produktu.Kod EAN: 8005125180684OSTRZE\u017bENIE! Nieodpowiednie dla dzieci w wieku poni\u017cej 3 lat. Posiada ma\u0142e lub daj\u0105ce si\u0119 oderwa\u0107 elementy, kt\u00f3re mog\u0142yby zosta\u0107, np. po\u0142kni\u0119te. Niebezpiecze\u0144stwo uduszenia.<\/p>\n<h2>Clementoni Domino Puppies Clementoni<\/h2>\n<p>\u0142amig\u0142owki do druku, prezent dla nastolatka, zaproszenia na urodziny do druku, pi\u0119kne cytaty o synku, bajki do czytania dla 6 latka, kawa\u0142y na prima aprilis dla rodzic\u00f3w, pies rysunek, kanapki na urodziny dziecka, filmy animowane o \u015bwi\u0119tach, kolorowanki z bajek, quiz o hobbicie, quiz znaki drogowe, ale kino program, zagadki \u015bmieszne z odpowiedziami, asiunia test, kawal na prima aprilis, \u0142\u00f3d\u017a atrakcje dla dzieci, motto dla nauczyciela, dary jesieni kolorowanki jesie\u0144<\/p>\n<p>yyyyy<\/p>\n<p>&nbsp;<\/p>\n","protected":false},"excerpt":{"rendered":"<p>Domino puppies CLE18068 Clementoni to znana gra, w nowej, uroczej ods\u0142onie! Oczka na kostkach zosta\u0142y zast\u0105pione&#8230; s\u0142odkimi zwierzakami! Zasady oryginalnej gry s\u0105 niezmienione. Wci\u0105\u017c mali gracze losuj\u0105 karty, kt\u00f3re dok\u0142adaj\u0105, w taki spos\u00f3b, by pasowa\u0142y ilo\u015bci\u0105 oczek do kart b\u0119d\u0105cych ju\u017c na stole.Dopasowywanie kafelk\u00f3w rozwija koncentracj\u0119, logiczne my\u015blenie i sprawno\u015b\u0107 manualn\u0105. Gra zawiera 28 kart [&hellip;]<\/p>\n","protected":false},"featured_media":1699,"comment_status":"closed","ping_status":"open","template":"","meta":[],"product_cat":[163,130],"product_tag":[766,858,769],"class_list":["post-1697","product","type-product","status-publish","has-post-thumbnail","hentry","product_cat-clementoni","product_cat-gry-dzieciece","product_tag-kira","product_tag-podchwytliwe-zagadki","product_tag-psi-patrol-do-czytania"],"_links":{"self":[{"href":"http:\/\/klubmamgdynia.pl\/index.php\/wp-json\/wp\/v2\/product\/1697","targetHints":{"allow":["GET"]}}],"collection":[{"href":"http:\/\/klubmamgdynia.pl\/index.php\/wp-json\/wp\/v2\/product"}],"about":[{"href":"http:\/\/klubmamgdynia.pl\/index.php\/wp-json\/wp\/v2\/types\/product"}],"replies":[{"embeddable":true,"href":"http:\/\/klubmamgdynia.pl\/index.php\/wp-json\/wp\/v2\/comments?post=1697"}],"wp:featuredmedia":[{"embeddable":true,"href":"http:\/\/klubmamgdynia.pl\/index.php\/wp-json\/wp\/v2\/media\/1699"}],"wp:attachment":[{"href":"http:\/\/klubmamgdynia.pl\/index.php\/wp-json\/wp\/v2\/media?parent=1697"}],"wp:term":[{"taxonomy":"product_cat","embeddable":true,"href":"http:\/\/klubmamgdynia.pl\/index.php\/wp-json\/wp\/v2\/product_cat?post=1697"},{"taxonomy":"product_tag","embeddable":true,"href":"http:\/\/klubmamgdynia.pl\/index.php\/wp-json\/wp\/v2\/product_tag?post=1697"}],"curies":[{"name":"wp","href":"https:\/\/api.w.org\/{rel}","templated":true}]}}