{"id":1700,"date":"2015-09-01T22:07:47","date_gmt":"2015-09-01T20:07:47","guid":{"rendered":"http:\/\/klubmamgdynia.pl\/index.php\/produkt\/galakta-horror-w-arkham-lcg-powrot-przerwanego-kregu\/"},"modified":"2026-04-06T02:49:44","modified_gmt":"2026-04-06T00:49:44","slug":"galakta-horror-w-arkham-lcg-powrot-przerwanego-kregu","status":"publish","type":"product","link":"http:\/\/klubmamgdynia.pl\/index.php\/produkt\/galakta-horror-w-arkham-lcg-powrot-przerwanego-kregu\/","title":{"rendered":"Galakta Horror W Arkham LCG Powr\u00f3t Przerwanego Kr\u0119gu"},"content":{"rendered":"<p>Uwaga! To nie jest samodzielna gra! Do rozgrywki wymagana jest podstawowa wersja gry: HORROR W ARKHAM LCG &#8211; Zestaw Podstawowy oraz cykl: Przerwany Kr\u0105g. Przepowiednia jeszcze si\u0119 nie wype\u0142ni\u0142a. Mroczne knowania ponownie spowijaj\u0105 Lo\u017c\u0119 Srebrnego \u015awitu, za\u015b w miar\u0119 jak karty odkrywaj\u0105 fragmenty historii przekonasz si\u0119, \u017ce to Ty jeste\u015b kluczem do rozwik\u0142ania tajemnicy. Rozszerzenie to zawiera nowe zestawy kart scenariuszy do ka\u017cdego scenariusza cyklu Przerwany kr\u0105g, stawiaj\u0105ce waszych badaczy w obliczu nowych zagro\u017ce\u0144 i wyzwa\u0144. Nowe karty graczy, stanowi\u0105ce ulepszone wersje tych dost\u0119pnych w ramach cyklu Przerwany kr\u0105g, oferuj\u0105 nowe narz\u0119dzia i mo\u017cliwo\u015bci podczas ulepszania swoich talii badaczy. Dodatkowo pude\u0142ko z tego rozszerzenia mo\u017ce s\u0142u\u017cy\u0107 do przechowywania kart z ca\u0142ej kampanii, dzi\u0119ki za\u0142\u0105czonym separatorom. Na tym jednak nie koniec, poniewa\u017c z tym dodatkiem otrzymacie now\u0105 tali\u0119 22 kart tarota, kt\u00f3re mog\u0105 by\u0107 u\u017cyte w dowolnej kampanii lub scenariuszu gry Horror w Arkham: gra karciana! Dla Graczy w wieku 14+ Dla 1-4 graczy Czas rozgrywki: 60-120 minut.<\/p>\n<h2>Galakta Horror W Arkham LCG Powr\u00f3t Przerwanego Kr\u0119gu Galakta<\/h2>\n<p>najlepsze zagadki, kanapki na urodziny dziecka, podchwytliwe zagadki matematyczne, pomys\u0142y na prezent dla nastolatk\u00f3w, kolorowanki uk\u0142ad s\u0142oneczny<\/p>\n<p>yyyyy<\/p>\n<p>&nbsp;<\/p>\n","protected":false},"excerpt":{"rendered":"<p>Uwaga! To nie jest samodzielna gra! Do rozgrywki wymagana jest podstawowa wersja gry: HORROR W ARKHAM LCG &#8211; Zestaw Podstawowy oraz cykl: Przerwany Kr\u0105g. Przepowiednia jeszcze si\u0119 nie wype\u0142ni\u0142a. Mroczne knowania ponownie spowijaj\u0105 Lo\u017c\u0119 Srebrnego \u015awitu, za\u015b w miar\u0119 jak karty odkrywaj\u0105 fragmenty historii przekonasz si\u0119, \u017ce to Ty jeste\u015b kluczem do rozwik\u0142ania tajemnicy. Rozszerzenie [&hellip;]<\/p>\n","protected":false},"featured_media":1702,"comment_status":"closed","ping_status":"open","template":"","meta":[],"product_cat":[414,220],"product_tag":[717,793,615],"class_list":["post-1700","product","type-product","status-publish","has-post-thumbnail","hentry","product_cat-galakta","product_cat-gry-karciane","product_tag-prezent-roczek","product_tag-zagadki-smieszne-podchwytliwe","product_tag-znane-misie-z-filmow-animowanych"],"_links":{"self":[{"href":"http:\/\/klubmamgdynia.pl\/index.php\/wp-json\/wp\/v2\/product\/1700","targetHints":{"allow":["GET"]}}],"collection":[{"href":"http:\/\/klubmamgdynia.pl\/index.php\/wp-json\/wp\/v2\/product"}],"about":[{"href":"http:\/\/klubmamgdynia.pl\/index.php\/wp-json\/wp\/v2\/types\/product"}],"replies":[{"embeddable":true,"href":"http:\/\/klubmamgdynia.pl\/index.php\/wp-json\/wp\/v2\/comments?post=1700"}],"wp:featuredmedia":[{"embeddable":true,"href":"http:\/\/klubmamgdynia.pl\/index.php\/wp-json\/wp\/v2\/media\/1702"}],"wp:attachment":[{"href":"http:\/\/klubmamgdynia.pl\/index.php\/wp-json\/wp\/v2\/media?parent=1700"}],"wp:term":[{"taxonomy":"product_cat","embeddable":true,"href":"http:\/\/klubmamgdynia.pl\/index.php\/wp-json\/wp\/v2\/product_cat?post=1700"},{"taxonomy":"product_tag","embeddable":true,"href":"http:\/\/klubmamgdynia.pl\/index.php\/wp-json\/wp\/v2\/product_tag?post=1700"}],"curies":[{"name":"wp","href":"https:\/\/api.w.org\/{rel}","templated":true}]}}