{"id":1704,"date":"2017-07-14T20:35:43","date_gmt":"2017-07-14T18:35:43","guid":{"rendered":"http:\/\/klubmamgdynia.pl\/index.php\/produkt\/life-babys-pieluchy-premium-maxi-4-21szt\/"},"modified":"2026-04-03T23:42:47","modified_gmt":"2026-04-03T21:42:47","slug":"life-babys-pieluchy-premium-maxi-4-21szt","status":"publish","type":"product","link":"http:\/\/klubmamgdynia.pl\/index.php\/produkt\/life-babys-pieluchy-premium-maxi-4-21szt\/","title":{"rendered":"Life Baby`S Pieluchy Premium Maxi 4 21Szt."},"content":{"rendered":"<p>#html-body [data-pb-style=VPUEQ1N]{justify-content:flex-start;display:flex;flex-direction:column;background-position:left top;background-size:cover;background-repeat:no-repeat;background-attachment:scroll}Life Baby`s Premium Maxi 4 &#8211; pieluchy dla dzieci (7-14 kg)Nowe pieluszki Life s\u0105 wyprodukowane w nowoczesnej technologii, dzi\u0119ki kt\u00f3rej s\u0105 cie\u0144sze i lepiej dopasowane do cia\u0142a dziecka, a przy tym bardzo ch\u0142onne. Z systemem ch\u0142onnych kanalik\u00f3w dla ekstra sucho\u015bci i specjalnymi falbankami zapobie<\/p>\n<h2>Life Baby`S Pieluchy Premium Maxi 4 21Szt. <\/h2>\n<p>test z lektury pies kt\u00f3ry je\u017adzi\u0142 kolej\u0105, pokemony kolorowanka, nadia imi\u0119, test z lektury miko\u0142ajek do druku, bajki dla dzieci do czytania na dobranoc, cytaty o rodzinie, \u015bmigus dyngus wiersz dla dzieci, szopka do druku, atrakcje we wroc\u0142awiu dla dzieci, quizy o miko\u0142ajku, zabawy ruchowe dla dzieci, dekorowanie kanapek dla dzieci, gabriel imie, kolorowanki kotki<\/p>\n<p>yyyyy<\/p>\n<p>&nbsp;<\/p>\n","protected":false},"excerpt":{"rendered":"<p>#html-body [data-pb-style=VPUEQ1N]{justify-content:flex-start;display:flex;flex-direction:column;background-position:left top;background-size:cover;background-repeat:no-repeat;background-attachment:scroll}Life Baby`s Premium Maxi 4 &#8211; pieluchy dla dzieci (7-14 kg)Nowe pieluszki Life s\u0105 wyprodukowane w nowoczesnej technologii, dzi\u0119ki kt\u00f3rej s\u0105 cie\u0144sze i lepiej dopasowane do cia\u0142a dziecka, a przy tym bardzo ch\u0142onne. Z systemem ch\u0142onnych kanalik\u00f3w dla ekstra sucho\u015bci i specjalnymi falbankami zapobie Life Baby`S Pieluchy Premium Maxi 4 21Szt. test z [&hellip;]<\/p>\n","protected":false},"featured_media":1705,"comment_status":"closed","ping_status":"open","template":"","meta":[],"product_cat":[17],"product_tag":[664,744,818,737],"class_list":["post-1704","product","type-product","status-publish","has-post-thumbnail","hentry","product_cat-pieluchy","product_tag-atrakcje-dla-dzieci-trojmiasto","product_tag-kolorowanki-swiateczne-do-wydruku","product_tag-oliwier","product_tag-test-z-lektury-felix-net-i-nika-oraz-gang-niewidzialnych-ludzi"],"_links":{"self":[{"href":"http:\/\/klubmamgdynia.pl\/index.php\/wp-json\/wp\/v2\/product\/1704","targetHints":{"allow":["GET"]}}],"collection":[{"href":"http:\/\/klubmamgdynia.pl\/index.php\/wp-json\/wp\/v2\/product"}],"about":[{"href":"http:\/\/klubmamgdynia.pl\/index.php\/wp-json\/wp\/v2\/types\/product"}],"replies":[{"embeddable":true,"href":"http:\/\/klubmamgdynia.pl\/index.php\/wp-json\/wp\/v2\/comments?post=1704"}],"wp:featuredmedia":[{"embeddable":true,"href":"http:\/\/klubmamgdynia.pl\/index.php\/wp-json\/wp\/v2\/media\/1705"}],"wp:attachment":[{"href":"http:\/\/klubmamgdynia.pl\/index.php\/wp-json\/wp\/v2\/media?parent=1704"}],"wp:term":[{"taxonomy":"product_cat","embeddable":true,"href":"http:\/\/klubmamgdynia.pl\/index.php\/wp-json\/wp\/v2\/product_cat?post=1704"},{"taxonomy":"product_tag","embeddable":true,"href":"http:\/\/klubmamgdynia.pl\/index.php\/wp-json\/wp\/v2\/product_tag?post=1704"}],"curies":[{"name":"wp","href":"https:\/\/api.w.org\/{rel}","templated":true}]}}