{"id":1709,"date":"2013-05-28T18:42:38","date_gmt":"2013-05-28T16:42:38","guid":{"rendered":"http:\/\/klubmamgdynia.pl\/index.php\/produkt\/galakta-horror-w-arkham-dziedzictwo-dunwich-rozszerzenie-kampanijne\/"},"modified":"2026-04-04T19:23:17","modified_gmt":"2026-04-04T17:23:17","slug":"galakta-horror-w-arkham-dziedzictwo-dunwich-rozszerzenie-kampanijne","status":"publish","type":"product","link":"http:\/\/klubmamgdynia.pl\/index.php\/produkt\/galakta-horror-w-arkham-dziedzictwo-dunwich-rozszerzenie-kampanijne\/","title":{"rendered":"Galakta Horror w Arkham Dziedzictwo Dunwich Rozszerzenie Kampanijne"},"content":{"rendered":"<p>\u201eNawet ci, kt\u00f3rzy znaj\u0105 fakty zwi\u0105zane z koszmarem, jaki si\u0119 tutaj wydarzy\u0142, nie potrafi\u0105 powiedzie\u0107, co si\u0119 dzia\u0142o w Dunwich\u2026\u201d\u2013 H. P. Lovecraft, Koszmar w DunwichSwego czasu w ustronnej wiosce Dunwich jaka\u015b potworna istota sia\u0142a groz\u0119 po\u015br\u00f3d mieszka\u0144c\u00f3w. Koszmar zako\u0144czy\u0142 si\u0119, dopiero gdy trzej profesorowie z Uniwersytetu Miskatonic \u2013 dr Armitage, dr Morgan i profesor Rice \u2013 przybyli do Dunwich i uzbrojeni w tajemn\u0105 wiedz\u0119, zdo\u0142ali pokona\u0107 besti\u0119. Teraz jednak, kilka miesi\u0119cy p\u00f3\u017aniej, towarzysze doktora Armitage znikn\u0119li w tajemniczych okoliczno\u015bciach i uczony obawia si\u0119 najgorszego.W Dziedzictwie Dunwich badacze wyrusz\u0105 na poszukiwanie zaginionych profesor\u00f3w i w trakcie kampanii wyrusz\u0105 na Uniwersytet Miskatonic, do okrytego z\u0142\u0105 s\u0142aw\u0105 Clover Club i w wiele innych miejsc. To rozszerzenie zawiera wszystkie scenariusze z kampanii Dziedzictwo Dunwich.<\/p>\n<h2>Galakta Horror w Arkham Dziedzictwo Dunwich Rozszerzenie Kampanijne Galakta<\/h2>\n<p>mapa polski do wydrukowania za darmo, janusz korczak cytaty, zagatki matematyczne, psi patrol kolorowanka do druku<\/p>\n<p>yyyyy<\/p>\n<p>&nbsp;<\/p>\n","protected":false},"excerpt":{"rendered":"<p>\u201eNawet ci, kt\u00f3rzy znaj\u0105 fakty zwi\u0105zane z koszmarem, jaki si\u0119 tutaj wydarzy\u0142, nie potrafi\u0105 powiedzie\u0107, co si\u0119 dzia\u0142o w Dunwich\u2026\u201d\u2013 H. P. Lovecraft, Koszmar w DunwichSwego czasu w ustronnej wiosce Dunwich jaka\u015b potworna istota sia\u0142a groz\u0119 po\u015br\u00f3d mieszka\u0144c\u00f3w. Koszmar zako\u0144czy\u0142 si\u0119, dopiero gdy trzej profesorowie z Uniwersytetu Miskatonic \u2013 dr Armitage, dr Morgan i profesor [&hellip;]<\/p>\n","protected":false},"featured_media":1711,"comment_status":"closed","ping_status":"open","template":"","meta":[],"product_cat":[414,220],"product_tag":[664,674,586,694],"class_list":["post-1709","product","type-product","status-publish","has-post-thumbnail","hentry","product_cat-galakta","product_cat-gry-karciane","product_tag-atrakcje-dla-dzieci-trojmiasto","product_tag-miasto-dzieci","product_tag-smieszne-zagadki","product_tag-zagadki-swiateczne-dla-dzieci"],"_links":{"self":[{"href":"http:\/\/klubmamgdynia.pl\/index.php\/wp-json\/wp\/v2\/product\/1709","targetHints":{"allow":["GET"]}}],"collection":[{"href":"http:\/\/klubmamgdynia.pl\/index.php\/wp-json\/wp\/v2\/product"}],"about":[{"href":"http:\/\/klubmamgdynia.pl\/index.php\/wp-json\/wp\/v2\/types\/product"}],"replies":[{"embeddable":true,"href":"http:\/\/klubmamgdynia.pl\/index.php\/wp-json\/wp\/v2\/comments?post=1709"}],"wp:featuredmedia":[{"embeddable":true,"href":"http:\/\/klubmamgdynia.pl\/index.php\/wp-json\/wp\/v2\/media\/1711"}],"wp:attachment":[{"href":"http:\/\/klubmamgdynia.pl\/index.php\/wp-json\/wp\/v2\/media?parent=1709"}],"wp:term":[{"taxonomy":"product_cat","embeddable":true,"href":"http:\/\/klubmamgdynia.pl\/index.php\/wp-json\/wp\/v2\/product_cat?post=1709"},{"taxonomy":"product_tag","embeddable":true,"href":"http:\/\/klubmamgdynia.pl\/index.php\/wp-json\/wp\/v2\/product_tag?post=1709"}],"curies":[{"name":"wp","href":"https:\/\/api.w.org\/{rel}","templated":true}]}}