{"id":171,"date":"2011-08-25T12:15:05","date_gmt":"2011-08-25T10:15:05","guid":{"rendered":"http:\/\/klubmamgdynia.pl\/index.php\/produkt\/brabantia-rondel-zeliwny-the-dutch-auber-red-20cm-30004690\/"},"modified":"2026-04-29T00:06:53","modified_gmt":"2026-04-28T22:06:53","slug":"brabantia-rondel-zeliwny-the-dutch-auber-red-20cm-30004690","status":"publish","type":"product","link":"http:\/\/klubmamgdynia.pl\/index.php\/produkt\/brabantia-rondel-zeliwny-the-dutch-auber-red-20cm-30004690\/","title":{"rendered":"Brabantia Rondel \u017beliwny The Dutch Auber.Red 20Cm 30004690"},"content":{"rendered":"<p>Rondel \u017celiwny The Dutc du\u0144skiej marki Brabantia. Rondel zosta\u0142 wykonany z \u017celiwa, kt\u00f3re posiada w\u0142a\u015bciwo\u015bci akumuluj\u0105ce ciep\u0142o. Idealny do pieczenia chleba lub duszenia wi\u0119kszych kawa\u0142k\u00f3w mi\u0119sa przez wiele godzin. Naczynie jest odporne na zarysowania, i wyj\u0105tkowo \u0142atwe w czyszczeniu. Ma\u0142e wypustki pod pokrywk\u0105 r\u00f3wnomiernie rozprowadzaj\u0105 soki podczas gotowania. Nadaje si\u0119 do wszystkich \u017ar\u00f3de\u0142 ciep\u0142a, w tym indukcji, a tak\u017ce do u\u017cycia w piekarniku, a nawet na grillu. Producent udziela 25 lat gwarancji.Materia\u0142: \u017celiwoKolor: ciemny czerwony\u015arednica: 20 cmWysoko\u015b\u0107: 31 cmSzeroko\u015b\u0107: 23-31.5 cmProjekt: Brabantia<\/p>\n<h2>Brabantia Rondel \u017beliwny The Dutch Auber.Red 20Cm 30004690 Brabantia<\/h2>\n<p>proste origami dla dzieci, znaki drogowe quizy, wiersze \u0142ama\u0144ce j\u0119zykowe dla dzieci, zadania dla 7 latka do druku, filmy disneya, z\u0142ote my\u015bli o rodzinie, podchwytliwe zagadki, quiz flagi europy, wydarzenia warszawa dzisiaj, wiosenna kolorowanka, pomysly na prima aprilis, sentencje o rodzinie, ci\u0119\u017ckie zagadki, \u0142amig\u0142\u00f3wki dla dzieci, kolorowanki pikachu, aniela znaczenie imienia, traktor do druku, quizy flagi<\/p>\n<p>yyyyy<\/p>\n<p>&nbsp;<\/p>\n","protected":false},"excerpt":{"rendered":"<p>Rondel \u017celiwny The Dutc du\u0144skiej marki Brabantia. Rondel zosta\u0142 wykonany z \u017celiwa, kt\u00f3re posiada w\u0142a\u015bciwo\u015bci akumuluj\u0105ce ciep\u0142o. Idealny do pieczenia chleba lub duszenia wi\u0119kszych kawa\u0142k\u00f3w mi\u0119sa przez wiele godzin. Naczynie jest odporne na zarysowania, i wyj\u0105tkowo \u0142atwe w czyszczeniu. Ma\u0142e wypustki pod pokrywk\u0105 r\u00f3wnomiernie rozprowadzaj\u0105 soki podczas gotowania. Nadaje si\u0119 do wszystkich \u017ar\u00f3de\u0142 ciep\u0142a, w [&hellip;]<\/p>\n","protected":false},"featured_media":172,"comment_status":"closed","ping_status":"open","template":"","meta":[],"product_cat":[85,86],"product_tag":[700,728,826],"class_list":["post-171","product","type-product","status-publish","has-post-thumbnail","hentry","product_cat-brabantia","product_cat-rondle","product_tag-bajki-do-czytania-dla-dzieci","product_tag-bezwarunkowa-milosc-do-dziecka-cytaty","product_tag-prezent-dla-15-latka"],"_links":{"self":[{"href":"http:\/\/klubmamgdynia.pl\/index.php\/wp-json\/wp\/v2\/product\/171","targetHints":{"allow":["GET"]}}],"collection":[{"href":"http:\/\/klubmamgdynia.pl\/index.php\/wp-json\/wp\/v2\/product"}],"about":[{"href":"http:\/\/klubmamgdynia.pl\/index.php\/wp-json\/wp\/v2\/types\/product"}],"replies":[{"embeddable":true,"href":"http:\/\/klubmamgdynia.pl\/index.php\/wp-json\/wp\/v2\/comments?post=171"}],"wp:featuredmedia":[{"embeddable":true,"href":"http:\/\/klubmamgdynia.pl\/index.php\/wp-json\/wp\/v2\/media\/172"}],"wp:attachment":[{"href":"http:\/\/klubmamgdynia.pl\/index.php\/wp-json\/wp\/v2\/media?parent=171"}],"wp:term":[{"taxonomy":"product_cat","embeddable":true,"href":"http:\/\/klubmamgdynia.pl\/index.php\/wp-json\/wp\/v2\/product_cat?post=171"},{"taxonomy":"product_tag","embeddable":true,"href":"http:\/\/klubmamgdynia.pl\/index.php\/wp-json\/wp\/v2\/product_tag?post=171"}],"curies":[{"name":"wp","href":"https:\/\/api.w.org\/{rel}","templated":true}]}}