{"id":1724,"date":"2022-01-20T06:02:53","date_gmt":"2022-01-20T05:02:53","guid":{"rendered":"http:\/\/klubmamgdynia.pl\/index.php\/produkt\/hot-wheels-maximum-venom-spider-man-gjv24-gdg83\/"},"modified":"2026-05-17T23:38:56","modified_gmt":"2026-05-17T21:38:56","slug":"hot-wheels-maximum-venom-spider-man-gjv24-gdg83","status":"publish","type":"product","link":"http:\/\/klubmamgdynia.pl\/index.php\/produkt\/hot-wheels-maximum-venom-spider-man-gjv24-gdg83\/","title":{"rendered":"Hot Wheels Maximum Venom Spider-man GJV24 GDG83"},"content":{"rendered":"<p>Mattel Hot Wheels Autko Pojazd Marvel Spider Man<\/p>\n<h2>Hot Wheels Maximum Venom Spider-man GJV24 GDG83 Hot Wheels<\/h2>\n<p>mi\u0142o\u015b\u0107 do dziecka cytaty, kolorowanki disney, zak\u0142adka do ksi\u0105\u017cki szablon, zagadki dla 7 latka<\/p>\n<p>yyyyy<\/p>\n<p>&nbsp;<\/p>\n","protected":false},"excerpt":{"rendered":"<p>Mattel Hot Wheels Autko Pojazd Marvel Spider Man Hot Wheels Maximum Venom Spider-man GJV24 GDG83 Hot Wheels mi\u0142o\u015b\u0107 do dziecka cytaty, kolorowanki disney, zak\u0142adka do ksi\u0105\u017cki szablon, zagadki dla 7 latka yyyyy &nbsp;<\/p>\n","protected":false},"featured_media":1725,"comment_status":"closed","ping_status":"open","template":"","meta":[],"product_cat":[83,150],"product_tag":[844,737,714,793],"class_list":["post-1724","product","type-product","status-publish","has-post-thumbnail","hentry","product_cat-auta-i-inne-pojazdy-do-zabawy","product_cat-hot-wheels","product_tag-co-kupic-na-roczek","product_tag-test-z-lektury-felix-net-i-nika-oraz-gang-niewidzialnych-ludzi","product_tag-zagadki-logiczne","product_tag-zagadki-smieszne-podchwytliwe"],"_links":{"self":[{"href":"http:\/\/klubmamgdynia.pl\/index.php\/wp-json\/wp\/v2\/product\/1724","targetHints":{"allow":["GET"]}}],"collection":[{"href":"http:\/\/klubmamgdynia.pl\/index.php\/wp-json\/wp\/v2\/product"}],"about":[{"href":"http:\/\/klubmamgdynia.pl\/index.php\/wp-json\/wp\/v2\/types\/product"}],"replies":[{"embeddable":true,"href":"http:\/\/klubmamgdynia.pl\/index.php\/wp-json\/wp\/v2\/comments?post=1724"}],"wp:featuredmedia":[{"embeddable":true,"href":"http:\/\/klubmamgdynia.pl\/index.php\/wp-json\/wp\/v2\/media\/1725"}],"wp:attachment":[{"href":"http:\/\/klubmamgdynia.pl\/index.php\/wp-json\/wp\/v2\/media?parent=1724"}],"wp:term":[{"taxonomy":"product_cat","embeddable":true,"href":"http:\/\/klubmamgdynia.pl\/index.php\/wp-json\/wp\/v2\/product_cat?post=1724"},{"taxonomy":"product_tag","embeddable":true,"href":"http:\/\/klubmamgdynia.pl\/index.php\/wp-json\/wp\/v2\/product_tag?post=1724"}],"curies":[{"name":"wp","href":"https:\/\/api.w.org\/{rel}","templated":true}]}}