{"id":1732,"date":"2012-10-27T12:40:38","date_gmt":"2012-10-27T10:40:38","guid":{"rendered":"http:\/\/klubmamgdynia.pl\/index.php\/produkt\/hot-wheels-zamac-50-rocznica-68-olds-442-frn23-frn28\/"},"modified":"2026-04-05T19:18:26","modified_gmt":"2026-04-05T17:18:26","slug":"hot-wheels-zamac-50-rocznica-68-olds-442-frn23-frn28","status":"publish","type":"product","link":"http:\/\/klubmamgdynia.pl\/index.php\/produkt\/hot-wheels-zamac-50-rocznica-68-olds-442-frn23-frn28\/","title":{"rendered":"Hot Wheels Zamac 50 Rocznica 68 Olds 442 FRN23 Frn28"},"content":{"rendered":"<p>Hot Wheels(R) \u015bwi\u0119tuje 50-lecie wprowadzenia na rynek swoich metalowych zabawkowych samochod\u00f3w, kt\u00f3re pobudzaj\u0105 wyobra\u017ani\u0119 kolekcjoner\u00f3w i entuzjast\u00f3w samochod\u00f3w &#8211; zar\u00f3wno ma\u0142ych, jak i du\u017cych. Ju\u017c od 1968 r. Hot Wheels przekracza kolejne granice wyobra\u017ani, z pasj\u0105 projektuj\u0105c odjazdowe, zakr\u0119cone samochodziki i tory, kt\u00f3re gwarantuj\u0105 niezapomnian\u0105 zabaw\u0119. Od tamtego czasu Hot Wheels przesz\u0142y ogromn\u0105 metamorfoz\u0119: skromna seria 16 samochodzik\u00f3w da\u0142a pocz\u0105tek globalnej marce oferuj\u0105cej pomys\u0142y na zabaw\u0119 pe\u0142n\u0105 zwrot\u00f3w akcji i szalonych akrobacji. Obecnie ka\u017cdego roku na rynku pojawia si\u0119 a\u017c 400 nowych pojazd\u00f3w! Ten asortyment powsta\u0142 z okazji jubileuszu powstania pojazd\u00f3w, kt\u00f3re ciesz\u0105 si\u0119 niegasn\u0105c\u0105 popularno\u015bci\u0105 w\u015br\u00f3d kolekcjoner\u00f3w i mi\u0142o\u015bnik\u00f3w wy\u015bcig\u00f3w samochodowych &#8211; bez wzgl\u0119du na wiek.Znajd\u017a sw\u00f3j ulubiony lub zbierz je wszystkie! Kolory i elementy dekoracyjne mog\u0105 si\u0119 r\u00f3\u017cni\u0107.Grupa wiekowa:3+ Opakowanie:pude\u0142ko Producent:Mattel<\/p>\n<h2>Hot Wheels Zamac 50 Rocznica 68 Olds 442 FRN23 Frn28 Hot Wheels<\/h2>\n<p>nowe quizy do rozwi\u0105zania, p\u0142onie ognisko w lesie, pomys\u0142y na dzie\u0144 dziecka dla nastolatk\u00f3w, na wyspach bergamutach tekst, znane misie z bajek, jak narysowac kota, cicha noc po angielsku, atrakcje dla dzieci trojmiasto, jeremi imi\u0119, auto kolorowanka, cytaty ma\u0142y ksi\u0105\u017ce, wzory dyplom\u00f3w dyplomy do druku, wydarzenia dla dzieci warszawa<\/p>\n<p>yyyyy<\/p>\n<p>&nbsp;<\/p>\n","protected":false},"excerpt":{"rendered":"<p>Hot Wheels(R) \u015bwi\u0119tuje 50-lecie wprowadzenia na rynek swoich metalowych zabawkowych samochod\u00f3w, kt\u00f3re pobudzaj\u0105 wyobra\u017ani\u0119 kolekcjoner\u00f3w i entuzjast\u00f3w samochod\u00f3w &#8211; zar\u00f3wno ma\u0142ych, jak i du\u017cych. Ju\u017c od 1968 r. Hot Wheels przekracza kolejne granice wyobra\u017ani, z pasj\u0105 projektuj\u0105c odjazdowe, zakr\u0119cone samochodziki i tory, kt\u00f3re gwarantuj\u0105 niezapomnian\u0105 zabaw\u0119. Od tamtego czasu Hot Wheels przesz\u0142y ogromn\u0105 metamorfoz\u0119: skromna [&hellip;]<\/p>\n","protected":false},"featured_media":1733,"comment_status":"closed","ping_status":"open","template":"","meta":[],"product_cat":[83,150],"product_tag":[844,859,740,673,780,855],"class_list":["post-1732","product","type-product","status-publish","has-post-thumbnail","hentry","product_cat-auta-i-inne-pojazdy-do-zabawy","product_cat-hot-wheels","product_tag-co-kupic-na-roczek","product_tag-dobranoc-pchly-na-noc","product_tag-fajne-prezenty-dla-nastolatkow","product_tag-juz-blisko-koleda-tekst","product_tag-krecik-bajka","product_tag-nietypowe-imiona-zenskie"],"_links":{"self":[{"href":"http:\/\/klubmamgdynia.pl\/index.php\/wp-json\/wp\/v2\/product\/1732","targetHints":{"allow":["GET"]}}],"collection":[{"href":"http:\/\/klubmamgdynia.pl\/index.php\/wp-json\/wp\/v2\/product"}],"about":[{"href":"http:\/\/klubmamgdynia.pl\/index.php\/wp-json\/wp\/v2\/types\/product"}],"replies":[{"embeddable":true,"href":"http:\/\/klubmamgdynia.pl\/index.php\/wp-json\/wp\/v2\/comments?post=1732"}],"wp:featuredmedia":[{"embeddable":true,"href":"http:\/\/klubmamgdynia.pl\/index.php\/wp-json\/wp\/v2\/media\/1733"}],"wp:attachment":[{"href":"http:\/\/klubmamgdynia.pl\/index.php\/wp-json\/wp\/v2\/media?parent=1732"}],"wp:term":[{"taxonomy":"product_cat","embeddable":true,"href":"http:\/\/klubmamgdynia.pl\/index.php\/wp-json\/wp\/v2\/product_cat?post=1732"},{"taxonomy":"product_tag","embeddable":true,"href":"http:\/\/klubmamgdynia.pl\/index.php\/wp-json\/wp\/v2\/product_tag?post=1732"}],"curies":[{"name":"wp","href":"https:\/\/api.w.org\/{rel}","templated":true}]}}