{"id":1760,"date":"2020-11-12T14:24:09","date_gmt":"2020-11-12T13:24:09","guid":{"rendered":"http:\/\/klubmamgdynia.pl\/index.php\/produkt\/cada-klocki-zdalnie-sterowana-ladowarka-spychacz-rc-1469el\/"},"modified":"2026-05-17T23:39:57","modified_gmt":"2026-05-17T21:39:57","slug":"cada-klocki-zdalnie-sterowana-ladowarka-spychacz-rc-1469el","status":"publish","type":"product","link":"http:\/\/klubmamgdynia.pl\/index.php\/produkt\/cada-klocki-zdalnie-sterowana-ladowarka-spychacz-rc-1469el\/","title":{"rendered":"Cada Klocki Zdalnie Sterowana \u0141adowarka Spychacz Rc 1469El."},"content":{"rendered":"<p>Zdalnie sterowana \u0142adowarka to nie ma\u0142a gratka, dla fan\u00f3w pojazd\u00f3w oraz uk\u0142adanek. Zestaw sk\u0142ada si\u0119 z 1469 element\u00f3w, w tym modu\u0142\u00f3w zasilaj\u0105cych, kt\u00f3re umo\u017cliwiaj\u0105 poruszanie si\u0119 pojazdu. Produkt odpowiedni dla dzieci powy\u017cej 14 roku \u017cycia.<\/p>\n<h2>Cada Klocki Zdalnie Sterowana \u0141adowarka Spychacz Rc 1469El. Cada<\/h2>\n<p>zagadki logiczne dla dzieci, cytaty o dzieciach i rodzicach, cytaty o dziecku, zagadki dla 7 latka, walentynka dla syna, nietypowe atrakcje dla dzieci, buziak gify na dobranoc smieszne, jednorozec z dyni, maski dla dzieci do druku<\/p>\n<p>yyyyy<\/p>\n<p>&nbsp;<\/p>\n","protected":false},"excerpt":{"rendered":"<p>Zdalnie sterowana \u0142adowarka to nie ma\u0142a gratka, dla fan\u00f3w pojazd\u00f3w oraz uk\u0142adanek. Zestaw sk\u0142ada si\u0119 z 1469 element\u00f3w, w tym modu\u0142\u00f3w zasilaj\u0105cych, kt\u00f3re umo\u017cliwiaj\u0105 poruszanie si\u0119 pojazdu. Produkt odpowiedni dla dzieci powy\u017cej 14 roku \u017cycia. Cada Klocki Zdalnie Sterowana \u0141adowarka Spychacz Rc 1469El. Cada zagadki logiczne dla dzieci, cytaty o dzieciach i rodzicach, cytaty o [&hellip;]<\/p>\n","protected":false},"featured_media":1761,"comment_status":"closed","ping_status":"open","template":"","meta":[],"product_cat":[460,113],"product_tag":[863,691,745,602,857],"class_list":["post-1760","product","type-product","status-publish","has-post-thumbnail","hentry","product_cat-cada","product_cat-klocki","product_tag-bajki-dla-dziewczynek","product_tag-gabriel","product_tag-prezent-dla-15-latki","product_tag-quiz-o-zwierzetach-domowych","product_tag-zagadki-dla-dzieci-7-8-lat"],"_links":{"self":[{"href":"http:\/\/klubmamgdynia.pl\/index.php\/wp-json\/wp\/v2\/product\/1760","targetHints":{"allow":["GET"]}}],"collection":[{"href":"http:\/\/klubmamgdynia.pl\/index.php\/wp-json\/wp\/v2\/product"}],"about":[{"href":"http:\/\/klubmamgdynia.pl\/index.php\/wp-json\/wp\/v2\/types\/product"}],"replies":[{"embeddable":true,"href":"http:\/\/klubmamgdynia.pl\/index.php\/wp-json\/wp\/v2\/comments?post=1760"}],"wp:featuredmedia":[{"embeddable":true,"href":"http:\/\/klubmamgdynia.pl\/index.php\/wp-json\/wp\/v2\/media\/1761"}],"wp:attachment":[{"href":"http:\/\/klubmamgdynia.pl\/index.php\/wp-json\/wp\/v2\/media?parent=1760"}],"wp:term":[{"taxonomy":"product_cat","embeddable":true,"href":"http:\/\/klubmamgdynia.pl\/index.php\/wp-json\/wp\/v2\/product_cat?post=1760"},{"taxonomy":"product_tag","embeddable":true,"href":"http:\/\/klubmamgdynia.pl\/index.php\/wp-json\/wp\/v2\/product_tag?post=1760"}],"curies":[{"name":"wp","href":"https:\/\/api.w.org\/{rel}","templated":true}]}}