{"id":1774,"date":"2011-08-03T14:16:33","date_gmt":"2011-08-03T12:16:33","guid":{"rendered":"http:\/\/klubmamgdynia.pl\/index.php\/produkt\/oakley-spindrift-rx-ox-8176-817607-51-rozm-m\/"},"modified":"2026-05-01T10:52:08","modified_gmt":"2026-05-01T08:52:08","slug":"oakley-spindrift-rx-ox-8176-817607-51-rozm-m","status":"publish","type":"product","link":"http:\/\/klubmamgdynia.pl\/index.php\/produkt\/oakley-spindrift-rx-ox-8176-817607-51-rozm-m\/","title":{"rendered":"Oakley Spindrift Rx Ox 8176 817607 51 Rozm. M"},"content":{"rendered":"<p>Teraz w Aurum-Optics do ka\u017cdego zam\u00f3wienia dodajemy wyj\u0105tkowe korzy\u015bci &#8211; w zale\u017cno\u015bci od rodzaju okular\u00f3w.SPRAWD\u0179 DODATKOWE KORZY\u015aCIOkulary OX 8176 817607 51 &#8211; wysoka jako\u015b\u0107 i doskona\u0142y stylOkulary korekcyjne Oakley\u00ae OX 8176 817607 51 to doskona\u0142y wyb\u00f3r dla ka\u017cdej kobiety poszukuj\u0105cej stylowego dodatku. Te oprawki korekcyjne charakteryzuje nie tylko doskona\u0142y design &#8211; gwarantuj\u0105 one tak\u017ce najwy\u017cszy komfort widzenia. Markowe okulary Oakley\u00aeSportowy styl i najwy\u017csza jako\u015b\u0107 &#8211; to domeny uznanej na ca\u0142ym \u015bwiecie marki okular\u00f3w Oakley. \u017bywe kolory, dynamiczny design i doskona\u0142a funkcjonalno\u015b\u0107 &#8211; to cechy marki, kt\u00f3ra przy produkcji okular\u00f3w stawia na najlepsze, innowacyjne technologie. Nie wahaj si\u0119 i postaw na perfekcyjne okulary do Twoich wyj\u0105tkowych aktywno\u015bci!&#8230;<\/p>\n<h2>Oakley Spindrift Rx Ox 8176 817607 51 Rozm. M Oakley<\/h2>\n<p>dobranoc pch\u0142y na noc, proste przepisy dla dzieci, roczek prezenty, test z tajemniczego ogrodu, kolorowanka peppa do druku, lodowiska w warszawie, molo w brze\u017anie, narodziny dziecka cytaty, laurka dla mamy rysunek, nela imi\u0119, zagadka, psi patrol kolorowanka do druku, bajka o smoku, bajka o smoku wawelskim, w\u0119gierska g\u00f3rka, karty pracy po ukrai\u0144sku, w uk\u0142adzie s\u0142onecznym<\/p>\n<p>yyyyy<\/p>\n<p>&nbsp;<\/p>\n","protected":false},"excerpt":{"rendered":"<p>Teraz w Aurum-Optics do ka\u017cdego zam\u00f3wienia dodajemy wyj\u0105tkowe korzy\u015bci &#8211; w zale\u017cno\u015bci od rodzaju okular\u00f3w.SPRAWD\u0179 DODATKOWE KORZY\u015aCIOkulary OX 8176 817607 51 &#8211; wysoka jako\u015b\u0107 i doskona\u0142y stylOkulary korekcyjne Oakley\u00ae OX 8176 817607 51 to doskona\u0142y wyb\u00f3r dla ka\u017cdej kobiety poszukuj\u0105cej stylowego dodatku. Te oprawki korekcyjne charakteryzuje nie tylko doskona\u0142y design &#8211; gwarantuj\u0105 one tak\u017ce najwy\u017cszy [&hellip;]<\/p>\n","protected":false},"featured_media":1775,"comment_status":"closed","ping_status":"open","template":"","meta":[],"product_cat":[462,149],"product_tag":[844,744,583,739,608],"class_list":["post-1774","product","type-product","status-publish","has-post-thumbnail","hentry","product_cat-oakley","product_cat-okulary-oprawki-i-szkla","product_tag-co-kupic-na-roczek","product_tag-kolorowanki-swiateczne-do-wydruku","product_tag-kolysanki-dla-dzieci-tekst","product_tag-prima-aprilis-w-szkole","product_tag-zagadki-i-odpowiedzi"],"_links":{"self":[{"href":"http:\/\/klubmamgdynia.pl\/index.php\/wp-json\/wp\/v2\/product\/1774","targetHints":{"allow":["GET"]}}],"collection":[{"href":"http:\/\/klubmamgdynia.pl\/index.php\/wp-json\/wp\/v2\/product"}],"about":[{"href":"http:\/\/klubmamgdynia.pl\/index.php\/wp-json\/wp\/v2\/types\/product"}],"replies":[{"embeddable":true,"href":"http:\/\/klubmamgdynia.pl\/index.php\/wp-json\/wp\/v2\/comments?post=1774"}],"wp:featuredmedia":[{"embeddable":true,"href":"http:\/\/klubmamgdynia.pl\/index.php\/wp-json\/wp\/v2\/media\/1775"}],"wp:attachment":[{"href":"http:\/\/klubmamgdynia.pl\/index.php\/wp-json\/wp\/v2\/media?parent=1774"}],"wp:term":[{"taxonomy":"product_cat","embeddable":true,"href":"http:\/\/klubmamgdynia.pl\/index.php\/wp-json\/wp\/v2\/product_cat?post=1774"},{"taxonomy":"product_tag","embeddable":true,"href":"http:\/\/klubmamgdynia.pl\/index.php\/wp-json\/wp\/v2\/product_tag?post=1774"}],"curies":[{"name":"wp","href":"https:\/\/api.w.org\/{rel}","templated":true}]}}