{"id":1800,"date":"2021-03-26T14:47:22","date_gmt":"2021-03-26T13:47:22","guid":{"rendered":"http:\/\/klubmamgdynia.pl\/index.php\/produkt\/michael-kors-mk-3062-1015-56-rozm-m\/"},"modified":"2026-04-29T16:49:51","modified_gmt":"2026-04-29T14:49:51","slug":"michael-kors-mk-3062-1015-56-rozm-m","status":"publish","type":"product","link":"http:\/\/klubmamgdynia.pl\/index.php\/produkt\/michael-kors-mk-3062-1015-56-rozm-m\/","title":{"rendered":"Michael Kors Mk 3062 1015 56 Rozm. M"},"content":{"rendered":"<p>Teraz w Aurum-Optics do ka\u017cdego zam\u00f3wienia dodajemy wyj\u0105tkowe korzy\u015bci &#8211; w zale\u017cno\u015bci od rodzaju okular\u00f3w.SPRAWD\u0179 DODATKOWE KORZY\u015aCIOkulary MK 3062 1015 56 &#8211; wysoka jako\u015b\u0107 i doskona\u0142y stylOkulary korekcyjne Michael Kors MK 3062 1015 56 to doskona\u0142y wyb\u00f3r dla ka\u017cdej kobiety poszukuj\u0105cej stylowego dodatku. Te oprawki korekcyjne charakteryzuje nie tylko doskona\u0142y design &#8211; gwarantuj\u0105 one tak\u017ce najwy\u017cszy komfort widzenia. Markowe okulary Michael KorsNajwi\u0119ksze gwiazdy ze \u015bwiata filmu, muzyki i mody zaufa\u0142y marce Michael Kors. To wyb\u00f3r jak najbardziej uzasadniony. Ten brand, stworzony przez s\u0142ynnego ameryka\u0144skiego projektanta, to esencja doskona\u0142ego stylu, przeznaczonego dla os\u00f3b niezale\u017cnych i \u015bwiadomych swojej warto\u015bci. Michael Kors to najlepszy design i jako\u015b\u0107 wykonania!&#8230;<\/p>\n<h2>Michael Kors Mk 3062 1015 56 Rozm. M <\/h2>\n<p>maski do druku kolorowe, kolorowanki wed\u0142ug kodu do druku, prezenty dla nastolatek, kolorowe listki tekst, jeremi imi\u0119<\/p>\n<p>yyyyy<\/p>\n<p>&nbsp;<\/p>\n","protected":false},"excerpt":{"rendered":"<p>Teraz w Aurum-Optics do ka\u017cdego zam\u00f3wienia dodajemy wyj\u0105tkowe korzy\u015bci &#8211; w zale\u017cno\u015bci od rodzaju okular\u00f3w.SPRAWD\u0179 DODATKOWE KORZY\u015aCIOkulary MK 3062 1015 56 &#8211; wysoka jako\u015b\u0107 i doskona\u0142y stylOkulary korekcyjne Michael Kors MK 3062 1015 56 to doskona\u0142y wyb\u00f3r dla ka\u017cdej kobiety poszukuj\u0105cej stylowego dodatku. Te oprawki korekcyjne charakteryzuje nie tylko doskona\u0142y design &#8211; gwarantuj\u0105 one tak\u017ce [&hellip;]<\/p>\n","protected":false},"featured_media":1801,"comment_status":"closed","ping_status":"open","template":"","meta":[],"product_cat":[149],"product_tag":[603,859,720,759,870,778],"class_list":["post-1800","product","type-product","status-publish","has-post-thumbnail","hentry","product_cat-okulary-oprawki-i-szkla","product_tag-bajki-do-czytania","product_tag-dobranoc-pchly-na-noc","product_tag-malowanki","product_tag-pomysly-na-prezent-dla-nastolatkow","product_tag-prezent-dla-chlopca-na-roczek","product_tag-zabawki-na-roczek-dla-chlopca"],"_links":{"self":[{"href":"http:\/\/klubmamgdynia.pl\/index.php\/wp-json\/wp\/v2\/product\/1800","targetHints":{"allow":["GET"]}}],"collection":[{"href":"http:\/\/klubmamgdynia.pl\/index.php\/wp-json\/wp\/v2\/product"}],"about":[{"href":"http:\/\/klubmamgdynia.pl\/index.php\/wp-json\/wp\/v2\/types\/product"}],"replies":[{"embeddable":true,"href":"http:\/\/klubmamgdynia.pl\/index.php\/wp-json\/wp\/v2\/comments?post=1800"}],"wp:featuredmedia":[{"embeddable":true,"href":"http:\/\/klubmamgdynia.pl\/index.php\/wp-json\/wp\/v2\/media\/1801"}],"wp:attachment":[{"href":"http:\/\/klubmamgdynia.pl\/index.php\/wp-json\/wp\/v2\/media?parent=1800"}],"wp:term":[{"taxonomy":"product_cat","embeddable":true,"href":"http:\/\/klubmamgdynia.pl\/index.php\/wp-json\/wp\/v2\/product_cat?post=1800"},{"taxonomy":"product_tag","embeddable":true,"href":"http:\/\/klubmamgdynia.pl\/index.php\/wp-json\/wp\/v2\/product_tag?post=1800"}],"curies":[{"name":"wp","href":"https:\/\/api.w.org\/{rel}","templated":true}]}}