{"id":1806,"date":"2020-10-19T10:58:48","date_gmt":"2020-10-19T08:58:48","guid":{"rendered":"http:\/\/klubmamgdynia.pl\/index.php\/produkt\/immortal-realms-vampire-wars-gra-ns\/"},"modified":"2026-04-03T19:40:36","modified_gmt":"2026-04-03T17:40:36","slug":"immortal-realms-vampire-wars-gra-ns","status":"publish","type":"product","link":"http:\/\/klubmamgdynia.pl\/index.php\/produkt\/immortal-realms-vampire-wars-gra-ns\/","title":{"rendered":"Immortal Realms Vampire Wars (Gra NS)"},"content":{"rendered":"<p>W naszej ofercieTYTU\u0141: Immortal Realms: Vampire WarsPLATFORMA: Nintendo SwitchSTAN: Nowa w foliiWERSJA J\u0118ZYKOWA: AngielskaNAJLEPSZA CENA NA RYNKU!Zapraszamy Serdecznie do Zakupu!Mo\u017cliwy odbi\u00f3r osobisty po wcze\u015bniejszym kontakcie w Kielcach, Radomiu, Rzeszowie i LublinieWi\u0119cej informacji o grze: https:\/\/www.gry-online.pl\/gry\/immortal-realms-vampire-wars\/z557ed#switchZdj\u0119cie ok\u0142adki pogl\u0105doweImmortal Realms: Vampire Wars to wci\u0105gaj\u0105ca strategia w mrocznym i niebezpiecznym \u015bwiecie opanowanym przez wampiry, \u0142\u0105cz\u0105ca zarz\u0105dzanie imperium i walki turowe z elementami mechanik znanych z gier karcianych. Zanurz si\u0119 w ba\u015bniowym \u015bwiecie pe\u0142nym grozy, legend i gotyckiego klimatu, po\u0142\u0105czonym z wymagaj\u0105c\u0105 strategicznego my\u015blenia rozgrywk\u0105! G\u0142\u00f3wne cechy gry:- Prawda wyjdzie na jaw: Odkryj sekrety Nemire we wci\u0105gaj\u0105cej historii opowiedzianej przez 12 starannie skonstruowanych misji na czterech zr\u00f3\u017cnicowanych terenach. Fabu\u0142a zaprezentowana jest z perspektywy czworga wampirzych w\u0142adc\u00f3w, cechuj\u0105cych si\u0119 w\u0142asnymi celami i planami. &#8211; Odkryj wi\u0119zy krwi: Steruj jednym z trzech unikalnych wampirzych klan\u00f3w, ka\u017cdy z innymi jednostkami, mocami, mechanik\u0105 i postaciami. Do wyboru jest krwio\u017cerczy klan Dracul, staro\u017cytni Nosfernus oraz mistyczni Moroia. &#8211; Moce wampiryzmu: Elementy karcianki pog\u0142\u0119biaj\u0105 rozgrywk\u0119 i od\u015bwie\u017caj\u0105 gatunek. Ka\u017cdy klan i ka\u017cdy z wampirzych w\u0142adc\u00f3w ma w\u0142asn\u0105 tali\u0119 kart, kt\u00f3re mo\u017cna \u0142\u0105czy\u0107 w pot\u0119\u017cne kombinacje. &#8211; Strategia i taktyka: Dow\u00f3d\u017a legendarnymi armiami, rekrutuj jednostki i odkrywaj nowe technologie w strategicznym trybie Kr\u00f3lestwa, a nast\u0119pnie sprawd\u017a swoje umiej\u0119tno\u015bci strategiczne w pe\u0142nym akcji trybie Walki. &#8211; Zr\u00f3\u017cnicowana zawarto\u015b\u0107: Wybierz jeden z trzech tryb\u00f3w rozgrywki: skupion\u0105 na fabule Kampani\u0119, otwarty \u015bwiat Trybu Dowolnego lub pe\u0142ne wyzwa\u0144 Potyczki.<\/p>\n<h2>Immortal Realms Vampire Wars (Gra NS) Kalypso Media<\/h2>\n<p>testy z lektury opowie\u015bci z narni lew czarownica i stara szafa, zagadki dla 7 latk\u00f3w, prezent dla nastolatk\u00f3w na \u015bwi\u0119ta, quiz z bajek, pozna\u0144 atrakcje dla dzieci, znane misie z film\u00f3w animowanych, kolorowanka pieski, kr\u00f3tkie bajki do czytania pdf, na roczek dla dziewczynki, najrzadsze imiona dla dziewczynek, darmowe kolorowanki do druku, psikusy na prima aprilis, zabawy dla 7 latki, jak narysowa\u0107 sanie miko\u0142aja, rzadkie imiona dla dziewczynek, najlepsze \u017carty na prima aprilis, marcelina imi\u0119<\/p>\n<p>yyyyy<\/p>\n<p>&nbsp;<\/p>\n","protected":false},"excerpt":{"rendered":"<p>W naszej ofercieTYTU\u0141: Immortal Realms: Vampire WarsPLATFORMA: Nintendo SwitchSTAN: Nowa w foliiWERSJA J\u0118ZYKOWA: AngielskaNAJLEPSZA CENA NA RYNKU!Zapraszamy Serdecznie do Zakupu!Mo\u017cliwy odbi\u00f3r osobisty po wcze\u015bniejszym kontakcie w Kielcach, Radomiu, Rzeszowie i LublinieWi\u0119cej informacji o grze: https:\/\/www.gry-online.pl\/gry\/immortal-realms-vampire-wars\/z557ed#switchZdj\u0119cie ok\u0142adki pogl\u0105doweImmortal Realms: Vampire Wars to wci\u0105gaj\u0105ca strategia w mrocznym i niebezpiecznym \u015bwiecie opanowanym przez wampiry, \u0142\u0105cz\u0105ca zarz\u0105dzanie imperium i [&hellip;]<\/p>\n","protected":false},"featured_media":1807,"comment_status":"closed","ping_status":"open","template":"","meta":[],"product_cat":[348,444],"product_tag":[839,870,621,576],"class_list":["post-1806","product","type-product","status-publish","has-post-thumbnail","hentry","product_cat-gry-nintendo-switch","product_cat-kalypso-media","product_tag-bajki-na-dobranoc-do-czytania","product_tag-prezent-dla-chlopca-na-roczek","product_tag-prezenty-roczek","product_tag-trudne-zagadki"],"_links":{"self":[{"href":"http:\/\/klubmamgdynia.pl\/index.php\/wp-json\/wp\/v2\/product\/1806","targetHints":{"allow":["GET"]}}],"collection":[{"href":"http:\/\/klubmamgdynia.pl\/index.php\/wp-json\/wp\/v2\/product"}],"about":[{"href":"http:\/\/klubmamgdynia.pl\/index.php\/wp-json\/wp\/v2\/types\/product"}],"replies":[{"embeddable":true,"href":"http:\/\/klubmamgdynia.pl\/index.php\/wp-json\/wp\/v2\/comments?post=1806"}],"wp:featuredmedia":[{"embeddable":true,"href":"http:\/\/klubmamgdynia.pl\/index.php\/wp-json\/wp\/v2\/media\/1807"}],"wp:attachment":[{"href":"http:\/\/klubmamgdynia.pl\/index.php\/wp-json\/wp\/v2\/media?parent=1806"}],"wp:term":[{"taxonomy":"product_cat","embeddable":true,"href":"http:\/\/klubmamgdynia.pl\/index.php\/wp-json\/wp\/v2\/product_cat?post=1806"},{"taxonomy":"product_tag","embeddable":true,"href":"http:\/\/klubmamgdynia.pl\/index.php\/wp-json\/wp\/v2\/product_tag?post=1806"}],"curies":[{"name":"wp","href":"https:\/\/api.w.org\/{rel}","templated":true}]}}