{"id":1810,"date":"2018-03-18T19:18:06","date_gmt":"2018-03-18T18:18:06","guid":{"rendered":"http:\/\/klubmamgdynia.pl\/index.php\/produkt\/polo-ralph-lauren-ph-2252-6028-48-rozm-s\/"},"modified":"2026-04-14T18:24:03","modified_gmt":"2026-04-14T16:24:03","slug":"polo-ralph-lauren-ph-2252-6028-48-rozm-s","status":"publish","type":"product","link":"http:\/\/klubmamgdynia.pl\/index.php\/produkt\/polo-ralph-lauren-ph-2252-6028-48-rozm-s\/","title":{"rendered":"Polo Ralph Lauren Ph 2252 6028 48 Rozm. S"},"content":{"rendered":"<p>Teraz w Aurum-Optics do ka\u017cdego zam\u00f3wienia dodajemy wyj\u0105tkowe korzy\u015bci &#8211; w zale\u017cno\u015bci od rodzaju okular\u00f3w.SPRAWD\u0179 DODATKOWE KORZY\u015aCIOkulary PH 2252 6028 48 &#8211; wysoka jako\u015b\u0107 i doskona\u0142y stylOkulary korekcyjne Polo Ralph Lauren PH 2252 6028 48 to znakomity model, kt\u00f3ry \u015bwietnie wygl\u0105da i wyr\u00f3\u017cnia si\u0119 wysok\u0105 jako\u015bci\u0105 wykonania. Te oprawki korekcyjne charakteryzuje nie tylko doskona\u0142y design &#8211; gwarantuj\u0105 one tak\u017ce najwy\u017cszy komfort widzenia. Markowe okulary Polo Ralph LaurenElegancki, rozpoznawalny na ca\u0142ym \u015bwiecie i niezwykle presti\u017cowy styl marki Polo Ralph Lauren to doskona\u0142y wyb\u00f3r dla ka\u017cdego mi\u0142o\u015bnika wyj\u0105tkowego szyku. Okulary tej marki to gwarancja najwy\u017cszej jako\u015bci oraz wzornictwa, kt\u00f3re wyr\u00f3\u017cni Ci\u0119 w ka\u017cdym towarzystwie. Designerskie okulary Polo Ralph Lauren to perfekcyjny wyb\u00f3r!&#8230;<\/p>\n<h2>Polo Ralph Lauren Ph 2252 6028 48 Rozm. S Polo Ralph Lauren<\/h2>\n<p>laura, kolorowanki do druku super zings, lektura asiunia &#8211; test, quizy o skokach narciarskich, zagadki dla 4 latka do druku, jak narysowa\u0107 nos, kubu\u015b puchatek cytaty, 1 listopada dzie\u0144 wszystkich \u015bwi\u0119tych kolorowanki, najpi\u0119kniejsze cytaty o przyja\u017ani, prezent dla dziecka na roczek, imi\u0119 leon, zagadki na logiczne my\u015blenie, henryk, kolorowanka kotek, zagadki \u015bwi\u0105teczne dla dzieci, atrakcje dla dzieci warszawa i okolice, malowanki do druku, podzi\u0119kowania dla nauczyciela cytaty<\/p>\n<p>yyyyy<\/p>\n<p>&nbsp;<\/p>\n","protected":false},"excerpt":{"rendered":"<p>Teraz w Aurum-Optics do ka\u017cdego zam\u00f3wienia dodajemy wyj\u0105tkowe korzy\u015bci &#8211; w zale\u017cno\u015bci od rodzaju okular\u00f3w.SPRAWD\u0179 DODATKOWE KORZY\u015aCIOkulary PH 2252 6028 48 &#8211; wysoka jako\u015b\u0107 i doskona\u0142y stylOkulary korekcyjne Polo Ralph Lauren PH 2252 6028 48 to znakomity model, kt\u00f3ry \u015bwietnie wygl\u0105da i wyr\u00f3\u017cnia si\u0119 wysok\u0105 jako\u015bci\u0105 wykonania. Te oprawki korekcyjne charakteryzuje nie tylko doskona\u0142y design [&hellip;]<\/p>\n","protected":false},"featured_media":1811,"comment_status":"closed","ping_status":"open","template":"","meta":[],"product_cat":[149,468],"product_tag":[801,729,862],"class_list":["post-1810","product","type-product","status-publish","has-post-thumbnail","hentry","product_cat-okulary-oprawki-i-szkla","product_cat-polo-ralph-lauren","product_tag-bajki-terapeutyczne-o-emocjach","product_tag-madre-bajki-dla-dzieci-do-czytania","product_tag-nasza-zima-zla-tekst"],"_links":{"self":[{"href":"http:\/\/klubmamgdynia.pl\/index.php\/wp-json\/wp\/v2\/product\/1810","targetHints":{"allow":["GET"]}}],"collection":[{"href":"http:\/\/klubmamgdynia.pl\/index.php\/wp-json\/wp\/v2\/product"}],"about":[{"href":"http:\/\/klubmamgdynia.pl\/index.php\/wp-json\/wp\/v2\/types\/product"}],"replies":[{"embeddable":true,"href":"http:\/\/klubmamgdynia.pl\/index.php\/wp-json\/wp\/v2\/comments?post=1810"}],"wp:featuredmedia":[{"embeddable":true,"href":"http:\/\/klubmamgdynia.pl\/index.php\/wp-json\/wp\/v2\/media\/1811"}],"wp:attachment":[{"href":"http:\/\/klubmamgdynia.pl\/index.php\/wp-json\/wp\/v2\/media?parent=1810"}],"wp:term":[{"taxonomy":"product_cat","embeddable":true,"href":"http:\/\/klubmamgdynia.pl\/index.php\/wp-json\/wp\/v2\/product_cat?post=1810"},{"taxonomy":"product_tag","embeddable":true,"href":"http:\/\/klubmamgdynia.pl\/index.php\/wp-json\/wp\/v2\/product_tag?post=1810"}],"curies":[{"name":"wp","href":"https:\/\/api.w.org\/{rel}","templated":true}]}}