{"id":183,"date":"2022-03-26T14:24:25","date_gmt":"2022-03-26T13:24:25","guid":{"rendered":"http:\/\/klubmamgdynia.pl\/index.php\/produkt\/fotelik-samochodowy-cybex-solution-s2-i-fix-deep-black-15-50kg\/"},"modified":"2026-04-04T02:30:40","modified_gmt":"2026-04-04T00:30:40","slug":"fotelik-samochodowy-cybex-solution-s2-i-fix-deep-black-15-50kg","status":"publish","type":"product","link":"http:\/\/klubmamgdynia.pl\/index.php\/produkt\/fotelik-samochodowy-cybex-solution-s2-i-fix-deep-black-15-50kg\/","title":{"rendered":"Fotelik samochodowy Cybex Solution S2 I-Fix Deep Black 15-50Kg"},"content":{"rendered":"<p>Cybex Solution S2 i-Fix &#8211; fotelik samochodowy w normie i-Size 15-50 kgKolor\/wz\u00f3r: Deep BlackMarka Cybex po raz kolejny wychodzi naprzeciw oczekiwaniom pragmatycznych rodzic\u00f3w. Solution S2 i-Fix to bezpieczny fotelik samochodowy o obszernym siedzisku pozwalaj\u0105cym na wygodn\u0105 jazd\u0119 ka\u017cdemu dziecku, a\u017c do przekroczenia przez nie wagi 50 kg. Zastosowanie autorskich technologii marki Cybex, kt\u00f3re koncentruj\u0105 si\u0119 na ochronie najbardziej wra\u017cliwych cz\u0119\u015bci cia\u0142a ma\u0142ego pasa\u017cera &#8211; g\u0142owy i szyi, pomaga ograniczy\u0107 przykre konsekwencje ewentualnej kolizji bocznej i czo\u0142owej.Dzi\u0119ki odchylanym plecom monta\u017c fotelika jest wyj\u0105tkowo prosty i uniwersalny i mo\u017ce odbywa\u0107 si\u0119 przy u\u017cyciu z\u0142\u0105czy ISOFIX oraz samochodowych pas\u00f3w bezpiecze\u0144stwa lub za pomoc\u0105 samych pas\u00f3w.Cechy charakterystyczneRegulacja pochy\u0142u zag\u0142\u00f3wkaBezpiecze\u0144stwo Twojego dziecka, w du\u017cej mierze zale\u017cy od odpowiedniego dopasowania fotelika. Solution S2 i-Fix jako jeden z niewielu foteli z ostatniej grupy wagowej oferuje regulacje pochy\u0142u zag\u0142\u00f3wka, dzi\u0119ki kt\u00f3rej g\u0142owa ma\u0142ego pasa\u017cera pozostanie zawsze prawid\u0142owo podparta, by w razie wypadku czo\u0142owego nie dosz\u0142o do jej szarpni\u0119cia.Wyj\u0105tkowo obszerne siedziskoKa\u017cde dziecko jest wyj\u0105tkowe i wymaga indywidualnego podej\u015bcia przy dobrze fotela. Solution S2 i-Fix zosta\u0142 zaprojektowany, tak by maksymalnie u\u0142atwi\u0107 to zdanie, obszerne siedzisko, zapewni wygodn\u0105 i bezpieczn\u0105 podr\u00f3\u017c niemal ka\u017cdemu dziecku w przedziale wagowym 15- 50 kg.Regulacja wysoko\u015bci zag\u0142\u00f3wkaWielostopniowa regulacja wysoko\u015bci zag\u0142\u00f3wka, pozwala na idealne dopasowanie wysoko\u015bci fotelika do zmieniaj\u0105cego si\u0119 wzrostu dziecka. Prawid\u0142owo podparta g\u0142owa zyskuje odpowiedni\u0105 ochron\u0119 pomagaj\u0105c\u0105 zmniejszy\u0107 ewentualne skutki wypadk\u00f3w bocznych i czo\u0142owych.Regulowane oparcieZale\u017cnie od marki i modelu samochodu k\u0105t pomi\u0119dzy podstaw\u0105 i oparciem siedzenia mo\u017ce przybiera\u0107 r\u00f3\u017cne warto\u015bci. Ruchome oparcie fotela Solution S2 i-Fix pozwala na jego idealne dopasowanie do wi\u0119kszo\u015bci samochod\u00f3w znanych marek.System Ochrony bocznejRozbudowany system ochrony bocznej L.S.P. poch\u0142ania znaczn\u0105 cz\u0119\u015b\u0107 energii zmierzaj\u0105cej w stron\u0119 dziecka w tracie kolizji bocznej.Dodatkowa stabilno\u015b\u0107 dzi\u0119ki ISOFIXZ\u0142\u0105cza ISOFIX w po\u0142\u0105czeniu z samochodowymi trzypunktowymi pasami bezpiecze\u0144stwa, to stabilno\u015b\u0107 na najwy\u017cszym poziomie. W tracie wypadku czo\u0142owego ISOFIX przejmuje ci\u0119\u017car fotelika, przez co nie przygniata on dodatkowo pasa\u017cera.Rozbudowany system wentylacjiOddychaj\u0105ce materia\u0142y oraz niewielkie otwory w skorupie fotela sk\u0142adaj\u0105 si\u0119 na wydajny system wentylacyjny, kt\u00f3ry przyniesie ulg\u0119 podczas d\u0142ugich letnich podr\u00f3\u017cy.SpecyfikacjaWzrost dziecka (zgodnie i-Size):100 &#8211; 150 cmGrupa wagowa:od 15 do 50 kgWaga:6,2 kg<\/p>\n<h2>Fotelik samochodowy Cybex Solution S2 I-Fix Deep Black 15-50Kg Cybex<\/h2>\n<p>imi\u0119 nadia, historia pluszowego misia, przyjed\u017a do nas miko\u0142aju tekst, korczak cytaty, prezenty dla nastolatek, szopka do druku, gry dla nastolatk\u00f3w, prezent dla 14 latki, gotowe zaproszenia na urodziny do wydrukowania, prezent dla 17 latka, ida swieta wielkanocne ida swieta, gabriela imie, mi\u0142osz imie, adela, piosenki dla dzieci o jesieni<\/p>\n<p>yyyyy<\/p>\n<p>&nbsp;<\/p>\n","protected":false},"excerpt":{"rendered":"<p>Cybex Solution S2 i-Fix &#8211; fotelik samochodowy w normie i-Size 15-50 kgKolor\/wz\u00f3r: Deep BlackMarka Cybex po raz kolejny wychodzi naprzeciw oczekiwaniom pragmatycznych rodzic\u00f3w. Solution S2 i-Fix to bezpieczny fotelik samochodowy o obszernym siedzisku pozwalaj\u0105cym na wygodn\u0105 jazd\u0119 ka\u017cdemu dziecku, a\u017c do przekroczenia przez nie wagi 50 kg. Zastosowanie autorskich technologii marki Cybex, kt\u00f3re koncentruj\u0105 si\u0119 [&hellip;]<\/p>\n","protected":false},"featured_media":184,"comment_status":"closed","ping_status":"open","template":"","meta":[],"product_cat":[34,32],"product_tag":[838,852,810,704],"class_list":["post-183","product","type-product","status-publish","has-post-thumbnail","hentry","product_cat-cybex","product_cat-foteliki-samochodowe","product_tag-bajki-dla-dzieci-na-dobranoc","product_tag-jak-zrobic-samolot-z-papieru","product_tag-nauka-zegara-do-druku","product_tag-prezent-dla-nastolatka"],"_links":{"self":[{"href":"http:\/\/klubmamgdynia.pl\/index.php\/wp-json\/wp\/v2\/product\/183","targetHints":{"allow":["GET"]}}],"collection":[{"href":"http:\/\/klubmamgdynia.pl\/index.php\/wp-json\/wp\/v2\/product"}],"about":[{"href":"http:\/\/klubmamgdynia.pl\/index.php\/wp-json\/wp\/v2\/types\/product"}],"replies":[{"embeddable":true,"href":"http:\/\/klubmamgdynia.pl\/index.php\/wp-json\/wp\/v2\/comments?post=183"}],"wp:featuredmedia":[{"embeddable":true,"href":"http:\/\/klubmamgdynia.pl\/index.php\/wp-json\/wp\/v2\/media\/184"}],"wp:attachment":[{"href":"http:\/\/klubmamgdynia.pl\/index.php\/wp-json\/wp\/v2\/media?parent=183"}],"wp:term":[{"taxonomy":"product_cat","embeddable":true,"href":"http:\/\/klubmamgdynia.pl\/index.php\/wp-json\/wp\/v2\/product_cat?post=183"},{"taxonomy":"product_tag","embeddable":true,"href":"http:\/\/klubmamgdynia.pl\/index.php\/wp-json\/wp\/v2\/product_tag?post=183"}],"curies":[{"name":"wp","href":"https:\/\/api.w.org\/{rel}","templated":true}]}}