{"id":1866,"date":"2012-07-28T07:19:28","date_gmt":"2012-07-28T05:19:28","guid":{"rendered":"http:\/\/klubmamgdynia.pl\/index.php\/produkt\/lean-cars-auto-na-akumulator-mercedes-g63-amg-bialy\/"},"modified":"2026-04-12T16:36:55","modified_gmt":"2026-04-12T14:36:55","slug":"lean-cars-auto-na-akumulator-mercedes-g63-amg-bialy","status":"publish","type":"product","link":"http:\/\/klubmamgdynia.pl\/index.php\/produkt\/lean-cars-auto-na-akumulator-mercedes-g63-amg-bialy\/","title":{"rendered":"Lean Cars Auto na Akumulator Mercedes G63 AMG Bia\u0142y"},"content":{"rendered":"<p>Bia\u0142y Mercedes G63 na akumulatorDzieci\u0119ca wersja Mercedesa G63 AMG na akumulator b\u0119dzie rewelacyjnym prezentem dla ka\u017cdego kilkulatka, kt\u00f3ry uwielbia bawi\u0107 si\u0119 autkami r\u00f3\u017cnego rodzaju. Pe\u0142nowymiarowy Mercedes G63 AMG pierwotnie zosta\u0142 zaprojektowany dla armii, czemu zawdzi\u0119cza sw\u00f3j bry\u0142owaty, toporny kszta\u0142t, niepozwalaj\u0105cy na pomylenie go z innym modelem. Ostre linie znalaz\u0142y si\u0119 r\u00f3wnie\u017c w konstrukcji akumulatorowej wersji Mercedesa G63 AMG dla dzieci.Dlaczego warto wybra\u0107 militarnego Mercedesa G63 AMG w kolorze bia\u0142ym? Polecamy go ze wzgl\u0119du na:- oficjaln\u0105 licencj\u0119 koncernu Mercedes-Benz Daimler AG,- surowy design nawi\u0105zuj\u0105cy do wygl\u0105du pe\u0142nowymiarowego Mercedesa G63 AMG,- po\u0142\u0105czenie komfortu jazdy z bezpiecze\u0144stwem zabawy,- zasilanie wysokogatunkowymi podzespo\u0142ami,- urozmaicenia w formiepanelu d\u017awi\u0119kowego lub o\u015bwietlenia LED.Bia\u0142y Mercedes G63 AMG jest istnym po\u0142\u0105czeniem solidno\u015bci, najwy\u017cszej jako\u015bci i militarnego wzornictwa. Pojazd ten sprawdzi si\u0119 zar\u00f3wno podczas codziennych jazd po osiedlu, jak i w czasie weekendowych wycieczek poza miasto. Znajduj\u0105ce si\u0119 \u201epod mask\u0105&#8221;dwa silniki o mocy 45Wka\u017cdy w po\u0142\u0105czeniu z akumulatorem 12V4,5Ahumo\u017cliwiaj\u0105 jazd\u0119 w pr\u0119dko\u015bci od 3 do 5 km\/h, co z pewno\u015bci\u0105 zrobi wra\u017cenie nie tylko na ma\u0142ym kierowcy, ale i przechodniach.Przyci\u0105gaj\u0105ce wzrok elementy konstrukcyjne Mercedesa G63 AMG to mi\u0119dzy innymi pionowa, przyciemniana przednia szyba, proste drzwi z wewn\u0119trzn\u0105 blokad\u0105, po\u0142yskuj\u0105ce o\u017cebrowanie stanowi\u0105ce os\u0142on\u0119 ch\u0142odnicy czy wysoki prze\u015bwit uwypuklaj\u0105cy bie\u017cnikowane ko\u0142a ozdobione srebrnymi ko\u0142pakami. Prosta, bia\u0142a kolorystyka prze\u0142amana jest czarnymi detalami w postaci obramowa\u0144 szyb, ozdobnych listew i lusterek, a tak\u017ce chromowanymi, po\u0142yskuj\u0105cymi podn\u00f3\u017ckami zewn\u0119trznymi.Wewn\u0105trz militarnego Mercedesa umieszczono mi\u0119kk\u0105 kanap\u0119 wyko\u0144czon\u0105 pikowan\u0105 ekosk\u00f3r\u0105 oraz regulowane pasy bezpiecze\u0144stwa. Na desce rozdzielczej znajduje si\u0119 na obrotowakierownica sygnowana logo z tr\u00f3jramienn\u0105 gwiazd\u0105, imitacje wska\u017anik\u00f3w, mi\u0119dzy innymi pr\u0119dko\u015bciomierza i obrotomierza, czy odtwarzacz muzyczny z funkcj\u0105 radia FM, pod\u0142\u0105czenia s\u0142uchawek, USB lub karty pami\u0119ci. Rozwi\u0105zanie to uprzyjemni ka\u017cd\u0105 podr\u00f3\u017c, pozwalaj\u0105c poczu\u0107 si\u0119 maluchowi jak w prawdziwym aucie.Masywny Mercedes G63 AMG w militarnym wydaniu b\u0119dzie spe\u0142nieniem marze\u0144 ka\u017cdego kilkulatka \u2014 jeste\u015bmy pewni, \u017ce spodoba si\u0119 te\u017c jego rodzicom i dziadkom. Obs\u0142uga pojazdu jest wyj\u0105tkowo prosta. Wystarczy, \u017ce maluch wci\u015bnie przycisk startu, z\u0142apie w d\u0142onie kierownic\u0119 i wci\u015bnie przycisk gazu. Gotowe, ju\u017c mo\u017ce jecha\u0107 przed siebie. Je\u015bli jednak chcecie pom\u00f3c swojemu maluchowi, u\u017cyjcie do\u0142\u0105czonego do zestawupilota zdalnego sterowania 2.4G, dzi\u0119ki kt\u00f3remu b\u0119dziecie mogli w pe\u0142ni przej\u0105c stery nad pojazdem, przynosz\u0105c kilkulatkowi ogrom rado\u015bci. Bia\u0142y Mercedes G63 AMG posiada certyfikat CE, wykonano go z atestowanych materia\u0142\u00f3w. Elektryczne autko sprawi, \u017ce u\u015bmiech nie b\u0119dzie schodzi\u0107 z twarzy \u017cadnego kilkulatka.Informacje o produkcieModel Mercedes G63 AMGKolor Bia\u0142ySilnik 2x45WAkumulator 1x12V4,5AhSkrzynia Bieg\u00f3w 3 Pr\u0119dko\u015bciWymiary Pojazdu 105cm x 55cm x 33cmPr\u0119dko\u015b\u0107 3-5 km\/hMasa W\u0142asna 16kgMax. Obci\u0105\u017cenie 30kgCzas \u0141adowania 8 godzinCzas Dzia\u0142ania do 1 godzinyHamulec Automatyczny po zwolnieniu peda\u0142u gazu, Zatrzymanie awaryjne z pilota (P)Pasy Bezpiecze\u0144stwa \u2713Otwierane Drzwi \u2713Kluczyki \u2715Fotele Mi\u0119kka ekosk\u00f3raKo\u0142a Mi\u0119kkie EVAZdalne Sterowanie 2.4G, 3 pr\u0119dko\u015bci\u015awiat\u0142a Przednie LEDAudio Wej\u015bcie MP3, Melodie i klakson na kierownicy, USB, Mikro SD, Mo\u017cliwo\u015b\u0107 wyboru \u017ar\u00f3d\u0142a d\u017awi\u0119ku<\/p>\n<h2>Lean Cars Auto na Akumulator Mercedes G63 AMG Bia\u0142y Lean Cars<\/h2>\n<p>bajki na dobranoc dla dzieci, quizy o minecraft, cytaty o wychowaniu dzieci, cytaty o przyja\u017ani, test miko\u0142ajek 25 pyta\u0144, cytaty o przyja\u017ani, prezenty dla nastolatk\u00f3w do 50 z\u0142, co kupi\u0107 dziecku na roczek, przeczytaj mi wiersz, ciekawe miejsca w warszawie dla m\u0142odzie\u017cy, zagadki \u015bmieszne podchwytliwe, mia imie, milan znaczenie imienia, zak\u0142adka do ksi\u0105\u017cki szablon, quiz o psie kt\u00f3ry je\u017adzi\u0142 kolej\u0105, wzruszaj\u0105ce s\u0142owa dla przyjaci\u00f3\u0142ki, mia<\/p>\n<p>yyyyy<\/p>\n<p>&nbsp;<\/p>\n","protected":false},"excerpt":{"rendered":"<p>Bia\u0142y Mercedes G63 na akumulatorDzieci\u0119ca wersja Mercedesa G63 AMG na akumulator b\u0119dzie rewelacyjnym prezentem dla ka\u017cdego kilkulatka, kt\u00f3ry uwielbia bawi\u0107 si\u0119 autkami r\u00f3\u017cnego rodzaju. Pe\u0142nowymiarowy Mercedes G63 AMG pierwotnie zosta\u0142 zaprojektowany dla armii, czemu zawdzi\u0119cza sw\u00f3j bry\u0142owaty, toporny kszta\u0142t, niepozwalaj\u0105cy na pomylenie go z innym modelem. Ostre linie znalaz\u0142y si\u0119 r\u00f3wnie\u017c w konstrukcji akumulatorowej wersji [&hellip;]<\/p>\n","protected":false},"featured_media":1867,"comment_status":"closed","ping_status":"open","template":"","meta":[],"product_cat":[69,24],"product_tag":[666,639,830,586,857],"class_list":["post-1866","product","type-product","status-publish","has-post-thumbnail","hentry","product_cat-lean-cars","product_cat-samochody-dla-dzieci","product_tag-afrykanskie-imiona","product_tag-nela-imie","product_tag-rodzina-cytaty","product_tag-smieszne-zagadki","product_tag-zagadki-dla-dzieci-7-8-lat"],"_links":{"self":[{"href":"http:\/\/klubmamgdynia.pl\/index.php\/wp-json\/wp\/v2\/product\/1866","targetHints":{"allow":["GET"]}}],"collection":[{"href":"http:\/\/klubmamgdynia.pl\/index.php\/wp-json\/wp\/v2\/product"}],"about":[{"href":"http:\/\/klubmamgdynia.pl\/index.php\/wp-json\/wp\/v2\/types\/product"}],"replies":[{"embeddable":true,"href":"http:\/\/klubmamgdynia.pl\/index.php\/wp-json\/wp\/v2\/comments?post=1866"}],"wp:featuredmedia":[{"embeddable":true,"href":"http:\/\/klubmamgdynia.pl\/index.php\/wp-json\/wp\/v2\/media\/1867"}],"wp:attachment":[{"href":"http:\/\/klubmamgdynia.pl\/index.php\/wp-json\/wp\/v2\/media?parent=1866"}],"wp:term":[{"taxonomy":"product_cat","embeddable":true,"href":"http:\/\/klubmamgdynia.pl\/index.php\/wp-json\/wp\/v2\/product_cat?post=1866"},{"taxonomy":"product_tag","embeddable":true,"href":"http:\/\/klubmamgdynia.pl\/index.php\/wp-json\/wp\/v2\/product_tag?post=1866"}],"curies":[{"name":"wp","href":"https:\/\/api.w.org\/{rel}","templated":true}]}}