{"id":187,"date":"2020-12-27T09:06:05","date_gmt":"2020-12-27T08:06:05","guid":{"rendered":"http:\/\/klubmamgdynia.pl\/index.php\/produkt\/hipp-zupka-jarzynowa-krem-bio-po-4-miesiacu-125g\/"},"modified":"2026-05-17T22:57:43","modified_gmt":"2026-05-17T20:57:43","slug":"hipp-zupka-jarzynowa-krem-bio-po-4-miesiacu-125g","status":"publish","type":"product","link":"http:\/\/klubmamgdynia.pl\/index.php\/produkt\/hipp-zupka-jarzynowa-krem-bio-po-4-miesiacu-125g\/","title":{"rendered":"Hipp Zupka Jarzynowa Krem Bio Po 4 Miesi\u0105cu 125G"},"content":{"rendered":"<p>HiPP Zupka jarzynowa &#8211; krem Bio 125g<\/p>\n<h2>Hipp Zupka Jarzynowa Krem Bio Po 4 Miesi\u0105cu 125G Hipp<\/h2>\n<p>halloween dla dzieci warszawa 2021, aurelia imi\u0119, miasto dzieci krak\u00f3w, cytaty o mi\u0142o\u015bci do dziecka, dinozaury kolorowanki, kr\u00f3tkie bajki na dobranoc do czytania, proste zagadki logiczne, zagadka logiczna dla dzieci<\/p>\n<p>yyyyy<\/p>\n<p>&nbsp;<\/p>\n","protected":false},"excerpt":{"rendered":"<p>HiPP Zupka jarzynowa &#8211; krem Bio 125g Hipp Zupka Jarzynowa Krem Bio Po 4 Miesi\u0105cu 125G Hipp halloween dla dzieci warszawa 2021, aurelia imi\u0119, miasto dzieci krak\u00f3w, cytaty o mi\u0142o\u015bci do dziecka, dinozaury kolorowanki, kr\u00f3tkie bajki na dobranoc do czytania, proste zagadki logiczne, zagadka logiczna dla dzieci yyyyy &nbsp;<\/p>\n","protected":false},"featured_media":188,"comment_status":"closed","ping_status":"open","template":"","meta":[],"product_cat":[81,66],"product_tag":[612,606,873,615],"class_list":["post-187","product","type-product","status-publish","has-post-thumbnail","hentry","product_cat-dania-dla-dzieci","product_cat-hipp","product_tag-kolorowanki-do-druku","product_tag-stala-pod-sniegiem","product_tag-zagadki-z-odpowiedziami-dla-dzieci","product_tag-znane-misie-z-filmow-animowanych"],"_links":{"self":[{"href":"http:\/\/klubmamgdynia.pl\/index.php\/wp-json\/wp\/v2\/product\/187","targetHints":{"allow":["GET"]}}],"collection":[{"href":"http:\/\/klubmamgdynia.pl\/index.php\/wp-json\/wp\/v2\/product"}],"about":[{"href":"http:\/\/klubmamgdynia.pl\/index.php\/wp-json\/wp\/v2\/types\/product"}],"replies":[{"embeddable":true,"href":"http:\/\/klubmamgdynia.pl\/index.php\/wp-json\/wp\/v2\/comments?post=187"}],"wp:featuredmedia":[{"embeddable":true,"href":"http:\/\/klubmamgdynia.pl\/index.php\/wp-json\/wp\/v2\/media\/188"}],"wp:attachment":[{"href":"http:\/\/klubmamgdynia.pl\/index.php\/wp-json\/wp\/v2\/media?parent=187"}],"wp:term":[{"taxonomy":"product_cat","embeddable":true,"href":"http:\/\/klubmamgdynia.pl\/index.php\/wp-json\/wp\/v2\/product_cat?post=187"},{"taxonomy":"product_tag","embeddable":true,"href":"http:\/\/klubmamgdynia.pl\/index.php\/wp-json\/wp\/v2\/product_tag?post=187"}],"curies":[{"name":"wp","href":"https:\/\/api.w.org\/{rel}","templated":true}]}}