{"id":1872,"date":"2011-09-13T20:26:29","date_gmt":"2011-09-13T18:26:29","guid":{"rendered":"http:\/\/klubmamgdynia.pl\/index.php\/produkt\/smart-study-tanczaca-maskotka-baby-shark-zolta\/"},"modified":"2026-05-01T03:16:56","modified_gmt":"2026-05-01T01:16:56","slug":"smart-study-tanczaca-maskotka-baby-shark-zolta","status":"publish","type":"product","link":"http:\/\/klubmamgdynia.pl\/index.php\/produkt\/smart-study-tanczaca-maskotka-baby-shark-zolta\/","title":{"rendered":"Smart Study Ta\u0144cz\u0105ca maskotka Baby Shark \u017c\u00f3\u0142ta"},"content":{"rendered":"<p>Smart Study Ta\u0144cz\u0105ca maskotka Baby Shark \u017c\u00f3\u0142ta<\/p>\n<p>Kt\u00f3re dziecko nie zna<br \/>\ns\u0142ynnej ju\u017c piosenki autorstwa kana\u0142u Pinkfong na platformie YouTube Baby Shark?<\/p>\n<p>Firma Smart study stworzy\u0142a hit! Pluszowe maskotki<br \/>\nprzedstawiaj\u0105ce bohater\u00f3w popularnej piosenki Baby Shark od pierwszego<br \/>\nwejrzenia spodobaj\u0105 si\u0119 dzieciom i rozbawi\u0105 ka\u017cdego malucha!<\/p>\n<p>Piosenka opowiadaj\u0105ca o przygodach rodziny rekin\u00f3w<br \/>\nzamieszkuj\u0105cej podwodny \u015bwiat podbi\u0142a serca dzieci i doros\u0142ych z ca\u0142ego \u015bwiata.<br \/>\nTa\u00a0radosna melodia\u00a0potrafi<br \/>\npoprawi\u0107 humor w chwilach przygn\u0119bienia. Wsp\u00f3lne\u00a0\u015bpiewanie<br \/>\ni taniec\u00a0pog\u0142\u0119bia relacje z rodzin\u0105 i r\u00f3wie\u015bnikami, jest r\u00f3wnie\u017c<br \/>\ndoskona\u0142ym sposobem na aktywne sp\u0119dzenie wolnego czasu. Ta fantastyczna zabawa<br \/>\nka\u017cdemu doda pozytywnej energii!                            <\/p>\n<p>            Ulubieniec ka\u017cdego dziecka<\/p>\n<p>Dotknij g\u0142owy maskotki lub\u00a0klaszcz\u00a0w\u00a0rytm<br \/>\nmuzyki\u00a0i zaobserwuj jak ma\u0142y rekin wiruje w ta\u0144cu nuc\u0105c twoj\u0105<br \/>\nulubion\u0105 melodi\u0119. Ciesz si\u0119 chwil\u0105 razem z Baby Shark \u2013\u00a0kr\u0119\u0107<br \/>\nsi\u0119 w k\u00f3\u0142ko, podskakuj i \u015bpiewaj radosn\u0105 piosenk\u0119. Interaktywna\u00a0maskotka<br \/>\nzosta\u0142a wykonana z przyjemnego w dotyku materia\u0142u. Baby Shark w \u017c\u00f3\u0142to-bia\u0142ym<br \/>\nkolorze posiada charakterystyczne oczy i szczery u\u015bmiech, odstaj\u0105ce p\u0142etwy oraz<br \/>\nzwinny ogon<\/p>\n<h2>Smart Study Ta\u0144cz\u0105ca maskotka Baby Shark \u017c\u00f3\u0142ta Smart Study<\/h2>\n<p>ozdoby \u015bwi\u0105teczne do zrobienia z dzie\u0107mi, test z opowie\u015bci z narnii, zagadki liczbowe, mandala kolorowanka, zagadki o wiosnie, quiz flagi europy, opis na dzie\u0144 mamy, malowanie past\u0105 do z\u0119b\u00f3w, lol do druku, milosc do dzieci, pa\u0144stwa europy i ich stolice quiz, maski karnawa\u0142owe dla dzieci szablony, prezent dla 14 letniej dziewczyny<\/p>\n<p>yyyyy<\/p>\n<p>&nbsp;<\/p>\n","protected":false},"excerpt":{"rendered":"<p>Smart Study Ta\u0144cz\u0105ca maskotka Baby Shark \u017c\u00f3\u0142ta Kt\u00f3re dziecko nie zna s\u0142ynnej ju\u017c piosenki autorstwa kana\u0142u Pinkfong na platformie YouTube Baby Shark? Firma Smart study stworzy\u0142a hit! Pluszowe maskotki przedstawiaj\u0105ce bohater\u00f3w popularnej piosenki Baby Shark od pierwszego wejrzenia spodobaj\u0105 si\u0119 dzieciom i rozbawi\u0105 ka\u017cdego malucha! Piosenka opowiadaj\u0105ca o przygodach rodziny rekin\u00f3w zamieszkuj\u0105cej podwodny \u015bwiat podbi\u0142a [&hellip;]<\/p>\n","protected":false},"featured_media":1873,"comment_status":"closed","ping_status":"open","template":"","meta":[],"product_cat":[42,477],"product_tag":[834,676,752,759,762,741],"class_list":["post-1872","product","type-product","status-publish","has-post-thumbnail","hentry","product_cat-maskotki","product_cat-smart-study","product_tag-bajka-do-czytania-na-dobranoc","product_tag-bursztynek","product_tag-kuba-imie","product_tag-pomysly-na-prezent-dla-nastolatkow","product_tag-trudne-zagadki-dla-dzieci","product_tag-wlochy"],"_links":{"self":[{"href":"http:\/\/klubmamgdynia.pl\/index.php\/wp-json\/wp\/v2\/product\/1872","targetHints":{"allow":["GET"]}}],"collection":[{"href":"http:\/\/klubmamgdynia.pl\/index.php\/wp-json\/wp\/v2\/product"}],"about":[{"href":"http:\/\/klubmamgdynia.pl\/index.php\/wp-json\/wp\/v2\/types\/product"}],"replies":[{"embeddable":true,"href":"http:\/\/klubmamgdynia.pl\/index.php\/wp-json\/wp\/v2\/comments?post=1872"}],"wp:featuredmedia":[{"embeddable":true,"href":"http:\/\/klubmamgdynia.pl\/index.php\/wp-json\/wp\/v2\/media\/1873"}],"wp:attachment":[{"href":"http:\/\/klubmamgdynia.pl\/index.php\/wp-json\/wp\/v2\/media?parent=1872"}],"wp:term":[{"taxonomy":"product_cat","embeddable":true,"href":"http:\/\/klubmamgdynia.pl\/index.php\/wp-json\/wp\/v2\/product_cat?post=1872"},{"taxonomy":"product_tag","embeddable":true,"href":"http:\/\/klubmamgdynia.pl\/index.php\/wp-json\/wp\/v2\/product_tag?post=1872"}],"curies":[{"name":"wp","href":"https:\/\/api.w.org\/{rel}","templated":true}]}}