{"id":1880,"date":"2020-05-12T04:31:34","date_gmt":"2020-05-12T02:31:34","guid":{"rendered":"http:\/\/klubmamgdynia.pl\/index.php\/produkt\/mega-creative-auto-zdalnie-sterowane-policja-biale-481916\/"},"modified":"2026-04-17T11:20:43","modified_gmt":"2026-04-17T09:20:43","slug":"mega-creative-auto-zdalnie-sterowane-policja-biale-481916","status":"publish","type":"product","link":"http:\/\/klubmamgdynia.pl\/index.php\/produkt\/mega-creative-auto-zdalnie-sterowane-policja-biale-481916\/","title":{"rendered":"Mega Creative Auto Zdalnie Sterowane Policja Bia\u0142e 481916"},"content":{"rendered":"<h2>Mega Creative Auto Zdalnie Sterowane Policja Bia\u0142e 481916 Mega Creative<\/h2>\n<p>wierszyki na smigus dyngus, 45 pa\u0144stw europy i ich stolice quiz, \u015bmieszne kanapki kanapki dla dzieci, ida swieta wielkanocne ida swieta, literki dla dzieci, prezent dla jedenastolatka, quiz opowie\u015bci z narnii lew czarownica i stara szafa, spiderman do druku, zagadki wielkanocne dla dzieci, prima aprilis pomys\u0142y, quiz o usa, pomys\u0142 na prezent dla nastolatka, prezent dla jedenastolatka, bajki dla dzieci na dobranoc do czytania, zagadki podchwytliwe, eksperymenty dla dzieci wulkan, test asiunia<\/p>\n<p>yyyyy<\/p>\n<p>&nbsp;<\/p>\n","protected":false},"excerpt":{"rendered":"<p>Mega Creative Auto Zdalnie Sterowane Policja Bia\u0142e 481916 Mega Creative wierszyki na smigus dyngus, 45 pa\u0144stw europy i ich stolice quiz, \u015bmieszne kanapki kanapki dla dzieci, ida swieta wielkanocne ida swieta, literki dla dzieci, prezent dla jedenastolatka, quiz opowie\u015bci z narnii lew czarownica i stara szafa, spiderman do druku, zagadki wielkanocne dla dzieci, prima aprilis [&hellip;]<\/p>\n","protected":false},"featured_media":1881,"comment_status":"closed","ping_status":"open","template":"","meta":[],"product_cat":[64,337],"product_tag":[719,580,643,726,625,576],"class_list":["post-1880","product","type-product","status-publish","has-post-thumbnail","hentry","product_cat-mega-creative","product_cat-zabawki-zdalnie-sterowane","product_tag-dziecko-cytaty-zlote-mysli","product_tag-janusz","product_tag-prezent-dla-17-latki","product_tag-quiz-zemsta","product_tag-trojmiasto-atrakcje-dla-dzieci","product_tag-trudne-zagadki"],"_links":{"self":[{"href":"http:\/\/klubmamgdynia.pl\/index.php\/wp-json\/wp\/v2\/product\/1880","targetHints":{"allow":["GET"]}}],"collection":[{"href":"http:\/\/klubmamgdynia.pl\/index.php\/wp-json\/wp\/v2\/product"}],"about":[{"href":"http:\/\/klubmamgdynia.pl\/index.php\/wp-json\/wp\/v2\/types\/product"}],"replies":[{"embeddable":true,"href":"http:\/\/klubmamgdynia.pl\/index.php\/wp-json\/wp\/v2\/comments?post=1880"}],"wp:featuredmedia":[{"embeddable":true,"href":"http:\/\/klubmamgdynia.pl\/index.php\/wp-json\/wp\/v2\/media\/1881"}],"wp:attachment":[{"href":"http:\/\/klubmamgdynia.pl\/index.php\/wp-json\/wp\/v2\/media?parent=1880"}],"wp:term":[{"taxonomy":"product_cat","embeddable":true,"href":"http:\/\/klubmamgdynia.pl\/index.php\/wp-json\/wp\/v2\/product_cat?post=1880"},{"taxonomy":"product_tag","embeddable":true,"href":"http:\/\/klubmamgdynia.pl\/index.php\/wp-json\/wp\/v2\/product_tag?post=1880"}],"curies":[{"name":"wp","href":"https:\/\/api.w.org\/{rel}","templated":true}]}}