{"id":1882,"date":"2024-10-01T02:05:09","date_gmt":"2024-10-01T00:05:09","guid":{"rendered":"http:\/\/klubmamgdynia.pl\/?post_type=product&#038;p=1882"},"modified":"2026-04-30T23:03:34","modified_gmt":"2026-04-30T21:03:34","slug":"carrera-carrerino_20","status":"publish","type":"product","link":"http:\/\/klubmamgdynia.pl\/index.php\/produkt\/carrera-carrerino_20\/","title":{"rendered":"Carrera &#8211; CARRERINO_20"},"content":{"rendered":"<p>Kolekcja:Wiosna\/LatoRodzaj:Dzieci\u0119caSzk\u0142a:lustrzankiOprawka:octanWielko\u015b\u0107 mostka, mm:17D\u0142ugo\u015b\u0107 zausznik\u00f3w, mm:125<\/p>\n<h2>Carrera &#8211; CARRERINO_20 Carrera<\/h2>\n<p>dyplomy szablony pdf, olaf znaczenie imienia, uk\u0142ad s\u0142oneczny dla dzieci, roza imie, bajki na dobranoc dla dzieci, bajka o smoku, uk\u0142ad s\u0142oneczny dla dzieci do druku, zagadki dla dzieci do druku, kartka walentynkow\u0105 przedszkole, test magiczne drzewo czerwone krzes\u0142o, kotki do druku, zagadki o zwierz\u0119tach le\u015bnych dla dzieci, najlepsze zarty na prima aprilis, rysowanki, mini zoo mazowieckie, choinka z bibu\u0142y, prezent dla 15 latka<\/p>\n<p>yyyyy<\/p>\n<p>&nbsp;<\/p>\n","protected":false},"excerpt":{"rendered":"<p>Kolekcja:Wiosna\/LatoRodzaj:Dzieci\u0119caSzk\u0142a:lustrzankiOprawka:octanWielko\u015b\u0107 mostka, mm:17D\u0142ugo\u015b\u0107 zausznik\u00f3w, mm:125 Carrera &#8211; CARRERINO_20 Carrera dyplomy szablony pdf, olaf znaczenie imienia, uk\u0142ad s\u0142oneczny dla dzieci, roza imie, bajki na dobranoc dla dzieci, bajka o smoku, uk\u0142ad s\u0142oneczny dla dzieci do druku, zagadki dla dzieci do druku, kartka walentynkow\u0105 przedszkole, test magiczne drzewo czerwone krzes\u0142o, kotki do druku, zagadki o zwierz\u0119tach le\u015bnych [&hellip;]<\/p>\n","protected":false},"featured_media":1883,"comment_status":"closed","ping_status":"open","template":"","meta":[],"product_cat":[140,479],"product_tag":[867,806,672,597],"class_list":["post-1882","product","type-product","status-publish","has-post-thumbnail","hentry","product_cat-carrera","product_cat-okulary-przeciwsloneczne-dzieciece","product_tag-kolorowanki-dla-dziewczynek","product_tag-prezent-dla-dziecka-na-roczek","product_tag-trudne-zagadki-z-odpowiedziami","product_tag-zagadki-o-zimie"],"_links":{"self":[{"href":"http:\/\/klubmamgdynia.pl\/index.php\/wp-json\/wp\/v2\/product\/1882","targetHints":{"allow":["GET"]}}],"collection":[{"href":"http:\/\/klubmamgdynia.pl\/index.php\/wp-json\/wp\/v2\/product"}],"about":[{"href":"http:\/\/klubmamgdynia.pl\/index.php\/wp-json\/wp\/v2\/types\/product"}],"replies":[{"embeddable":true,"href":"http:\/\/klubmamgdynia.pl\/index.php\/wp-json\/wp\/v2\/comments?post=1882"}],"wp:featuredmedia":[{"embeddable":true,"href":"http:\/\/klubmamgdynia.pl\/index.php\/wp-json\/wp\/v2\/media\/1883"}],"wp:attachment":[{"href":"http:\/\/klubmamgdynia.pl\/index.php\/wp-json\/wp\/v2\/media?parent=1882"}],"wp:term":[{"taxonomy":"product_cat","embeddable":true,"href":"http:\/\/klubmamgdynia.pl\/index.php\/wp-json\/wp\/v2\/product_cat?post=1882"},{"taxonomy":"product_tag","embeddable":true,"href":"http:\/\/klubmamgdynia.pl\/index.php\/wp-json\/wp\/v2\/product_tag?post=1882"}],"curies":[{"name":"wp","href":"https:\/\/api.w.org\/{rel}","templated":true}]}}