{"id":1910,"date":"2020-04-18T01:09:59","date_gmt":"2020-04-17T23:09:59","guid":{"rendered":"http:\/\/klubmamgdynia.pl\/index.php\/produkt\/muuvo-choc-krzeselko-do-karmienia-white\/"},"modified":"2026-04-27T21:01:50","modified_gmt":"2026-04-27T19:01:50","slug":"muuvo-choc-krzeselko-do-karmienia-white","status":"publish","type":"product","link":"http:\/\/klubmamgdynia.pl\/index.php\/produkt\/muuvo-choc-krzeselko-do-karmienia-white\/","title":{"rendered":"Muuvo Choc Krzese\u0142ko Do Karmienia White"},"content":{"rendered":"<p>Muuvo Choc &#8211; obrotowe krzese\u0142ko do karmienia Kolor\/wz\u00f3r: White Kiedy dziecko zaczyna samodzielnie siada\u0107, krzese\u0142ko do karmienia staje si\u0119 jego nowym centrum dowodzenia &#8211; to w nim rozkoszuje si\u0119 nowymi smakami oraz bierze udzia\u0142 w pierwszych debatach przy stole. Muuvo Choc to wyj\u0105tkowe krzese\u0142ko do karmienia &#8211; jego siedzisko jest obrotowe, dzi\u0119ki czemu rodzic z \u0142atwo\u015bci\u0105 mo\u017ce zwr\u00f3ci\u0107 dziecko w po\u017c\u0105danym kierunku, w zakresie 360 stopni. Choc jest krzese\u0142kiem wielofunkcyjnym, s\u0142u\u017c\u0105cym r\u00f3wnie\u017c jako niskie krzese\u0142ko lub wysoki i niski sto\u0142ek. Jego funkcjonalno\u015b\u0107 nie pozostawia wiele do \u017cyczenia &#8211; posiada podw\u00f3jn\u0105, regulowan\u0105 tack\u0119 oraz regulowany podn\u00f3\u017cek. Krzese\u0142ko jest idealnym odzwierciedleniem aktualnych trend\u00f3w, w kt\u00f3rych kr\u00f3luj\u0105 nawi\u0105zania do surowej, skandynawskiej stylistyki prze\u0142amanej ciep\u0142ym drewnem. Choc b\u0119dzie pasowa\u0107 do ka\u017cdego wn\u0119trza, co wraz z \u0142atwo\u015bci\u0105 obs\u0142ugi ucieszy ka\u017cdego rodzica. Cechy charakterystyczne Krzese\u0142ko obrotowe Muuvo Choc to krzese\u0142ko wyposa\u017cone w funkcj\u0119 obrotu. Dzi\u0119ki temu w dowolnym momencie mo\u017cemy zwr\u00f3ci\u0107 dziecko w wybranym przez nas kierunku, co daje maluszkowi poczucie bycia sta\u0142ym uczestnikiem rodzinnych obiad\u00f3w, rozm\u00f3w i zabaw. System obrotu jest wygodny dla rodzica. Krzese\u0142ko 3w1 Wysoka funkcjonalno\u015b\u0107 krzese\u0142ka to jego ogromna zaleta. Produkt stworzono w oparciu o system modu\u0142owy, co pozwala wyd\u0142u\u017cy\u0107 potencjalny czas u\u017cytkowania. Krzese\u0142ka mo\u017cemy u\u017cywa\u0107 jako niskie krzese\u0142ko do zabawy oraz taborecik, dzi\u0119ki czemu pos\u0142u\u017cy dziecku przez wiele lat. Podw\u00f3jna tacka Dla niekt\u00f3rych rodzic\u00f3w, samodzielne posi\u0142ki dzieci to niema\u0142e wyzwanie! Je\u015bli maluch lubi bawi\u0107 si\u0119 przy jedzeniu, a Ty nie masz serca odm\u00f3wi\u0107 mu tej przyjemno\u015bci, regulowana tacka oka\u017ce si\u0119 idealnym rozwi\u0105zaniem. Dzi\u0119ki temu dopasujesz j\u0105 do dziecka, co zmniejszy ryzyko przedostania si\u0119 resztek jedzenia na siedzisko krzese\u0142ka. Tack\u0119 mo\u017cna zdemontowa\u0107 i wygodnie wyczy\u015bci\u0107, jest podw\u00f3jna. Bezpieczna konstrukcja W krzese\u0142ku zastosowano najskuteczniejszy rodzaj uprz\u0119\u017cy &#8211; 5-punktowe pasy bezpiecze\u0144stwa przytrzymaj\u0105 cia\u0142o maluszka, dzi\u0119ki czemu ten nie wysunie si\u0119 z krzese\u0142ka. Co wi\u0119cej, pasy mo\u017cemy przek\u0142ada\u0107, dostosowuj\u0105c je do wzrostu dziecka. Solidna konstrukcja Muuvo Choc jest w stanie ud\u017awign\u0105\u0107 110 kg, w ramach tej wagi zmie\u015bci si\u0119 wielu doros\u0142ych. Regulowany podn\u00f3\u017cek Podn\u00f3\u017cek krzese\u0142ka jest regulowany, dzi\u0119ki czemu zawsze zapewnia nogom dziecka podparcie. Wygoda u\u017cytkowania nie opu\u015bci malucha ani na krok! Film<\/p>\n<h2>Muuvo Choc Krzese\u0142ko Do Karmienia White Muuvo<\/h2>\n<p>prezent na roczek dla chrze\u015bniaka, kolorowanka lego ninjago, bardzo trudne zagadki, ma\u0142y ksi\u0105\u017ce cytaty o przyja\u017ani, jeremi imi\u0119, kolorowanki lato, pomys\u0142 na prezent dla nastolatka, maly kotek kotek kolorowanka, peppa do czytania, bajki dla niemowl\u0105t do czytania, zagadki logiczne z odpowiedziami, kolorowanki do druku peppa, zima z\u0142a tekst, regina, wierszyki o marzannie, aron, karmen imie, markowa, zosia samosia wiersz<\/p>\n<p>yyyyy<\/p>\n<p>&nbsp;<\/p>\n","protected":false},"excerpt":{"rendered":"<p>Muuvo Choc &#8211; obrotowe krzese\u0142ko do karmienia Kolor\/wz\u00f3r: White Kiedy dziecko zaczyna samodzielnie siada\u0107, krzese\u0142ko do karmienia staje si\u0119 jego nowym centrum dowodzenia &#8211; to w nim rozkoszuje si\u0119 nowymi smakami oraz bierze udzia\u0142 w pierwszych debatach przy stole. Muuvo Choc to wyj\u0105tkowe krzese\u0142ko do karmienia &#8211; jego siedzisko jest obrotowe, dzi\u0119ki czemu rodzic z [&hellip;]<\/p>\n","protected":false},"featured_media":1911,"comment_status":"closed","ping_status":"open","template":"","meta":[],"product_cat":[158,485],"product_tag":[697,764,595,693],"class_list":["post-1910","product","type-product","status-publish","has-post-thumbnail","hentry","product_cat-krzeselka-do-karmienia","product_cat-muuvo","product_tag-krotkie-bajki-do-czytania","product_tag-prezenty-na-roczek-dla-dziewczynki","product_tag-zagadki-dla-6-latka","product_tag-zagadki-dla-doroslych"],"_links":{"self":[{"href":"http:\/\/klubmamgdynia.pl\/index.php\/wp-json\/wp\/v2\/product\/1910","targetHints":{"allow":["GET"]}}],"collection":[{"href":"http:\/\/klubmamgdynia.pl\/index.php\/wp-json\/wp\/v2\/product"}],"about":[{"href":"http:\/\/klubmamgdynia.pl\/index.php\/wp-json\/wp\/v2\/types\/product"}],"replies":[{"embeddable":true,"href":"http:\/\/klubmamgdynia.pl\/index.php\/wp-json\/wp\/v2\/comments?post=1910"}],"wp:featuredmedia":[{"embeddable":true,"href":"http:\/\/klubmamgdynia.pl\/index.php\/wp-json\/wp\/v2\/media\/1911"}],"wp:attachment":[{"href":"http:\/\/klubmamgdynia.pl\/index.php\/wp-json\/wp\/v2\/media?parent=1910"}],"wp:term":[{"taxonomy":"product_cat","embeddable":true,"href":"http:\/\/klubmamgdynia.pl\/index.php\/wp-json\/wp\/v2\/product_cat?post=1910"},{"taxonomy":"product_tag","embeddable":true,"href":"http:\/\/klubmamgdynia.pl\/index.php\/wp-json\/wp\/v2\/product_tag?post=1910"}],"curies":[{"name":"wp","href":"https:\/\/api.w.org\/{rel}","templated":true}]}}