{"id":1938,"date":"2024-04-07T06:54:06","date_gmt":"2024-04-07T04:54:06","guid":{"rendered":"http:\/\/klubmamgdynia.pl\/?post_type=product&#038;p=1938"},"modified":"2026-04-09T19:32:26","modified_gmt":"2026-04-09T17:32:26","slug":"janpol-materac-klio-kieszeniowo-piankowy-160x200","status":"publish","type":"product","link":"http:\/\/klubmamgdynia.pl\/index.php\/produkt\/janpol-materac-klio-kieszeniowo-piankowy-160x200\/","title":{"rendered":"Janpol Materac Klio Kieszeniowo Piankowy 160X200"},"content":{"rendered":"<p>KLIO to rehabilitacyjny materac kieszeniowo-piankowy dla dzieci i nastolatk\u00f3w. Rehabilitacyjny materac piankowy Klio przeznaczony dla dzieci i m\u0142odzie\u017cy. Za spraw\u0105 specjalnych spr\u0119\u017cyn kieszeniowych wyr\u00f3\u017cnia si\u0119 wysok\u0105 elastyczno\u015bci\u0105 punktow\u0105. Ugina si\u0119 wy\u0142\u0105cznie w miejscach o zwi\u0119kszonym nacisku, doskonale dopasowuj\u0105c si\u0119 do poszczeg\u00f3lnych partii cia\u0142a. Dzi\u0119ki temu produkt wspomaga kszta\u0142towanie prawid\u0142owej postawy oraz stymuluje odpowiedni\u0105 regeneracj\u0119 m\u0142odego organizmu. Innowacyjna pianka Energy Foam idealnie wsp\u00f3\u0142gra z kieszeniowym wk\u0142adem, zapewniaj\u0105c u\u017cytkownikom zdrowy i relaksuj\u0105cy sen. Lekka konstrukcja materaca Klio sprawdzi si\u0119 w przypadku \u0142\u00f3\u017cek pi\u0119trowych &#8211; z wy\u017csz\u0105 burt\u0105. Model ten uzyska\u0142 pozytywn\u0105 opini\u0119 o\u015brodk\u00f3w rehabilitacyjnych, a tak\u017ce odpowiednie certyfikaty. Stanowi wi\u0119c cenne wsparcie w zapobieganiu oraz leczeniu schorze\u0144 kr\u0119gos\u0142upa. Pokrowiec wybrany dla tego produktu wyposa\u017cony zosta\u0142 w zamek roz\u0142\u0105czny, kt\u00f3ry pozwala rozdzieli\u0107 materia\u0142 na dwie cz\u0119\u015bci. Mo\u017cna go pra\u0107 w temperaturze 60 stopni Celsjusza. Pokrowiec SMART: Pokrowiec Smart wykonany zosta\u0142 z mi\u0119kkiej tkaniny, kt\u00f3ra idealnie dopasowuje si\u0119 do wk\u0142adu materaca. Zapewnia wysoki komfort podczas snu, jest delikatna dla sk\u00f3ry i bezpieczna. Polecana alergikom ze wzgl\u0119du na swoje w\u0142a\u015bciwo\u015bci i mo\u017cliwo\u015b\u0107 prania w 60 st. C. Specyfikacja materaca: Wysoko\u015b\u0107 ok. 18 cm. Wype\u0142nienie: spr\u0119\u017cyny kieszeniowe, pianka Wyr\u00f3b medyczny Antyalergiczny, antybakteryjny, odporny na roztocza. Mo\u017cliwo\u015b\u0107 prania pokrowc\u00f3w w 60\u00b0C Gwarancja producenta 3 lat<\/p>\n<h2>Janpol Materac Klio Kieszeniowo Piankowy 160X200 Janpol<\/h2>\n<p>jordan co oznacza, carmen imie, bajki dla dzieci online, wr\u00f3\u017cby andrzejkowe dla dzieci online, alfons, m\u0105dre prezenty dla 7 latki, zagadki z odpowiedziami, lucjan, lol kolorowanki do druku, zagadki o lesie, ninjago kolorowanka, \u015bwinka peppa kolorowanka, atrakcje dla dzieci warszawa 2021, \u0142ama\u0144ce j\u0119zykowe dla dzieci, szlaczki, pia imi\u0119, quizy online, proste zagadki, aneta<\/p>\n<p>yyyyy<\/p>\n<p>&nbsp;<\/p>\n","protected":false},"excerpt":{"rendered":"<p>KLIO to rehabilitacyjny materac kieszeniowo-piankowy dla dzieci i nastolatk\u00f3w. Rehabilitacyjny materac piankowy Klio przeznaczony dla dzieci i m\u0142odzie\u017cy. Za spraw\u0105 specjalnych spr\u0119\u017cyn kieszeniowych wyr\u00f3\u017cnia si\u0119 wysok\u0105 elastyczno\u015bci\u0105 punktow\u0105. Ugina si\u0119 wy\u0142\u0105cznie w miejscach o zwi\u0119kszonym nacisku, doskonale dopasowuj\u0105c si\u0119 do poszczeg\u00f3lnych partii cia\u0142a. Dzi\u0119ki temu produkt wspomaga kszta\u0142towanie prawid\u0142owej postawy oraz stymuluje odpowiedni\u0105 regeneracj\u0119 m\u0142odego [&hellip;]<\/p>\n","protected":false},"featured_media":1939,"comment_status":"closed","ping_status":"open","template":"","meta":[],"product_cat":[492,493],"product_tag":[871,671,836,687],"class_list":["post-1938","product","type-product","status-publish","has-post-thumbnail","hentry","product_cat-janpol","product_cat-materace-dzieciece","product_tag-bajka-o-smoku-wawelskim","product_tag-cicha-noc-po-angielsku-tekst","product_tag-co-kupic-dziecku-na-roczek","product_tag-podchwytliwe-zagadki-matematyczne"],"_links":{"self":[{"href":"http:\/\/klubmamgdynia.pl\/index.php\/wp-json\/wp\/v2\/product\/1938","targetHints":{"allow":["GET"]}}],"collection":[{"href":"http:\/\/klubmamgdynia.pl\/index.php\/wp-json\/wp\/v2\/product"}],"about":[{"href":"http:\/\/klubmamgdynia.pl\/index.php\/wp-json\/wp\/v2\/types\/product"}],"replies":[{"embeddable":true,"href":"http:\/\/klubmamgdynia.pl\/index.php\/wp-json\/wp\/v2\/comments?post=1938"}],"wp:featuredmedia":[{"embeddable":true,"href":"http:\/\/klubmamgdynia.pl\/index.php\/wp-json\/wp\/v2\/media\/1939"}],"wp:attachment":[{"href":"http:\/\/klubmamgdynia.pl\/index.php\/wp-json\/wp\/v2\/media?parent=1938"}],"wp:term":[{"taxonomy":"product_cat","embeddable":true,"href":"http:\/\/klubmamgdynia.pl\/index.php\/wp-json\/wp\/v2\/product_cat?post=1938"},{"taxonomy":"product_tag","embeddable":true,"href":"http:\/\/klubmamgdynia.pl\/index.php\/wp-json\/wp\/v2\/product_tag?post=1938"}],"curies":[{"name":"wp","href":"https:\/\/api.w.org\/{rel}","templated":true}]}}