{"id":1946,"date":"2023-07-21T16:08:02","date_gmt":"2023-07-21T14:08:02","guid":{"rendered":"http:\/\/klubmamgdynia.pl\/?post_type=product&#038;p=1946"},"modified":"2026-04-30T12:03:31","modified_gmt":"2026-04-30T10:03:31","slug":"poduszka-pluszowa-trolls-cooper","status":"publish","type":"product","link":"http:\/\/klubmamgdynia.pl\/index.php\/produkt\/poduszka-pluszowa-trolls-cooper\/","title":{"rendered":"Poduszka Pluszowa Trolls Cooper"},"content":{"rendered":"<p>Poduszka 30cm<\/p>\n<h2>Poduszka Pluszowa Trolls Cooper TM Toys<\/h2>\n<p>ozdoby \u015bwi\u0105teczne do zrobienia z dzie\u0107mi, ko\u0142ysanka tekst, pomys\u0142 na prezent dla nastolatk\u00f3w, prezent dla roczniaka, zagadki dla m\u0142odzie\u017cy, bajki dla dzieci online, nauczyciel cytaty, prezent dla pi\u0119tnastolatka, zagadki typu co to jest, na roczek dla dziewczynki, zagadka logiczna, transformers kolorowanka, mariola, oryginalny prezent na roczek dla dziewczynki, opisy do zdj\u0119\u0107 z dzieckiem, zagadki logiczne z odpowiedziami, roczek prezent<\/p>\n<p>yyyyy<\/p>\n<p>&nbsp;<\/p>\n","protected":false},"excerpt":{"rendered":"<p>Poduszka 30cm Poduszka Pluszowa Trolls Cooper TM Toys ozdoby \u015bwi\u0105teczne do zrobienia z dzie\u0107mi, ko\u0142ysanka tekst, pomys\u0142 na prezent dla nastolatk\u00f3w, prezent dla roczniaka, zagadki dla m\u0142odzie\u017cy, bajki dla dzieci online, nauczyciel cytaty, prezent dla pi\u0119tnastolatka, zagadki typu co to jest, na roczek dla dziewczynki, zagadka logiczna, transformers kolorowanka, mariola, oryginalny prezent na roczek dla [&hellip;]<\/p>\n","protected":false},"featured_media":1947,"comment_status":"closed","ping_status":"open","template":"","meta":[],"product_cat":[495,145],"product_tag":[723,810,809,820],"class_list":["post-1946","product","type-product","status-publish","has-post-thumbnail","hentry","product_cat-koldry-i-poduszki-dla-dzieci","product_cat-tm-toys","product_tag-krotkie-bajki-do-czytania-na-dobranoc","product_tag-nauka-zegara-do-druku","product_tag-zagadki","product_tag-ziemia-wyspa-zielona-tekst"],"_links":{"self":[{"href":"http:\/\/klubmamgdynia.pl\/index.php\/wp-json\/wp\/v2\/product\/1946","targetHints":{"allow":["GET"]}}],"collection":[{"href":"http:\/\/klubmamgdynia.pl\/index.php\/wp-json\/wp\/v2\/product"}],"about":[{"href":"http:\/\/klubmamgdynia.pl\/index.php\/wp-json\/wp\/v2\/types\/product"}],"replies":[{"embeddable":true,"href":"http:\/\/klubmamgdynia.pl\/index.php\/wp-json\/wp\/v2\/comments?post=1946"}],"wp:featuredmedia":[{"embeddable":true,"href":"http:\/\/klubmamgdynia.pl\/index.php\/wp-json\/wp\/v2\/media\/1947"}],"wp:attachment":[{"href":"http:\/\/klubmamgdynia.pl\/index.php\/wp-json\/wp\/v2\/media?parent=1946"}],"wp:term":[{"taxonomy":"product_cat","embeddable":true,"href":"http:\/\/klubmamgdynia.pl\/index.php\/wp-json\/wp\/v2\/product_cat?post=1946"},{"taxonomy":"product_tag","embeddable":true,"href":"http:\/\/klubmamgdynia.pl\/index.php\/wp-json\/wp\/v2\/product_tag?post=1946"}],"curies":[{"name":"wp","href":"https:\/\/api.w.org\/{rel}","templated":true}]}}