{"id":1948,"date":"2020-11-15T09:46:39","date_gmt":"2020-11-15T08:46:39","guid":{"rendered":"http:\/\/klubmamgdynia.pl\/index.php\/produkt\/happy-people-samochod-wyscigowy-rc-zdalnie-sterowany-monster-buggy-30070\/"},"modified":"2026-04-29T18:21:25","modified_gmt":"2026-04-29T16:21:25","slug":"happy-people-samochod-wyscigowy-rc-zdalnie-sterowany-monster-buggy-30070","status":"publish","type":"product","link":"http:\/\/klubmamgdynia.pl\/index.php\/produkt\/happy-people-samochod-wyscigowy-rc-zdalnie-sterowany-monster-buggy-30070\/","title":{"rendered":"Happy People Samoch\u00f3d Wy\u015bcigowy Rc Zdalnie Sterowany Monster Buggy 30070"},"content":{"rendered":"<p>Czy chcesz poczu\u0107 emocje zwi\u0105zane z pr\u0119dko\u015bci\u0105? W takim razie nie mo\u017cesz przegapi\u0107 sterowanego radiowo samochodzika Monster Buggy marki Happy People. Ten samochodzik mo\u017ce osi\u0105gn\u0105\u0107 maksymaln\u0105 pr\u0119dko\u015b\u0107 10 km na godzin\u0119. Dzi\u0119ki solidnej konstrukcji i pi\u0119knemu kszta\u0142towi jest wyj\u0105tkowo trwa\u0142y. Co wi\u0119cej, ma pe\u0142ne przyspieszenie. Baterie 4 x AA dla samochodu + 1 x 9 V dla kontrolera s\u0105 zawarte w dostawie.<\/p>\n<h2>Happy People Samoch\u00f3d Wy\u015bcigowy Rc Zdalnie Sterowany Monster Buggy 30070 Happy people<\/h2>\n<p>renata to nie imi\u0119, dyplomy szablony pdf, zagadki dla dzieci 6-7 lat, quizy dla dzieci 10 lat, jagna imi\u0119, po\u0142\u0105cz kropki do wydruku pdf, kolorowanki do druku pokemon<\/p>\n<p>yyyyy<\/p>\n<p>&nbsp;<\/p>\n","protected":false},"excerpt":{"rendered":"<p>Czy chcesz poczu\u0107 emocje zwi\u0105zane z pr\u0119dko\u015bci\u0105? W takim razie nie mo\u017cesz przegapi\u0107 sterowanego radiowo samochodzika Monster Buggy marki Happy People. Ten samochodzik mo\u017ce osi\u0105gn\u0105\u0107 maksymaln\u0105 pr\u0119dko\u015b\u0107 10 km na godzin\u0119. Dzi\u0119ki solidnej konstrukcji i pi\u0119knemu kszta\u0142towi jest wyj\u0105tkowo trwa\u0142y. Co wi\u0119cej, ma pe\u0142ne przyspieszenie. Baterie 4 x AA dla samochodu + 1 x 9 [&hellip;]<\/p>\n","protected":false},"featured_media":1949,"comment_status":"closed","ping_status":"open","template":"","meta":[],"product_cat":[496,337],"product_tag":[683,624,608,725],"class_list":["post-1948","product","type-product","status-publish","has-post-thumbnail","hentry","product_cat-happy-people","product_cat-zabawki-zdalnie-sterowane","product_tag-karaluchy-pod-poduchy","product_tag-krotkie-zagadki","product_tag-zagadki-i-odpowiedzi","product_tag-zgadywanki"],"_links":{"self":[{"href":"http:\/\/klubmamgdynia.pl\/index.php\/wp-json\/wp\/v2\/product\/1948","targetHints":{"allow":["GET"]}}],"collection":[{"href":"http:\/\/klubmamgdynia.pl\/index.php\/wp-json\/wp\/v2\/product"}],"about":[{"href":"http:\/\/klubmamgdynia.pl\/index.php\/wp-json\/wp\/v2\/types\/product"}],"replies":[{"embeddable":true,"href":"http:\/\/klubmamgdynia.pl\/index.php\/wp-json\/wp\/v2\/comments?post=1948"}],"wp:featuredmedia":[{"embeddable":true,"href":"http:\/\/klubmamgdynia.pl\/index.php\/wp-json\/wp\/v2\/media\/1949"}],"wp:attachment":[{"href":"http:\/\/klubmamgdynia.pl\/index.php\/wp-json\/wp\/v2\/media?parent=1948"}],"wp:term":[{"taxonomy":"product_cat","embeddable":true,"href":"http:\/\/klubmamgdynia.pl\/index.php\/wp-json\/wp\/v2\/product_cat?post=1948"},{"taxonomy":"product_tag","embeddable":true,"href":"http:\/\/klubmamgdynia.pl\/index.php\/wp-json\/wp\/v2\/product_tag?post=1948"}],"curies":[{"name":"wp","href":"https:\/\/api.w.org\/{rel}","templated":true}]}}