{"id":199,"date":"2014-11-01T23:34:10","date_gmt":"2014-11-01T22:34:10","guid":{"rendered":"http:\/\/klubmamgdynia.pl\/index.php\/produkt\/trefl-puzzle-super-shapes-xl-160el-odwaga-avengers-50026\/"},"modified":"2026-04-22T23:45:43","modified_gmt":"2026-04-22T21:45:43","slug":"trefl-puzzle-super-shapes-xl-160el-odwaga-avengers-50026","status":"publish","type":"product","link":"http:\/\/klubmamgdynia.pl\/index.php\/produkt\/trefl-puzzle-super-shapes-xl-160el-odwaga-avengers-50026\/","title":{"rendered":"Trefl Puzzle Super Shapes XL 160el. Odwaga Avengers 50026"},"content":{"rendered":"<p>Trefl Puzzle Super Shapes XL 160el. Odwaga Avengers 50026Puzzle Super Shape XL to du\u017ce uk\u0142adanki podzielone na 104i 160 element\u00f3w, w\u015br\u00f3d kt\u00f3rych znajduj\u0105 si\u0119 r\u00f3wnie\u017c elementyo nietypowych kszta\u0142tach.                            <\/p>\n<p>Sprawd\u017a Trefl Junior!                            <\/p>\n<p>            Trefl Puzzle Super Shapes XL 160el. Odwaga Avengers 50026<\/p>\n<p>                    Zobacz<\/p>\n<p>            Trefl Puzzle Super Shapes XXL 60el. U\u015bmiechni\u0119te pieski Psi Patrol 50009<\/p>\n<p>                    Zobacz<\/p>\n<p>            Trefl Puzzle Super Shapes XL 160el. Odkryj \u015bwiat Frozen Kraina Lodu 50022<\/p>\n<p>                    Zobacz<\/p>\n<p>            Trefl Puzzle Super Shapes XL 160el. Psi Patrol 50021<\/p>\n<p>                    Zobacz<\/p>\n<p>            Trefl Puzzle Super Shapes XXL 60el. Sprytny Spidey 50012<\/p>\n<p>                    Zobacz<\/p>\n<p>            Trefl Puzzle Super Shapes XL 104el. Jurassic World 50020<\/p>\n<p>                    Zobacz<\/p>\n<p>            Trefl Puzzle Super Shapes XL 104el. Stylowe Rainbow High 50015<\/p>\n<p>                    Zobacz<\/p>\n<p>            Trefl Puzzle Super Shapes XXL 60el. Bing Zabawa z pieskiem 50013<\/p>\n<p>                    Zobacz<\/p>\n<p>            Trefl Puzzle Super Shapes XXL 60el. Z Mikim zawsze jest weso\u0142o 50014<\/p>\n<p>                    Zobacz<\/p>\n<p>            Trefl Puzzle Super Shapes XXL 60el. \u015awinka Peppa Zabawy z braciszkiem 50011<\/p>\n<p>                    Zobacz<\/p>\n<p>            Trefl Puzzle Super Shapes XL 104el. Ulubieni Avengersi 50018<\/p>\n<p>                    Zobacz<\/p>\n<p>            Trefl Puzzle Super Shapes XL 160el. Jurassic World 50026<\/p>\n<p>                    Zobacz<\/p>\n<p>            Trefl Puzzle Super Shapes XL 160el. R\u00f3\u017cowy \u015bwiat Ksi\u0119\u017cniczek 50025<\/p>\n<p>                    Zobacz<\/p>\n<p>            Trefl Puzzle Super Shapes XL 160el. Do\u0142\u0105cz do Spidermana 50024<\/p>\n<p>                    Zobacz<\/p>\n<p>            Trefl Puzzle Super Shapes XL 104el. Ksi\u0119\u017cniczki Disney w ogrodzie 50019<\/p>\n<p>                    Zobacz<\/p>\n<p>            Trefl Puzzle Super Shapes XL 104el. Psi Patrol Psi Przyjaciele 50016<\/p>\n<p>                    Zobacz<\/p>\n<p>            Trefl Puzzle Super Shapes XXL 60el. Kraina Lodu Ta\u0144cz\u0105ce siostry 50010<\/p>\n<p>                    Zobacz<\/p>\n<p>            Trefl Puzzle Super Shapes XL 104el. W \u015bwiecie Anny i Elsy jest weso\u0142o Kraina Lodu 50017<\/p>\n<p>                    Zobacz<\/p>\n<h2>Trefl Puzzle Super Shapes XL 160el. Odwaga Avengers 50026 Trefl<\/h2>\n<p>bajki dla chlopcow, ciekawe miejsca w warszawie dla m\u0142odzie\u017cy, m.i.a., rozalia imi\u0119, maska wilka szablon, malowane kamienie, prezenty roczek, karty pracy dla dzieci z ukrainy pdf, zagadki na logiczne my\u015blenie, my little pony kolorowanka, krecik bajka, przysz\u0142a zima bia\u0142a<\/p>\n<p>yyyyy<\/p>\n<p>&nbsp;<\/p>\n","protected":false},"excerpt":{"rendered":"<p>Trefl Puzzle Super Shapes XL 160el. Odwaga Avengers 50026Puzzle Super Shape XL to du\u017ce uk\u0142adanki podzielone na 104i 160 element\u00f3w, w\u015br\u00f3d kt\u00f3rych znajduj\u0105 si\u0119 r\u00f3wnie\u017c elementyo nietypowych kszta\u0142tach. Sprawd\u017a Trefl Junior! Trefl Puzzle Super Shapes XL 160el. Odwaga Avengers 50026 Zobacz Trefl Puzzle Super Shapes XXL 60el. U\u015bmiechni\u0119te pieski Psi Patrol 50009 Zobacz Trefl Puzzle [&hellip;]<\/p>\n","protected":false},"featured_media":200,"comment_status":"closed","ping_status":"open","template":"","meta":[],"product_cat":[90,104],"product_tag":[681,673,588],"class_list":["post-199","product","type-product","status-publish","has-post-thumbnail","hentry","product_cat-puzzle","product_cat-trefl","product_tag-flagi-europy-quiz","product_tag-juz-blisko-koleda-tekst","product_tag-wzruszajace-slowa-dla-przyjaciela"],"_links":{"self":[{"href":"http:\/\/klubmamgdynia.pl\/index.php\/wp-json\/wp\/v2\/product\/199","targetHints":{"allow":["GET"]}}],"collection":[{"href":"http:\/\/klubmamgdynia.pl\/index.php\/wp-json\/wp\/v2\/product"}],"about":[{"href":"http:\/\/klubmamgdynia.pl\/index.php\/wp-json\/wp\/v2\/types\/product"}],"replies":[{"embeddable":true,"href":"http:\/\/klubmamgdynia.pl\/index.php\/wp-json\/wp\/v2\/comments?post=199"}],"wp:featuredmedia":[{"embeddable":true,"href":"http:\/\/klubmamgdynia.pl\/index.php\/wp-json\/wp\/v2\/media\/200"}],"wp:attachment":[{"href":"http:\/\/klubmamgdynia.pl\/index.php\/wp-json\/wp\/v2\/media?parent=199"}],"wp:term":[{"taxonomy":"product_cat","embeddable":true,"href":"http:\/\/klubmamgdynia.pl\/index.php\/wp-json\/wp\/v2\/product_cat?post=199"},{"taxonomy":"product_tag","embeddable":true,"href":"http:\/\/klubmamgdynia.pl\/index.php\/wp-json\/wp\/v2\/product_tag?post=199"}],"curies":[{"name":"wp","href":"https:\/\/api.w.org\/{rel}","templated":true}]}}