{"id":1992,"date":"2021-02-01T04:56:25","date_gmt":"2021-02-01T03:56:25","guid":{"rendered":"http:\/\/klubmamgdynia.pl\/index.php\/produkt\/artyk-znikopis-kolorowy-153594\/"},"modified":"2026-04-07T08:20:11","modified_gmt":"2026-04-07T06:20:11","slug":"artyk-znikopis-kolorowy-153594","status":"publish","type":"product","link":"http:\/\/klubmamgdynia.pl\/index.php\/produkt\/artyk-znikopis-kolorowy-153594\/","title":{"rendered":"Artyk Znikopis Kolorowy 153594"},"content":{"rendered":"<p>ZNIKOPIS KOLOROWY ZABAWKA DLA DZIECI DO RYSOWANIAOpis produktu:ZNIKOPIS KOLOROWY DLA DZIECI DO RYSOWANIAFantastyczny znikopis dla dzieciumo\u017cliwia ciekaw\u0105 zabaw\u0119 dla dzieci a poprzez kolorowe rysunki pobudza wyobra\u017ani\u0119.To jedna z zabawek kt\u00f3r\u0105 powinno mie\u0107 ka\u017cde dziecko.Wymiary opakowania 26 X 21 X 3 cm.Wiek: 3+<\/p>\n<h2>Artyk Znikopis Kolorowy 153594 Artyk<\/h2>\n<p>Keyword, litera y do druku, domowe syropy na zim\u0119, atrakcje dla dzieci wroc\u0142aw 2021, imiona z bajek, dobranoc pch\u0142y na noc, sara, podchwytliwe zagadki i odpowiedzi, zagadki dla 5 latka, cytaty o mi\u0142o\u015bci do dziecka<\/p>\n<p>yyyyy<\/p>\n<p>&nbsp;<\/p>\n","protected":false},"excerpt":{"rendered":"<p>ZNIKOPIS KOLOROWY ZABAWKA DLA DZIECI DO RYSOWANIAOpis produktu:ZNIKOPIS KOLOROWY DLA DZIECI DO RYSOWANIAFantastyczny znikopis dla dzieciumo\u017cliwia ciekaw\u0105 zabaw\u0119 dla dzieci a poprzez kolorowe rysunki pobudza wyobra\u017ani\u0119.To jedna z zabawek kt\u00f3r\u0105 powinno mie\u0107 ka\u017cde dziecko.Wymiary opakowania 26 X 21 X 3 cm.Wiek: 3+ Artyk Znikopis Kolorowy 153594 Artyk Keyword, litera y do druku, domowe syropy na [&hellip;]<\/p>\n","protected":false},"featured_media":1993,"comment_status":"closed","ping_status":"open","template":"","meta":[],"product_cat":[336,21],"product_tag":[722,680,727,753,826],"class_list":["post-1992","product","type-product","status-publish","has-post-thumbnail","hentry","product_cat-artyk","product_cat-zabawki-plastyczne","product_tag-cytaty-o-przyjazni","product_tag-cytaty-z-malego-ksiecia","product_tag-godlo-polski-do-druku","product_tag-kamila","product_tag-prezent-dla-15-latka"],"_links":{"self":[{"href":"http:\/\/klubmamgdynia.pl\/index.php\/wp-json\/wp\/v2\/product\/1992","targetHints":{"allow":["GET"]}}],"collection":[{"href":"http:\/\/klubmamgdynia.pl\/index.php\/wp-json\/wp\/v2\/product"}],"about":[{"href":"http:\/\/klubmamgdynia.pl\/index.php\/wp-json\/wp\/v2\/types\/product"}],"replies":[{"embeddable":true,"href":"http:\/\/klubmamgdynia.pl\/index.php\/wp-json\/wp\/v2\/comments?post=1992"}],"wp:featuredmedia":[{"embeddable":true,"href":"http:\/\/klubmamgdynia.pl\/index.php\/wp-json\/wp\/v2\/media\/1993"}],"wp:attachment":[{"href":"http:\/\/klubmamgdynia.pl\/index.php\/wp-json\/wp\/v2\/media?parent=1992"}],"wp:term":[{"taxonomy":"product_cat","embeddable":true,"href":"http:\/\/klubmamgdynia.pl\/index.php\/wp-json\/wp\/v2\/product_cat?post=1992"},{"taxonomy":"product_tag","embeddable":true,"href":"http:\/\/klubmamgdynia.pl\/index.php\/wp-json\/wp\/v2\/product_tag?post=1992"}],"curies":[{"name":"wp","href":"https:\/\/api.w.org\/{rel}","templated":true}]}}