{"id":2016,"date":"2016-12-08T07:17:15","date_gmt":"2016-12-08T06:17:15","guid":{"rendered":"http:\/\/klubmamgdynia.pl\/index.php\/produkt\/formatex-pikmi-pops-s2-pachnacy-pluszak-p18-75158\/"},"modified":"2026-05-17T21:58:10","modified_gmt":"2026-05-17T19:58:10","slug":"formatex-pikmi-pops-s2-pachnacy-pluszak-p18-75158","status":"publish","type":"product","link":"http:\/\/klubmamgdynia.pl\/index.php\/produkt\/formatex-pikmi-pops-s2-pachnacy-pluszak-p18-75158\/","title":{"rendered":"Formatex Pikmi Pops S2 Pachn\u0105cy Pluszak P18 75158"},"content":{"rendered":"<p>Pikmi Pops S2 Display 18 x 1-pak. 1-pak: Zawiera 1 pachn\u0105cego pluszaczka do kolekcjonowania, kt\u00f3ry zapakowany jest w oryginalne opakowania niespodzianke. Wszystkie PIKMI POPS maj\u0105 sznureczki, dzi\u0119ki kt\u00f3rym mo\u017cna je zawiesza\u0107 w dowolnym miejscu: na plecaku, purniku, telefonie i nie tylko! W zestawie 1 pachn\u0105cy pluszaczek, wiadomo\u015b\u0107 niespodzianka, stojak wraz z ksi\u0105\u017ceczk\u0105 kolekcjonersk\u0105. Ponad 45 Pikmi Pops do zebrania wraz z ultra trudnymi do znalezienia. Zbierz ca\u0142\u0105 kolekcj\u0119! NAZWA PIKMI POPS S2 PACHN\u0104CY PLUSZAK 1-PAK (18SZT) PRODUCENT MOOSE WIEK 5+ WYMIARY 355 X 200 X 200 MM EAN 0630996751589 Znajd\u017a podobne wed\u0142ug klucza: MOOSE PLUSZAK (306872)<\/p>\n<h2>Formatex Pikmi Pops S2 Pachn\u0105cy Pluszak P18 75158 Formatex<\/h2>\n<p>lodowiska w warszawie, na roczek dla dziewczynki, z\u0142ote my\u015bli kubu\u015b puchatek cytaty, zagadki o bo\u017cym narodzeniu, co kupic na roczek, kawa\u0142y na prima aprilis dla rodzic\u00f3w<\/p>\n<p>yyyyy<\/p>\n<p>&nbsp;<\/p>\n","protected":false},"excerpt":{"rendered":"<p>Pikmi Pops S2 Display 18 x 1-pak. 1-pak: Zawiera 1 pachn\u0105cego pluszaczka do kolekcjonowania, kt\u00f3ry zapakowany jest w oryginalne opakowania niespodzianke. Wszystkie PIKMI POPS maj\u0105 sznureczki, dzi\u0119ki kt\u00f3rym mo\u017cna je zawiesza\u0107 w dowolnym miejscu: na plecaku, purniku, telefonie i nie tylko! W zestawie 1 pachn\u0105cy pluszaczek, wiadomo\u015b\u0107 niespodzianka, stojak wraz z ksi\u0105\u017ceczk\u0105 kolekcjonersk\u0105. Ponad 45 [&hellip;]<\/p>\n","protected":false},"featured_media":2017,"comment_status":"closed","ping_status":"open","template":"","meta":[],"product_cat":[161,42],"product_tag":[611,735,595],"class_list":["post-2016","product","type-product","status-publish","has-post-thumbnail","hentry","product_cat-formatex","product_cat-maskotki","product_tag-bajki-do-czytania-psi-patrol","product_tag-prezent-na-roczek-dziewczynka","product_tag-zagadki-dla-6-latka"],"_links":{"self":[{"href":"http:\/\/klubmamgdynia.pl\/index.php\/wp-json\/wp\/v2\/product\/2016","targetHints":{"allow":["GET"]}}],"collection":[{"href":"http:\/\/klubmamgdynia.pl\/index.php\/wp-json\/wp\/v2\/product"}],"about":[{"href":"http:\/\/klubmamgdynia.pl\/index.php\/wp-json\/wp\/v2\/types\/product"}],"replies":[{"embeddable":true,"href":"http:\/\/klubmamgdynia.pl\/index.php\/wp-json\/wp\/v2\/comments?post=2016"}],"wp:featuredmedia":[{"embeddable":true,"href":"http:\/\/klubmamgdynia.pl\/index.php\/wp-json\/wp\/v2\/media\/2017"}],"wp:attachment":[{"href":"http:\/\/klubmamgdynia.pl\/index.php\/wp-json\/wp\/v2\/media?parent=2016"}],"wp:term":[{"taxonomy":"product_cat","embeddable":true,"href":"http:\/\/klubmamgdynia.pl\/index.php\/wp-json\/wp\/v2\/product_cat?post=2016"},{"taxonomy":"product_tag","embeddable":true,"href":"http:\/\/klubmamgdynia.pl\/index.php\/wp-json\/wp\/v2\/product_tag?post=2016"}],"curies":[{"name":"wp","href":"https:\/\/api.w.org\/{rel}","templated":true}]}}