{"id":2024,"date":"2012-04-24T18:02:06","date_gmt":"2012-04-24T16:02:06","guid":{"rendered":"http:\/\/klubmamgdynia.pl\/index.php\/produkt\/rucken-handy-materacyk-do-chicco-next2me-forever\/"},"modified":"2026-05-02T11:28:54","modified_gmt":"2026-05-02T09:28:54","slug":"rucken-handy-materacyk-do-chicco-next2me-forever","status":"publish","type":"product","link":"http:\/\/klubmamgdynia.pl\/index.php\/produkt\/rucken-handy-materacyk-do-chicco-next2me-forever\/","title":{"rendered":"R\u00fccken HANDY Materacyk do Chicco Next2me Forever"},"content":{"rendered":"<p>R\u00fccken HANDY materacyk -nak\u0142adka do Chicco Next2me Forever R\u00fccken Handy zaprojektowali\u015bmy jak nak\u0142adka na materacyk z \u0142\u00f3\u017ceczka dostawnego Chicco Next2me Forever. Nasz materacyk stanowi skuteczne zabezpieczenie oryginalnego materacyka Chicco stwarzaj\u0105c przy tym komfortowe warunki snu dla Twojego dziecka. Zminimalizowali\u015bmy wysoko\u015b\u0107 materacyka HANDY do 5 cm, aby dziecko mog\u0142o swobodnie sta\u0107 w \u0142\u00f3\u017ceczku bez obaw o wypadni\u0119cie. Wymiary: d\u0142ugo\u015b\u0107: 108 cm szeroko\u015b\u0107: 54 cm (z podestem 58 cm) grubo\u015b\u0107: 5,5 cm H2 i H3 Dwie twardo\u015bci pianki Doskonale wiemy jak wa\u017cne jest prawid\u0142owe podparcie w czasie snu i zabawy. W naszych wyrobach u\u017cywamy wy\u0142\u0105cznie najwy\u017cszej jako\u015bci pianki z gwarancj\u0105 odporno\u015bci na odkszta\u0142cenia. Wype\u0142nienie materacyka Handy to utwardzona pianka o g\u0119sto\u015bci a\u017c 25 kg\/m3, co daje twardo\u015b\u0107 H3. Z my\u015bl\u0105 o dzieciach preferuj\u0105cych bardziej mi\u0119kkie spanie oraz dla maksymalnej wentylacji zdecydowali\u015bmy si\u0119 u\u017cy\u0107 pianki profilowanej. Profil fali zmniejsza twardo\u015b\u0107 pianki z H3 do H2. Wybierz stron\u0119 z piank\u0105 profilowan\u0105 je\u015bli Twoje dziecko woli bardziej mi\u0119kkie spanie. Pokrowiec materacyka Handy sk\u0142ada si\u0119 z dw\u00f3ch materia\u0142\u00f3w o r\u00f3\u017cnych w\u0142a\u015bciwo\u015bciach. Ca\u0142o\u015b\u0107 z czterech stron po\u0142\u0105czona bezpiecznym dla dziecka zamkiem umo\u017cliwiaj\u0105cym szybkie zdj\u0119cia pokrowca i upranie go. Tencel &#8211; ekskluzywna, oddychaj\u0105ca dzianina Strona bia\u0142a to delikatny dla sk\u00f3ry Tencel\u2122, kt\u00f3ry doskonale zarz\u0105dza wilgoci\u0105. Poch\u0142ania i oddaje do otoczenia 50% wi\u0119cej pary wodnej ni\u017c bawe\u0142na. Sprawia, \u017ce zimniejsze noce s\u0105 ciep\u0142e, a latem przyjemnie ch\u0142odzi. Tencel jest antyalergiczny i antybakteryjny. Hydro MAX &#8211; wodoodporno\u015b\u0107 Powleczenie Hydro MAX ze specjalnym kroploszczelnym woskiem sprawia, \u017ce pokrowiec oddycha a jednocze\u015bnie zabezpiecza wk\u0142ad materaca przed przemoczeniem, pod warunkiem, \u017ce dziecko ubrane jest w pieluszk\u0119. Pozwala zachowa\u0107 prawid\u0142ow\u0105 temperatur\u0119 i wilgotno\u015b\u0107 sk\u00f3ry w trakcie snu i zabawy. Zapobiega nadmiernemu poceniu dziecka i odparzeniom sk\u00f3ry, pot\u00f3wkom oraz zmniejsza ilo\u015b\u0107 wybudze\u0144 spowodowanych przegrzaniem. Siateczka 3D &#8211; wzmocniona wentylacja Jedn\u0105 ze stron pokrowca uszyli\u015bmy z siateczki 3D, kt\u00f3ra doskonale oddycha i wzmacnia wentylacj\u0119 ca\u0142ego materaca. Tw\u00f3j maluszek nie b\u0119dzie si\u0119 przegrzewa\u0142. Strona ta b\u0119dzie idealna dla maluszk\u00f3w, kt\u00f3re nadmiernie si\u0119 poc\u0105. Niezast\u0105piona w upalne, letnie dni! Siateczka 3D jest przy tym higieniczna i antyalergiczna \u2013 mniejsze ryzyko rozwoju mikrob\u00f3w. Kolor szary siateczki jest bardzo funkcjonalny &#8211; optycznie mniej si\u0119 brudzi. Zdejmowany pokrowiec Warto pami\u0119ta\u0107, \u017ce czysto\u015b\u0107 materaca w \u0142\u00f3\u017ceczku gwarantuje mniejsz\u0105 ekspozycj\u0119 Twojego dziecka na alergeny i bakterie. Utrzymanie w czysto\u015bci materacyka Handy jest niezwykle proste, dzi\u0119ki mo\u017cliwo\u015bci \u0142atwego zdj\u0119cia pokrowca. W pokrowcu wszyli\u015bmy po czterech bokach funkcjonalny zamek, ca\u0142kowicie bezpieczny dla dziecka. Zrezygnowali\u015bmy z zamka po stronie podestu aby zminimalizowa\u0107 niebezpiecze\u0144stwo podra\u017cnienia kiedy b\u0119dziesz si\u0119ga\u0107 po swoje male\u0144stwo, a tak\u017ce dla sk\u00f3ry dziecka je\u015bli b\u0119dzie stawa\u0107 na pode\u015bcie. Pokrowiec mo\u017cna wielokrotnie pra\u0107 w pralce, w temperaturze 60\u00b0 bez utraty jego w\u0142a\u015bciwo\u015bci. Pokrowiec si\u0119 nie zbiegnie, nie zmechaci, nie zmieni koloru ani wygl\u0105du.<\/p>\n<h2>R\u00fccken HANDY Materacyk do Chicco Next2me Forever Rucken<\/h2>\n<p>prezent dla pi\u0119tnastolatka, z\u0142ote my\u015bli o rodzinie, wakacyjne kolorowanki, konkurs dla dzieci, maska kota, testy z zemsty, najtrudniejsze zagadki, matylda imie, nauka pisania literek do wydruku pdf, kolorowanki kotka, zagadki o zawodach, zagadki o dinozaurach, psi patrol rysunek, pierwsze urodziny prezent na roczek dla ch\u0142opca, ba\u0142wanek do druku, zagadki logiczne matematyczne dla dzieci, laurka kolorowanki na dzie\u0144 mamy, planety uk\u0142ad s\u0142oneczny dla dzieci do druku, prezent roczek, \u017c\u0105rty na prima aprilis, wierszyki na \u015bmigusa dyngusa<\/p>\n<p>yyyyy<\/p>\n<p>&nbsp;<\/p>\n","protected":false},"excerpt":{"rendered":"<p>R\u00fccken HANDY materacyk -nak\u0142adka do Chicco Next2me Forever R\u00fccken Handy zaprojektowali\u015bmy jak nak\u0142adka na materacyk z \u0142\u00f3\u017ceczka dostawnego Chicco Next2me Forever. Nasz materacyk stanowi skuteczne zabezpieczenie oryginalnego materacyka Chicco stwarzaj\u0105c przy tym komfortowe warunki snu dla Twojego dziecka. Zminimalizowali\u015bmy wysoko\u015b\u0107 materacyka HANDY do 5 cm, aby dziecko mog\u0142o swobodnie sta\u0107 w \u0142\u00f3\u017ceczku bez obaw o [&hellip;]<\/p>\n","protected":false},"featured_media":2025,"comment_status":"closed","ping_status":"open","template":"","meta":[],"product_cat":[493,511],"product_tag":[848,821,806,631],"class_list":["post-2024","product","type-product","status-publish","has-post-thumbnail","hentry","product_cat-materace-dzieciece","product_cat-rucken","product_tag-cytat-o-rodzinie","product_tag-marianna","product_tag-prezent-dla-dziecka-na-roczek","product_tag-prezent-na-roczek"],"_links":{"self":[{"href":"http:\/\/klubmamgdynia.pl\/index.php\/wp-json\/wp\/v2\/product\/2024","targetHints":{"allow":["GET"]}}],"collection":[{"href":"http:\/\/klubmamgdynia.pl\/index.php\/wp-json\/wp\/v2\/product"}],"about":[{"href":"http:\/\/klubmamgdynia.pl\/index.php\/wp-json\/wp\/v2\/types\/product"}],"replies":[{"embeddable":true,"href":"http:\/\/klubmamgdynia.pl\/index.php\/wp-json\/wp\/v2\/comments?post=2024"}],"wp:featuredmedia":[{"embeddable":true,"href":"http:\/\/klubmamgdynia.pl\/index.php\/wp-json\/wp\/v2\/media\/2025"}],"wp:attachment":[{"href":"http:\/\/klubmamgdynia.pl\/index.php\/wp-json\/wp\/v2\/media?parent=2024"}],"wp:term":[{"taxonomy":"product_cat","embeddable":true,"href":"http:\/\/klubmamgdynia.pl\/index.php\/wp-json\/wp\/v2\/product_cat?post=2024"},{"taxonomy":"product_tag","embeddable":true,"href":"http:\/\/klubmamgdynia.pl\/index.php\/wp-json\/wp\/v2\/product_tag?post=2024"}],"curies":[{"name":"wp","href":"https:\/\/api.w.org\/{rel}","templated":true}]}}