{"id":2036,"date":"2014-08-27T13:39:25","date_gmt":"2014-08-27T11:39:25","guid":{"rendered":"http:\/\/klubmamgdynia.pl\/index.php\/produkt\/dromader-lalka-82-cm\/"},"modified":"2026-04-29T20:49:00","modified_gmt":"2026-04-29T18:49:00","slug":"dromader-lalka-82-cm","status":"publish","type":"product","link":"http:\/\/klubmamgdynia.pl\/index.php\/produkt\/dromader-lalka-82-cm\/","title":{"rendered":"Dromader Lalka 82 cm"},"content":{"rendered":"<p>Lalka Agusia, 82 cmR\u00f3\u017cne wzory. Produkt wybierany losowo.Informacje o produkcieNr katalogowy00613Marka AgusiaWymagania wiekowe od 3 latP\u0142e\u0107 DziewczynkiWysoko\u015b\u0107 82 cmPozosta\u0142e parametryWymiary opakowania: 82 x 14.5 x 29 cm<\/p>\n<h2>Dromader Lalka 82 cm Dromader<\/h2>\n<p>znaki drogowe quizy, podchwytliwe zagadki dla doros\u0142ych, \u015bwinka peppa dom, opisy do zdj dziecka, bajka psi patrol do czytania, niezapomniany prezent na roczek, cytat z ma\u0142ego ksi\u0119cia o przyja\u017ani, tupu tup po \u015bniegu tekst, \u017cyczenia wielkanocne dla dzieci kr\u00f3tkie, nela imi\u0119, stare wiersze dla dzieci, rzadkie imiona dla dziewczynek, bajki dla dzieci na dobranoc, zagadki dla dziewczyny, prezent dla 17 latka<\/p>\n<p>yyyyy<\/p>\n<p>&nbsp;<\/p>\n","protected":false},"excerpt":{"rendered":"<p>Lalka Agusia, 82 cmR\u00f3\u017cne wzory. Produkt wybierany losowo.Informacje o produkcieNr katalogowy00613Marka AgusiaWymagania wiekowe od 3 latP\u0142e\u0107 DziewczynkiWysoko\u015b\u0107 82 cmPozosta\u0142e parametryWymiary opakowania: 82 x 14.5 x 29 cm Dromader Lalka 82 cm Dromader znaki drogowe quizy, podchwytliwe zagadki dla doros\u0142ych, \u015bwinka peppa dom, opisy do zdj dziecka, bajka psi patrol do czytania, niezapomniany prezent na roczek, [&hellip;]<\/p>\n","protected":false},"featured_media":2037,"comment_status":"closed","ping_status":"open","template":"","meta":[],"product_cat":[60,65],"product_tag":[639,818,703,616,823],"class_list":["post-2036","product","type-product","status-publish","has-post-thumbnail","hentry","product_cat-dromader","product_cat-lalki","product_tag-nela-imie","product_tag-oliwier","product_tag-prezent-dla-nastolatki","product_tag-test-mikolajek-25-pytan","product_tag-zagadki-dla-dzieci-7-lat"],"_links":{"self":[{"href":"http:\/\/klubmamgdynia.pl\/index.php\/wp-json\/wp\/v2\/product\/2036","targetHints":{"allow":["GET"]}}],"collection":[{"href":"http:\/\/klubmamgdynia.pl\/index.php\/wp-json\/wp\/v2\/product"}],"about":[{"href":"http:\/\/klubmamgdynia.pl\/index.php\/wp-json\/wp\/v2\/types\/product"}],"replies":[{"embeddable":true,"href":"http:\/\/klubmamgdynia.pl\/index.php\/wp-json\/wp\/v2\/comments?post=2036"}],"wp:featuredmedia":[{"embeddable":true,"href":"http:\/\/klubmamgdynia.pl\/index.php\/wp-json\/wp\/v2\/media\/2037"}],"wp:attachment":[{"href":"http:\/\/klubmamgdynia.pl\/index.php\/wp-json\/wp\/v2\/media?parent=2036"}],"wp:term":[{"taxonomy":"product_cat","embeddable":true,"href":"http:\/\/klubmamgdynia.pl\/index.php\/wp-json\/wp\/v2\/product_cat?post=2036"},{"taxonomy":"product_tag","embeddable":true,"href":"http:\/\/klubmamgdynia.pl\/index.php\/wp-json\/wp\/v2\/product_tag?post=2036"}],"curies":[{"name":"wp","href":"https:\/\/api.w.org\/{rel}","templated":true}]}}