{"id":2038,"date":"2019-11-25T17:45:58","date_gmt":"2019-11-25T16:45:58","guid":{"rendered":"http:\/\/klubmamgdynia.pl\/index.php\/produkt\/orange-toys-lucky-doggy-przytulanka-piesek-lucky-lili\/"},"modified":"2026-04-23T04:59:29","modified_gmt":"2026-04-23T02:59:29","slug":"orange-toys-lucky-doggy-przytulanka-piesek-lucky-lili","status":"publish","type":"product","link":"http:\/\/klubmamgdynia.pl\/index.php\/produkt\/orange-toys-lucky-doggy-przytulanka-piesek-lucky-lili\/","title":{"rendered":"Orange Toys Lucky Doggy Przytulanka Piesek Lucky Lili"},"content":{"rendered":"<p>Przytulanka piesek Lucky Lili w fio\u0142kowej sp\u00f3dniczce \u2013 38cmOrange Toys to producent wysokiej jako\u015bci pluszowych zabawek. Ju\u017c od ponad dekady jego produkty podbijaj\u0105 serca najm\u0142odszych i wywo\u0142uj\u0105 u\u015bmiech zar\u00f3wno u dzieci jak i doros\u0142ych. Maskotki s\u0105 starannie wykonane z wysokiej jako\u015bci materia\u0142\u00f3w bezpiecznych dla dzieci.Lucky Doggy to kolekcja niezwykle stylowych psiak\u00f3w. Malta\u0144czyki, yorki i chihuahua to jedni z najcz\u0119\u015bciej towarzysz\u0105cych nam ma\u0142ych przyjaci\u00f3\u0142, kt\u00f3rzy cz\u0119sto przypominaj\u0105 swoich w\u0142a\u015bcicieli. Dzi\u0119ki zdejmowanym ubrankom i do\u0142\u0105czonej do zestawu szafie, pieski mog\u0105 wymienia\u0107 si\u0119 ze sob\u0105 strojami.Chihuahua Lili uwielbia odwiedza\u0107 sklepy z ekskluzywnymi s\u0142odyczami. Podziwia tam czekoladki o smaku zielonej herbaty, czy bia\u0142\u0105 czekolad\u0119 z nadzieniem r\u00f3\u017canym, ale ostatnio odkry\u0142a co\u015b zupe\u0142nie niezwyk\u0142ego \u2013 kandyzowane p\u0142atki fio\u0142k\u00f3w.Ten niesamowity przysmak przypomnia\u0142 jej o tym, jak bardzo lubi te urocze, fioletowe kwiatki. Lili wie, \u017ce teraz w modzie s\u0105 inne, bardziej egzotyczne ro\u015bliny, ale fio\u0142ki zawsze b\u0119d\u0105 jej ulubionymi kwiatami.Charakterystykapi\u0119knie wykonany z mi\u0119ciutkiego pluszubezpieczny dla najm\u0142odszych dziecidba\u0142o\u015b\u0107 o ka\u017cdy szczeg\u00f3\u0142piesek obraca g\u0142ow\u0105 o 360\u00b0w przednich \u0142apkach pieska znajduj\u0105 si\u0119 magnesyubranka mo\u017cna zdejmowa\u0107pude\u0142ko zmienia si\u0119 w szaf\u0119 na ubraniaW zestawiemaskotkaubranka (kokarda, ozdobna wst\u0105\u017cka z koralikiem, sp\u00f3dniczka)pude\u0142ko, kt\u00f3re zamienia si\u0119 w szaf\u0119Wymiarywysoko\u015b\u0107 maskotki: 38 cmwysoko\u015b\u0107 w pozycji siedz\u0105cej: 25 cmwymiary opakowania: 44 cm (wys.) x 12,5 cm (g\u0142.) x 19,5 cm (szer.)Zabawka przeznaczona dla dzieci od 3 roku \u017cycia.Posiada atest CE.LD024<\/p>\n<h2>Orange Toys Lucky Doggy Przytulanka Piesek Lucky Lili Russell<\/h2>\n<p>test z lektury pies kt\u00f3ry je\u017adzi\u0142 kolej\u0105, kr\u00f3tkie bajki do czytania na dobranoc, kolorowanka dla dzieci, prezent dla pi\u0119tnastolatka, babcia z dziadkiem to jest to tekst, kolorowanki antystresowe do druku, zosia samosia wiersz<\/p>\n<p>yyyyy<\/p>\n<p>&nbsp;<\/p>\n","protected":false},"excerpt":{"rendered":"<p>Przytulanka piesek Lucky Lili w fio\u0142kowej sp\u00f3dniczce \u2013 38cmOrange Toys to producent wysokiej jako\u015bci pluszowych zabawek. Ju\u017c od ponad dekady jego produkty podbijaj\u0105 serca najm\u0142odszych i wywo\u0142uj\u0105 u\u015bmiech zar\u00f3wno u dzieci jak i doros\u0142ych. Maskotki s\u0105 starannie wykonane z wysokiej jako\u015bci materia\u0142\u00f3w bezpiecznych dla dzieci.Lucky Doggy to kolekcja niezwykle stylowych psiak\u00f3w. Malta\u0144czyki, yorki i chihuahua [&hellip;]<\/p>\n","protected":false},"featured_media":2039,"comment_status":"closed","ping_status":"open","template":"","meta":[],"product_cat":[42,422],"product_tag":[658,817,826,856,651],"class_list":["post-2038","product","type-product","status-publish","has-post-thumbnail","hentry","product_cat-maskotki","product_cat-russell","product_tag-alan-znaczenie-imienia","product_tag-bajka-terapeutyczna-o-emocjach","product_tag-prezent-dla-15-latka","product_tag-prezent-dla-16-latki","product_tag-quizy-online"],"_links":{"self":[{"href":"http:\/\/klubmamgdynia.pl\/index.php\/wp-json\/wp\/v2\/product\/2038","targetHints":{"allow":["GET"]}}],"collection":[{"href":"http:\/\/klubmamgdynia.pl\/index.php\/wp-json\/wp\/v2\/product"}],"about":[{"href":"http:\/\/klubmamgdynia.pl\/index.php\/wp-json\/wp\/v2\/types\/product"}],"replies":[{"embeddable":true,"href":"http:\/\/klubmamgdynia.pl\/index.php\/wp-json\/wp\/v2\/comments?post=2038"}],"wp:featuredmedia":[{"embeddable":true,"href":"http:\/\/klubmamgdynia.pl\/index.php\/wp-json\/wp\/v2\/media\/2039"}],"wp:attachment":[{"href":"http:\/\/klubmamgdynia.pl\/index.php\/wp-json\/wp\/v2\/media?parent=2038"}],"wp:term":[{"taxonomy":"product_cat","embeddable":true,"href":"http:\/\/klubmamgdynia.pl\/index.php\/wp-json\/wp\/v2\/product_cat?post=2038"},{"taxonomy":"product_tag","embeddable":true,"href":"http:\/\/klubmamgdynia.pl\/index.php\/wp-json\/wp\/v2\/product_tag?post=2038"}],"curies":[{"name":"wp","href":"https:\/\/api.w.org\/{rel}","templated":true}]}}