{"id":205,"date":"2020-06-18T20:08:24","date_gmt":"2020-06-18T18:08:24","guid":{"rendered":"http:\/\/klubmamgdynia.pl\/index.php\/produkt\/trefl-puzzle-20el-przyjazn-w-krainie-lodu-21082\/"},"modified":"2026-04-30T01:43:51","modified_gmt":"2026-04-29T23:43:51","slug":"trefl-puzzle-20el-przyjazn-w-krainie-lodu-21082","status":"publish","type":"product","link":"http:\/\/klubmamgdynia.pl\/index.php\/produkt\/trefl-puzzle-20el-przyjazn-w-krainie-lodu-21082\/","title":{"rendered":"Trefl Puzzle 20el. Przyja\u017a\u0144 W Krainie Lodu 21082"},"content":{"rendered":"<p>Trefl Puzzle Minimaxi-Przyja\u017a\u0144 W Krainie Lodu 3 20El.Uk\u0142adanka dla najm\u0142odszych w ma\u0142ym, wygodnym pude\u0142eczku, kt\u00f3re swobodnie zmie\u015bci si\u0119 w dzieci\u0119cym plecaczku i na p\u00f3\u0142ce z zabawkami.vPo u\u0142o\u017ceniu dziecko otrzyma obrazek przedstawiaj\u0105cy ulubie\u0144ca z animowanego filmu FROZEN II &#8211; Olafa.To w\u0142a\u015bnie kolorowa grafika i mo\u017cliwo\u015b\u0107 tworzenia sprawiaj\u0105, \u017ce uk\u0142adanie puzzli to dla dzieci wiele rado\u015bci.<\/p>\n<h2>Trefl Puzzle 20el. Przyja\u017a\u0144 W Krainie Lodu 21082 Trefl<\/h2>\n<p>testy z lektury opowie\u015bci z narnii lew czarownica i stara szafa, \u017carty na prima aprilis w domu, wierszyk o wakacjach, wiersze o wakacjach, kartk\u00f3wki z zegara, imiona dla ch\u0142opc\u00f3w, wulkan z sody, dyplomy szablony pdf, sentencja rodzina, kr\u00f3tkie bajki dla dzieci do czytania, kolorowanki pikachu, kotki do druku, kolorowanki do wydruku<\/p>\n<p>yyyyy<\/p>\n<p>&nbsp;<\/p>\n","protected":false},"excerpt":{"rendered":"<p>Trefl Puzzle Minimaxi-Przyja\u017a\u0144 W Krainie Lodu 3 20El.Uk\u0142adanka dla najm\u0142odszych w ma\u0142ym, wygodnym pude\u0142eczku, kt\u00f3re swobodnie zmie\u015bci si\u0119 w dzieci\u0119cym plecaczku i na p\u00f3\u0142ce z zabawkami.vPo u\u0142o\u017ceniu dziecko otrzyma obrazek przedstawiaj\u0105cy ulubie\u0144ca z animowanego filmu FROZEN II &#8211; Olafa.To w\u0142a\u015bnie kolorowa grafika i mo\u017cliwo\u015b\u0107 tworzenia sprawiaj\u0105, \u017ce uk\u0142adanie puzzli to dla dzieci wiele rado\u015bci. Trefl [&hellip;]<\/p>\n","protected":false},"featured_media":206,"comment_status":"closed","ping_status":"open","template":"","meta":[],"product_cat":[90,104],"product_tag":[845,847,826,843,647,756],"class_list":["post-205","product","type-product","status-publish","has-post-thumbnail","hentry","product_cat-puzzle","product_cat-trefl","product_tag-ach-spij-kochanie-tekst","product_tag-kolorowanki-pokemon","product_tag-prezent-dla-15-latka","product_tag-smieszne-zagadki-dla-dzieci","product_tag-warszawa-z-dzieckiem","product_tag-zaproszenie-na-urodziny-do-druku"],"_links":{"self":[{"href":"http:\/\/klubmamgdynia.pl\/index.php\/wp-json\/wp\/v2\/product\/205","targetHints":{"allow":["GET"]}}],"collection":[{"href":"http:\/\/klubmamgdynia.pl\/index.php\/wp-json\/wp\/v2\/product"}],"about":[{"href":"http:\/\/klubmamgdynia.pl\/index.php\/wp-json\/wp\/v2\/types\/product"}],"replies":[{"embeddable":true,"href":"http:\/\/klubmamgdynia.pl\/index.php\/wp-json\/wp\/v2\/comments?post=205"}],"wp:featuredmedia":[{"embeddable":true,"href":"http:\/\/klubmamgdynia.pl\/index.php\/wp-json\/wp\/v2\/media\/206"}],"wp:attachment":[{"href":"http:\/\/klubmamgdynia.pl\/index.php\/wp-json\/wp\/v2\/media?parent=205"}],"wp:term":[{"taxonomy":"product_cat","embeddable":true,"href":"http:\/\/klubmamgdynia.pl\/index.php\/wp-json\/wp\/v2\/product_cat?post=205"},{"taxonomy":"product_tag","embeddable":true,"href":"http:\/\/klubmamgdynia.pl\/index.php\/wp-json\/wp\/v2\/product_tag?post=205"}],"curies":[{"name":"wp","href":"https:\/\/api.w.org\/{rel}","templated":true}]}}