{"id":2058,"date":"2013-10-04T11:20:23","date_gmt":"2013-10-04T09:20:23","guid":{"rendered":"http:\/\/klubmamgdynia.pl\/index.php\/produkt\/pluszowa-czarna-pantera\/"},"modified":"2026-04-06T02:29:59","modified_gmt":"2026-04-06T00:29:59","slug":"pluszowa-czarna-pantera","status":"publish","type":"product","link":"http:\/\/klubmamgdynia.pl\/index.php\/produkt\/pluszowa-czarna-pantera\/","title":{"rendered":"Pluszowa czarna pantera"},"content":{"rendered":"<p>Nasza mi\u0119kka pluszowa pantera w rozmiarze XXL o niesamowicie realistycznych detalach i imponuj\u0105cym wygl\u0105dzie wprowadzi odrobin\u0119 dzikiej natury do pokoju Twojego dziecka! Pantera idealnie sprawdzi si\u0119 zar\u00f3wno jako przytulny kompan zabaw, jak i realistyczny elementu wystroju. Zadbano o dok\u0142adne oddanie jego charakterystycznego wygl\u0105du, od ko\u0144ca ogona po poduszeczki na \u0142apkach, a wykonanie g\u0142owy z pianki zapewnia jej realistyczny kszta\u0142t. Ca\u0142o\u015b\u0107 pokryto wysokiej jako\u015bci pluszem, mi\u0119kkim i mi\u0142ym w dotyku. Dzi\u0119ki wielu detalom i wysokiej jako\u015bci konstrukcji nasz pluszak z pewno\u015bci\u0105 wniesie powiew egzotyki do ka\u017cdego domu.<\/p>\n<h2>Pluszowa czarna pantera VidaXL<\/h2>\n<p>kolorowanki, pomys\u0142y na dzie\u0144 dziecka dla nastolatk\u00f3w, co dla rocznego dziecka, imi\u0119 pola, kolorowanki patriotyczne symbole narodowe kolorowanka, atrakcje dla dzieci krak\u00f3w, co kupic dziewczynce na roczek, prezent dla 7 latka, najtrudniejsze zagadki, natalia, co na roczek, myszka miki kolorowanka, \u015bwi\u0105teczne filmy familijne, test z lektury dzieci z bullerbyn, przyja\u017a\u0144, m.i.a., kolorowanki kotki<\/p>\n<p>yyyyy<\/p>\n<p>&nbsp;<\/p>\n","protected":false},"excerpt":{"rendered":"<p>Nasza mi\u0119kka pluszowa pantera w rozmiarze XXL o niesamowicie realistycznych detalach i imponuj\u0105cym wygl\u0105dzie wprowadzi odrobin\u0119 dzikiej natury do pokoju Twojego dziecka! Pantera idealnie sprawdzi si\u0119 zar\u00f3wno jako przytulny kompan zabaw, jak i realistyczny elementu wystroju. Zadbano o dok\u0142adne oddanie jego charakterystycznego wygl\u0105du, od ko\u0144ca ogona po poduszeczki na \u0142apkach, a wykonanie g\u0142owy z pianki [&hellip;]<\/p>\n","protected":false},"featured_media":2059,"comment_status":"closed","ping_status":"open","template":"","meta":[],"product_cat":[42,23],"product_tag":[780,613,873],"class_list":["post-2058","product","type-product","status-publish","has-post-thumbnail","hentry","product_cat-maskotki","product_cat-vidaxl","product_tag-krecik-bajka","product_tag-na-wyspach-bergamutach","product_tag-zagadki-z-odpowiedziami-dla-dzieci"],"_links":{"self":[{"href":"http:\/\/klubmamgdynia.pl\/index.php\/wp-json\/wp\/v2\/product\/2058","targetHints":{"allow":["GET"]}}],"collection":[{"href":"http:\/\/klubmamgdynia.pl\/index.php\/wp-json\/wp\/v2\/product"}],"about":[{"href":"http:\/\/klubmamgdynia.pl\/index.php\/wp-json\/wp\/v2\/types\/product"}],"replies":[{"embeddable":true,"href":"http:\/\/klubmamgdynia.pl\/index.php\/wp-json\/wp\/v2\/comments?post=2058"}],"wp:featuredmedia":[{"embeddable":true,"href":"http:\/\/klubmamgdynia.pl\/index.php\/wp-json\/wp\/v2\/media\/2059"}],"wp:attachment":[{"href":"http:\/\/klubmamgdynia.pl\/index.php\/wp-json\/wp\/v2\/media?parent=2058"}],"wp:term":[{"taxonomy":"product_cat","embeddable":true,"href":"http:\/\/klubmamgdynia.pl\/index.php\/wp-json\/wp\/v2\/product_cat?post=2058"},{"taxonomy":"product_tag","embeddable":true,"href":"http:\/\/klubmamgdynia.pl\/index.php\/wp-json\/wp\/v2\/product_tag?post=2058"}],"curies":[{"name":"wp","href":"https:\/\/api.w.org\/{rel}","templated":true}]}}