{"id":2064,"date":"2022-09-04T20:44:24","date_gmt":"2022-09-04T18:44:24","guid":{"rendered":"http:\/\/klubmamgdynia.pl\/index.php\/produkt\/spin-master-present-pets-blyszczaca-ksiezniczka\/"},"modified":"2026-04-23T01:07:07","modified_gmt":"2026-04-22T23:07:07","slug":"spin-master-present-pets-blyszczaca-ksiezniczka","status":"publish","type":"product","link":"http:\/\/klubmamgdynia.pl\/index.php\/produkt\/spin-master-present-pets-blyszczaca-ksiezniczka\/","title":{"rendered":"Spin Master Present Pets B\u0142yszcz\u0105ca Ksi\u0119\u017cniczka"},"content":{"rendered":"<p>Pojawi\u0142y si\u0119 nowe rasy Present Pets! Present Pets to jedyny prezent, kt\u00f3ry sam si\u0119 rozpakuje. W \u015brodku ka\u017cdego pude\u0142ka znajduje si\u0119 interaktywny szczeniaczek Yorka. Czeka tylko na to, \u017ceby Ci\u0119 pozna\u0107, dlatego pazurkami rozrywa opakowanie! Dzi\u0119ki temu, \u017ce w ka\u017cdym pude\u0142ku mog\u0105 znajdowa\u0107 si\u0119 dwa r\u00f3\u017cne szczeniaki, nie b\u0119dziesz wiedzie\u0107, kt\u00f3ry jest w \u015brodku, do czasu gdy go nie zobaczysz. Aby rozpocz\u0105\u0107 odkrywanie, zdejmij zewn\u0119trzn\u0105 warstw\u0119 pude\u0142ka i poci\u0105gnij za zawieszk\u0119 prezentow\u0105. Pude\u0142ko natychmiast si\u0119 zatrz\u0119sie, gdy zniecierpliwione szczeni\u0119 zacznie si\u0119 wydostawa\u0107 na zewn\u0105trz. Przedni panel otworzy si\u0119, ukazuj\u0105c, kt\u00f3re szczeni\u0119 jest w \u015brodku: Mazie czy Cici!Ka\u017cdy Princess Pup ma b\u0142yszcz\u0105c\u0105 tiar\u0119, ko\u0142nierzyk, z\u0142ote detale na uszach i \u0142apkach, wyraziste oczy i mi\u0119kkie pluszowe cia\u0142o. Jest taki \u015bliczny! Gdy si\u0119 ujawni, Tw\u00f3j szczeniak b\u0119dzie \u015bpiewa\u0142 specjaln\u0105, kr\u00f3lewsk\u0105 piosenk\u0119. Odkryj jego towarzysk\u0105 osobowo\u015b\u0107 podczas wsp\u00f3lnych zabaw! Uwielbia si\u0119 przytula\u0107! Pog\u0142aszcz go po g\u0142owie, a z rado\u015bci da Ci buziaka i b\u0119dzie wydawa\u0107 s\u0142odkie odg\u0142osy. \u0141askocz go po brzuszku, aby mia\u0142 jeszcze wi\u0119cej ochoty do zabawy! Jego ogon zacznie szybciej macha\u0107, a \u0142apy porusza\u0107 i wyda przy tym najs\u0142odszy szczeni\u0119cy chichot! Tw\u00f3j szczeniak rozpoznaje nawet, kiedy do niego m\u00f3wisz! Aby zabawa by\u0142a jeszcze lepsza, ka\u017cdy Princess Pup zna dwie gry, w kt\u00f3re mo\u017cecie gra\u0107 razem. Royal Repeat polega na tym, \u017ce m\u00f3wisz do szczeniaka, a on stara si\u0119 Ci\u0119 na\u015bladowa\u0107, szczekaj\u0105c. Princess Promises Tw\u00f3j szczeniak b\u0119dzie szczeka\u0142 kilka razy. Zaszczekaj po nim tyle samo razy, \u017ceby wygra\u0107! Dzi\u0119ki ponad 100 akcjom i d\u017awi\u0119kom Present Pets o\u017cywia prawdziwe szcz\u0119\u015bcie zwi\u0105zane z posiadaniem w\u0142asnego szczeniaka. Zabawki Present Pets dla dzieci w wieku od 5 lat to wspania\u0142y prezent. Zawiera 6 baterii AAA Duracella. Rozpakuj wszystkie Present Pets, w tym Fair Pups Missy i Blossom (sprzedawane osobno). Niezapomniane prze\u017cycia dla ca\u0142ej rodziny gwarantowane! Kt\u00f3rego szczeniaka dostaniesz?EAN: 0778988393475<\/p>\n<h2>Spin Master Present Pets B\u0142yszcz\u0105ca Ksi\u0119\u017cniczka Spin Master<\/h2>\n<p>o b\u0142\u0119dne dyktando, cytaty o przyja\u017ani, mi\u0142osz imi\u0119, quiz o flagach, ko\u0142ysanka dla dzieci tekst, prezent dla 14 letniej dziewczyny<\/p>\n<p>yyyyy<\/p>\n<p>&nbsp;<\/p>\n","protected":false},"excerpt":{"rendered":"<p>Pojawi\u0142y si\u0119 nowe rasy Present Pets! Present Pets to jedyny prezent, kt\u00f3ry sam si\u0119 rozpakuje. W \u015brodku ka\u017cdego pude\u0142ka znajduje si\u0119 interaktywny szczeniaczek Yorka. Czeka tylko na to, \u017ceby Ci\u0119 pozna\u0107, dlatego pazurkami rozrywa opakowanie! Dzi\u0119ki temu, \u017ce w ka\u017cdym pude\u0142ku mog\u0105 znajdowa\u0107 si\u0119 dwa r\u00f3\u017cne szczeniaki, nie b\u0119dziesz wiedzie\u0107, kt\u00f3ry jest w \u015brodku, do [&hellip;]<\/p>\n","protected":false},"featured_media":2065,"comment_status":"closed","ping_status":"open","template":"","meta":[],"product_cat":[42,94],"product_tag":[626,717,629,738,788],"class_list":["post-2064","product","type-product","status-publish","has-post-thumbnail","hentry","product_cat-maskotki","product_cat-spin-master","product_tag-jacek","product_tag-prezent-roczek","product_tag-smieszne-zagadki-z-odpowiedziami","product_tag-wroclaw-dla-dzieci","product_tag-zagadki-krotkie"],"_links":{"self":[{"href":"http:\/\/klubmamgdynia.pl\/index.php\/wp-json\/wp\/v2\/product\/2064","targetHints":{"allow":["GET"]}}],"collection":[{"href":"http:\/\/klubmamgdynia.pl\/index.php\/wp-json\/wp\/v2\/product"}],"about":[{"href":"http:\/\/klubmamgdynia.pl\/index.php\/wp-json\/wp\/v2\/types\/product"}],"replies":[{"embeddable":true,"href":"http:\/\/klubmamgdynia.pl\/index.php\/wp-json\/wp\/v2\/comments?post=2064"}],"wp:featuredmedia":[{"embeddable":true,"href":"http:\/\/klubmamgdynia.pl\/index.php\/wp-json\/wp\/v2\/media\/2065"}],"wp:attachment":[{"href":"http:\/\/klubmamgdynia.pl\/index.php\/wp-json\/wp\/v2\/media?parent=2064"}],"wp:term":[{"taxonomy":"product_cat","embeddable":true,"href":"http:\/\/klubmamgdynia.pl\/index.php\/wp-json\/wp\/v2\/product_cat?post=2064"},{"taxonomy":"product_tag","embeddable":true,"href":"http:\/\/klubmamgdynia.pl\/index.php\/wp-json\/wp\/v2\/product_tag?post=2064"}],"curies":[{"name":"wp","href":"https:\/\/api.w.org\/{rel}","templated":true}]}}