{"id":2079,"date":"2013-10-03T19:45:02","date_gmt":"2013-10-03T17:45:02","guid":{"rendered":"http:\/\/klubmamgdynia.pl\/index.php\/produkt\/naped-na-tylne-kolarozmiar-27x19x13-cmpredkosc-12-20-km-hjoystick-odpowiedni-dla-malych-dzieci\/"},"modified":"2026-04-07T12:42:43","modified_gmt":"2026-04-07T10:42:43","slug":"naped-na-tylne-kolarozmiar-27x19x13-cmpredkosc-12-20-km-hjoystick-odpowiedni-dla-malych-dzieci","status":"publish","type":"product","link":"http:\/\/klubmamgdynia.pl\/index.php\/produkt\/naped-na-tylne-kolarozmiar-27x19x13-cmpredkosc-12-20-km-hjoystick-odpowiedni-dla-malych-dzieci\/","title":{"rendered":"nap\u0119d na tylne ko\u0142aRozmiar 27x19x13 cmPr\u0119dko\u015b\u0107 12 &#8211; 20 km\/hJoystick odpowiedni dla ma\u0142ych dzieci"},"content":{"rendered":"<p>zasi\u0119g 20mOdpowiedni dla dzieci od 6 latBateria:Autko: 4<\/p>\n<h2>nap\u0119d na tylne ko\u0142aRozmiar 27x19x13 cmPr\u0119dko\u015b\u0107 12 &#8211; 20 km\/hJoystick odpowiedni dla ma\u0142ych dzieci 8 V 500 mAh<\/h2>\n<p>najtrudniejsze zagadki, kolorowanki lego ninjago, alan imi\u0119, emanuel, kotki do druku, cytaty dla mamy od c\u00f3rki, jad\u0105 jad\u0105 misie tekst, przechowywanie zabawek, bianka, \u0142amig\u0142\u00f3wki dla dzieci do wydruku, stare piosenki, co kupi\u0107 nastolatce na \u015bwi\u0119ta, jak narysowa\u0107 psa, kryspinow<\/p>\n<p>yyyyy<\/p>\n<p>&nbsp;<\/p>\n","protected":false},"excerpt":{"rendered":"<p>zasi\u0119g 20mOdpowiedni dla dzieci od 6 latBateria:Autko: 4 nap\u0119d na tylne ko\u0142aRozmiar 27x19x13 cmPr\u0119dko\u015b\u0107 12 &#8211; 20 km\/hJoystick odpowiedni dla ma\u0142ych dzieci 8 V 500 mAh najtrudniejsze zagadki, kolorowanki lego ninjago, alan imi\u0119, emanuel, kotki do druku, cytaty dla mamy od c\u00f3rki, jad\u0105 jad\u0105 misie tekst, przechowywanie zabawek, bianka, \u0142amig\u0142\u00f3wki dla dzieci do wydruku, stare [&hellip;]<\/p>\n","protected":false},"featured_media":0,"comment_status":"closed","ping_status":"open","template":"","meta":[],"product_cat":[522,523],"product_tag":[685,776,828,759],"class_list":["post-2079","product","type-product","status-publish","hentry","product_cat-8-v-500-mah","product_cat-w-zestawiesterownik-2x-aa","product_tag-cytaty-o-rodzinie","product_tag-dobrej-nocy","product_tag-filmy-wigilijne-dla-dzieci","product_tag-pomysly-na-prezent-dla-nastolatkow"],"_links":{"self":[{"href":"http:\/\/klubmamgdynia.pl\/index.php\/wp-json\/wp\/v2\/product\/2079","targetHints":{"allow":["GET"]}}],"collection":[{"href":"http:\/\/klubmamgdynia.pl\/index.php\/wp-json\/wp\/v2\/product"}],"about":[{"href":"http:\/\/klubmamgdynia.pl\/index.php\/wp-json\/wp\/v2\/types\/product"}],"replies":[{"embeddable":true,"href":"http:\/\/klubmamgdynia.pl\/index.php\/wp-json\/wp\/v2\/comments?post=2079"}],"wp:attachment":[{"href":"http:\/\/klubmamgdynia.pl\/index.php\/wp-json\/wp\/v2\/media?parent=2079"}],"wp:term":[{"taxonomy":"product_cat","embeddable":true,"href":"http:\/\/klubmamgdynia.pl\/index.php\/wp-json\/wp\/v2\/product_cat?post=2079"},{"taxonomy":"product_tag","embeddable":true,"href":"http:\/\/klubmamgdynia.pl\/index.php\/wp-json\/wp\/v2\/product_tag?post=2079"}],"curies":[{"name":"wp","href":"https:\/\/api.w.org\/{rel}","templated":true}]}}