{"id":2097,"date":"2016-07-21T06:36:09","date_gmt":"2016-07-21T04:36:09","guid":{"rendered":"http:\/\/klubmamgdynia.pl\/index.php\/produkt\/nikko-28cm-velocitrax-rally-red\/"},"modified":"2026-04-05T02:46:54","modified_gmt":"2026-04-05T00:46:54","slug":"nikko-28cm-velocitrax-rally-red","status":"publish","type":"product","link":"http:\/\/klubmamgdynia.pl\/index.php\/produkt\/nikko-28cm-velocitrax-rally-red\/","title":{"rendered":"Nikko 28Cm Velocitrax Rally Red"},"content":{"rendered":"<p>Terrain and obstacles are no match for the VelociTrax R\/C (2.4GHz)! This rugged vehicle has 360 degree spin capabilities, climbs 45 degrees, full-function remote control action and ultra-maneurability. No matter the conditions, the VelociTrax is ready! Reaches a speed of 14 km\/hr. Range 40 m. The controller takes 3 x AAA batteries (included) and the vehicle 6.4V LiFePo4 battery included with USB charger. 1 hour charging time. From 6 years.<\/p>\n<h2>Nikko 28Cm Velocitrax Rally Red Nikko<\/h2>\n<p>bajki do czytania online, zagadki na logik\u0119, quizy hobbit, bajka do czytania o piesku, pokoloruj wed\u0142ug wzoru, jak zrobi\u0107 wulkan, esmeralda<\/p>\n<p>yyyyy<\/p>\n<p>&nbsp;<\/p>\n","protected":false},"excerpt":{"rendered":"<p>Terrain and obstacles are no match for the VelociTrax R\/C (2.4GHz)! This rugged vehicle has 360 degree spin capabilities, climbs 45 degrees, full-function remote control action and ultra-maneurability. No matter the conditions, the VelociTrax is ready! Reaches a speed of 14 km\/hr. Range 40 m. The controller takes 3 x AAA batteries (included) and the [&hellip;]<\/p>\n","protected":false},"featured_media":2098,"comment_status":"closed","ping_status":"open","template":"","meta":[],"product_cat":[529,337],"product_tag":[836,696,758,723],"class_list":["post-2097","product","type-product","status-publish","has-post-thumbnail","hentry","product_cat-nikko","product_cat-zabawki-zdalnie-sterowane","product_tag-co-kupic-dziecku-na-roczek","product_tag-film-rodzinny-o-swietach","product_tag-julian","product_tag-krotkie-bajki-do-czytania-na-dobranoc"],"_links":{"self":[{"href":"http:\/\/klubmamgdynia.pl\/index.php\/wp-json\/wp\/v2\/product\/2097","targetHints":{"allow":["GET"]}}],"collection":[{"href":"http:\/\/klubmamgdynia.pl\/index.php\/wp-json\/wp\/v2\/product"}],"about":[{"href":"http:\/\/klubmamgdynia.pl\/index.php\/wp-json\/wp\/v2\/types\/product"}],"replies":[{"embeddable":true,"href":"http:\/\/klubmamgdynia.pl\/index.php\/wp-json\/wp\/v2\/comments?post=2097"}],"wp:featuredmedia":[{"embeddable":true,"href":"http:\/\/klubmamgdynia.pl\/index.php\/wp-json\/wp\/v2\/media\/2098"}],"wp:attachment":[{"href":"http:\/\/klubmamgdynia.pl\/index.php\/wp-json\/wp\/v2\/media?parent=2097"}],"wp:term":[{"taxonomy":"product_cat","embeddable":true,"href":"http:\/\/klubmamgdynia.pl\/index.php\/wp-json\/wp\/v2\/product_cat?post=2097"},{"taxonomy":"product_tag","embeddable":true,"href":"http:\/\/klubmamgdynia.pl\/index.php\/wp-json\/wp\/v2\/product_tag?post=2097"}],"curies":[{"name":"wp","href":"https:\/\/api.w.org\/{rel}","templated":true}]}}