{"id":2109,"date":"2015-02-22T13:26:54","date_gmt":"2015-02-22T12:26:54","guid":{"rendered":"http:\/\/klubmamgdynia.pl\/index.php\/produkt\/rastar-duzy-licencjonowany-zdalnie-sterowany-mercedes-g63-amg-114\/"},"modified":"2026-04-30T01:05:14","modified_gmt":"2026-04-29T23:05:14","slug":"rastar-duzy-licencjonowany-zdalnie-sterowany-mercedes-g63-amg-114","status":"publish","type":"product","link":"http:\/\/klubmamgdynia.pl\/index.php\/produkt\/rastar-duzy-licencjonowany-zdalnie-sterowany-mercedes-g63-amg-114\/","title":{"rendered":"Rastar Du\u017cy Licencjonowany Zdalnie Sterowany Mercedes G63 AMG (1:14)"},"content":{"rendered":"<p>Du\u017cy Licencjonowany i Wysokiej Jako\u015bci Zdalnie Sterowany TerenowyKultowy MERCEDES G63 AMG + Bezprzewodowy Pilot Steruj\u0105cy + O\u015bwie&#8211;tlenie + Otwierane Drzwi\/baga\u017cnik&#8230;Wykonany w skali 1:14!!Doskona\u0142y na prezent dla ka\u017cdego m\u0142odego (i nie tylko) pasjonatamo&#8211;toryzacji i tej niemieckiej marki!!Obdarowany (bez wzgl\u0119du na wiek) b\u0119dzie na pewno w niebo wzi\u0119ty!!Wykonany z wielk\u0105 dba\u0142o\u015bci\u0105 o wszystkie szczeg\u00f3\u0142y!!Jest to wierna replika tego legendarnego terenowego mercedesa (wersjipo liftingu) klasy G(najmocniejszej wersji G63 AMG (585KM) wartej ok1mln PLN) produkowanego obecnie przez ten niemiecki koncern!!Ten kultowy ju\u017c mercedes klasy &#8222;G&#8221; produkowany jest od 1990r. (w 2018r.przeszed\u0142 gruntowny lifting).Linia nadwozia robi naprawd\u0119 ogromne wra\u017cenie!!Model ten posiada r\u00f3wnie\u017c otwierane\/zamykane przednie drzwi (zdalniepilotem)!!Model R\/C jednej z najlepszych firm na \u015bwiecie (Rastar) produkuj\u0105cejmarkowe modele samochod\u00f3w!!Modele marki RASTAR wyr\u00f3\u017cniaj\u0105 si\u0119 bardzo wysok\u0105 jako\u015bci\u0105 wykonania,bardzo dobrymi parametrami u\u017cytkowymi oraz wysok\u0105 odporno\u015bci\u0105 nauszkodzenia mechaniczne oraz warunki atmosferyczne.Proces produkcji przy wsp\u00f3\u0142pracy z producentem marki Mercedeszaowo&#8211;cowa\u0142 idealnie proporcjonaln\u0105 bry\u0142\u0105 nadwozia posiadaj\u0105c\u0105 wszystkiete elementy, kt\u00f3re znale\u017a\u0107 mo\u017cna w prawdziwym egzemplarzu G63 AMG!!Produkty przez nas oferowane posiadaj\u0105 wszelkie certyfikaty, licencjeoraz spe\u0142niaj\u0105 wszystkie normy wymagane na terenie EU oraz Polski.LOGO MARKI, FELGI, KIEROWNICA, FOTELE, LAMPY ITD. S\u0104 IDEALNYMODZWIERCIEDLENIEM PRAWDZIWEGO AUTA!!Dodatkowe Zalety:- Prawdziwe zawieszenie,- Gumowe opony,- Otwierane drzwi i baga\u017cnik,- Niezwykle zwrotny, dynamicznie je\u017adzi i ostro wchodzi w zakr\u0119ty,- Wytrzyma\u0142y i bezawaryjny szczotkowy silnik elektryczny rozwijaj\u0105cypr\u0119dko\u015b\u0107 15-20 km\/h,- Zasi\u0119g sterowania do 50 metr\u00f3w,- Mo\u017cliwo\u015b\u0107 regulacja zbie\u017cno\u015bci skr\u0119tu w przednim zawieszeniu,- Mo\u017cliwo\u015b\u0107 tak\u017ce skr\u0119cania w lewo i w prawo,- Doskonale polakierowana karoseria!!,- Posiada oryginalne LOGA Mercedesa G63 AMG na karoserii i podzespo\u0142achpojazdu,- Podczas jazdy w prz\u00f3d \u015bwiec\u0105 przednie \u015bwiat\u0142a (jak xenony), jad\u0105c doty\u0142u \u015bwiec\u0105 \u015bwiat\u0142a tylne,- Auto wyposa\u017cone w mechanizm r\u00f3\u017cnicowy,- Mo\u017cliwo\u015b\u0107 u\u017cywania kilku pojazd\u00f3w jednocze\u015bnie bez zak\u0142\u00f3ce\u0144 (s\u0105 produko-wane na r\u00f3\u017cne cz\u0119stotliwo\u015bci),- Auto wykonano z wysokiej jako\u015bci tworzywa sztucznego i podzespo\u0142\u00f3welektronicznych,- Certyfikaty i opinie: CE, EN 71.Na spodzie pojazdu znajduje si\u0119 w\u0142\u0105cznik On\/Off, mechanizm reguluj\u0105cy k\u0105tskr\u0119tu i komora baterii.Dzi\u0119ki \u017cywej kolorystyce i wiernemu oddaniu szczeg\u00f3\u0142\u00f3w, zabawa ztym samochodem, staje si\u0119 jeszcze bardziej ciekawa.Ta wielofunkcyjna zabawka, bawi\u0105c jednocze\u015bnie rozwija koordynacj\u0119ruchow\u0105 i sprawno\u015b\u0107 motoryczn\u0105 dziecka.Poprzez zabaw\u0119 dziecko uczy si\u0119 logicznego my\u015blenia, pomaga w stawianiupierwszych krok\u00f3w w roli kierowcy.Wspania\u0142a zabawa i mi\u0142o sp\u0119dzony czas &#8211; gwarantowane!!Dane Techniczne:- Wykonany w skali: 1:14,- Zalecany wiek u\u017cytkownika: 5+,- Obudowa wykonana zosta\u0142a ze wzmocnionego tworzywa sztucznego ABS,- Opony: gumowe sportowe,- \u015awiat\u0142a mijania i wsteczne,- Ka\u017cde ko\u0142o z oddzieln\u0105 amortyzacj\u0105,- Zasi\u0119g sterowania: do ok. 50 metr\u00f3w!!,- Cz\u0119stotliwo\u015b\u0107 pracy: 2.4 GHz,- Kolor: czarny matowy,- Wymiary max (d\u0142. x szer. x wys.): 33,5 x 15 x 13,5 cm,- Wymiary w pude\u0142ku (d\u0142. x szer. x wys.): 43 x 25 x 18,5 cm,- Waga pojazdu (bez baterii): 770g.,- Waga pilota steruj\u0105cego (z bateri\u0105): 125g.,- Zasilanie auta: 5x bateria 1,5V \/ AA lub akumulatorki (brak w zestawie),- Zasilanie pilota: 2x bateria 1,5V AA lub akumulatorki (brak w zestawie).W Cenie:&gt; Zdalnie sterowane Mercedes G63 AMG,&gt; Pilot zdalnego sterowania,&gt; Estetyczne kartonowo blistrowe opakowanie,&gt; Instrukcja obs\u0142ugi PL,&gt; Gwarancja 6 m-cy.Akcesoria Dodatkowe:- Komplet 7szt. akumulatork\u00f3w (wielokrotnego u\u017cytku) AA &#8211; 84z\u0142,- \u0141adowarka do akumulatork\u00f3w AA\/AAA\/9V &#8211; 43,00z\u0142.Wysy\u0142ka w 24h!P\u0142atno\u015b\u0107 przy odbiorze przesy\u0142kiPrzy zakupie kilku produkt\u00f3w naraz &#8211; p\u0142atny tylko jeden koszt przesy\u0142ki!Koszt przesy\u0142ki poczt\u0105 (dostawa w 3-7dni) &#8211; 16z\u0142Koszt przesy\u0142ki kurierskiej pocztex (dostawa w 24h) &#8211; 35z\u0142Realizujemy r\u00f3wnie\u017c przesy\u0142ki za granic\u0119 oraz na &#8222;Poste Restante&#8221;Na \u017cyczenie wystawiamy faktury VATWszystkie ceny zawieraj\u0105 podatek VAT 23%<\/p>\n<h2>Rastar Du\u017cy Licencjonowany Zdalnie Sterowany Mercedes G63 AMG (1:14) Rastar<\/h2>\n<p>prezenty urodzinowe dla nastolatk\u00f3w, prezent dla dwunastolatka, jak narysowa\u0107 konia, list do miko\u0142aja wz\u00f3r pdf, dzieci pl, anastazja imi\u0119, imie kuba, my jeste\u015bmy krasnoludki tekst, co dla rocznego dziecka, natan imi\u0119, jordan co oznacza, dobre zagadki logiczne, co na roczek dla dziewczynki, imi\u0119 adriana, kamila, prezent dla 7 latka, test z tajemniczego ogrodu, rzadkie imiona \u017ce\u0144skie polskie<\/p>\n<p>yyyyy<\/p>\n<p>&nbsp;<\/p>\n","protected":false},"excerpt":{"rendered":"<p>Du\u017cy Licencjonowany i Wysokiej Jako\u015bci Zdalnie Sterowany TerenowyKultowy MERCEDES G63 AMG + Bezprzewodowy Pilot Steruj\u0105cy + O\u015bwie&#8211;tlenie + Otwierane Drzwi\/baga\u017cnik&#8230;Wykonany w skali 1:14!!Doskona\u0142y na prezent dla ka\u017cdego m\u0142odego (i nie tylko) pasjonatamo&#8211;toryzacji i tej niemieckiej marki!!Obdarowany (bez wzgl\u0119du na wiek) b\u0119dzie na pewno w niebo wzi\u0119ty!!Wykonany z wielk\u0105 dba\u0142o\u015bci\u0105 o wszystkie szczeg\u00f3\u0142y!!Jest to wierna replika [&hellip;]<\/p>\n","protected":false},"featured_media":2110,"comment_status":"closed","ping_status":"open","template":"","meta":[],"product_cat":[504,337],"product_tag":[668,676,797,853,729,615],"class_list":["post-2109","product","type-product","status-publish","has-post-thumbnail","hentry","product_cat-rastar","product_cat-zabawki-zdalnie-sterowane","product_tag-atrakcje-dla-dzieci-wroclaw","product_tag-bursztynek","product_tag-kiekrz","product_tag-kolorowanki-do-druku-dla-doroslych","product_tag-madre-bajki-dla-dzieci-do-czytania","product_tag-znane-misie-z-filmow-animowanych"],"_links":{"self":[{"href":"http:\/\/klubmamgdynia.pl\/index.php\/wp-json\/wp\/v2\/product\/2109","targetHints":{"allow":["GET"]}}],"collection":[{"href":"http:\/\/klubmamgdynia.pl\/index.php\/wp-json\/wp\/v2\/product"}],"about":[{"href":"http:\/\/klubmamgdynia.pl\/index.php\/wp-json\/wp\/v2\/types\/product"}],"replies":[{"embeddable":true,"href":"http:\/\/klubmamgdynia.pl\/index.php\/wp-json\/wp\/v2\/comments?post=2109"}],"wp:featuredmedia":[{"embeddable":true,"href":"http:\/\/klubmamgdynia.pl\/index.php\/wp-json\/wp\/v2\/media\/2110"}],"wp:attachment":[{"href":"http:\/\/klubmamgdynia.pl\/index.php\/wp-json\/wp\/v2\/media?parent=2109"}],"wp:term":[{"taxonomy":"product_cat","embeddable":true,"href":"http:\/\/klubmamgdynia.pl\/index.php\/wp-json\/wp\/v2\/product_cat?post=2109"},{"taxonomy":"product_tag","embeddable":true,"href":"http:\/\/klubmamgdynia.pl\/index.php\/wp-json\/wp\/v2\/product_tag?post=2109"}],"curies":[{"name":"wp","href":"https:\/\/api.w.org\/{rel}","templated":true}]}}