{"id":2113,"date":"2016-10-19T14:53:10","date_gmt":"2016-10-19T12:53:10","guid":{"rendered":"http:\/\/klubmamgdynia.pl\/index.php\/produkt\/mattel-matchbox-pieciopak-wild-ii-c1817-gkj10\/"},"modified":"2026-05-17T22:59:45","modified_gmt":"2026-05-17T20:59:45","slug":"mattel-matchbox-pieciopak-wild-ii-c1817-gkj10","status":"publish","type":"product","link":"http:\/\/klubmamgdynia.pl\/index.php\/produkt\/mattel-matchbox-pieciopak-wild-ii-c1817-gkj10\/","title":{"rendered":"Mattel Matchbox Pi\u0119ciopak Wild Ii C1817 Gkj10"},"content":{"rendered":"<p>Matchbox Pi\u0119ciopak samochodzik\u00f3w Autka do zabawy dla dzieci Wielopak<br \/>\nC1817                            <\/p>\n<p>Zestaw Matchbox\u00ae inspiruje dzieci do bohaterskich akcji dzi\u0119ki 5 realistycznym pojazdom                            <\/p>\n<p>Klasyczny pi\u0119ciopak Matchbox\u00ae to doskona\u0142y prezent dla dzieci i kolekcjoner\u00f3w                            <\/p>\n<p>R\u00f3\u017cne motywy oraz realistyczne detale pobudzaj\u0105 wyobra\u017ani\u0119 i zach\u0119caj\u0105 do odgrywania kreatywnych przyg\u00f3d                            <\/p>\n<p>Gotowa minikolekcja dla m\u0142odszych dzieci i \u015bwietny upominek, na przyk\u0142ad na przyj\u0119cie urodzinowe. Ka\u017cda replika ma wiele detali i zdobie\u0144. Pi\u0119ciopaki sprzedawane oddzielnie w zale\u017cno\u015bci od dost\u0119pno\u015bci                            <\/p>\n<p>Sprawd\u017a pozosta\u0142e zestawy                            <\/p>\n<p>            Mattel Matchbox Mbx Construction III C1817 HFH05<\/p>\n<p>            Mattel Matchbox Blue Highways Ii 5-Pak Stare Samochody C1817 GVY45<\/p>\n<p>            Mattel Matchbox Pi\u0119ciopak Mbx Road Crew C1817 HFH09<\/p>\n<p>            Mattel Matchbox Pi\u0119ciopak Top Gun C1817 Gpf96<\/p>\n<p>            Mattel Matchbox Pi\u0119ciopakTop Gun C1817 Gpf95<\/p>\n<p>            Mattel Matchbox Pi\u0119ciopak Countryside C1817 Gkj02<\/p>\n<p>            Mattel Matchbox Pi\u0119ciopak Wild Ii C1817 Gkj10<\/p>\n<h2>Mattel Matchbox Pi\u0119ciopak Wild Ii C1817 Gkj10 Mattel<\/h2>\n<p>trudne zadania matematyczne, prezenty dla rocznego dziecka, kolorowanka lego ninjago, zagadki dla dzieci 6-7 lat online, piosenki o wakacjach, opis do zdj\u0119cia dziecka, ja\u015bmina imi\u0119, u\u015bmiech dziecka wiersz, co kupi\u0107 na roczek, leonardo imie, pola imi\u0119, wierszyki na smigus dyngus, trudne zagadki logiczne, o\u015brodki wczasowe nad morzem dla rodzin z dzie\u0107mi, test z opowie\u015bci z narnii lew czarownica i stara szafa, andrzejki kolorowanki do druku, ale kino program, kr\u00f3tkie bajki do czytania pdf<\/p>\n<p>yyyyy<\/p>\n<p>&nbsp;<\/p>\n","protected":false},"excerpt":{"rendered":"<p>Matchbox Pi\u0119ciopak samochodzik\u00f3w Autka do zabawy dla dzieci Wielopak C1817 Zestaw Matchbox\u00ae inspiruje dzieci do bohaterskich akcji dzi\u0119ki 5 realistycznym pojazdom Klasyczny pi\u0119ciopak Matchbox\u00ae to doskona\u0142y prezent dla dzieci i kolekcjoner\u00f3w R\u00f3\u017cne motywy oraz realistyczne detale pobudzaj\u0105 wyobra\u017ani\u0119 i zach\u0119caj\u0105 do odgrywania kreatywnych przyg\u00f3d Gotowa minikolekcja dla m\u0142odszych dzieci i \u015bwietny upominek, na przyk\u0142ad na [&hellip;]<\/p>\n","protected":false},"featured_media":2114,"comment_status":"closed","ping_status":"open","template":"","meta":[],"product_cat":[83,289],"product_tag":[603,717,597],"class_list":["post-2113","product","type-product","status-publish","has-post-thumbnail","hentry","product_cat-auta-i-inne-pojazdy-do-zabawy","product_cat-mattel","product_tag-bajki-do-czytania","product_tag-prezent-roczek","product_tag-zagadki-o-zimie"],"_links":{"self":[{"href":"http:\/\/klubmamgdynia.pl\/index.php\/wp-json\/wp\/v2\/product\/2113","targetHints":{"allow":["GET"]}}],"collection":[{"href":"http:\/\/klubmamgdynia.pl\/index.php\/wp-json\/wp\/v2\/product"}],"about":[{"href":"http:\/\/klubmamgdynia.pl\/index.php\/wp-json\/wp\/v2\/types\/product"}],"replies":[{"embeddable":true,"href":"http:\/\/klubmamgdynia.pl\/index.php\/wp-json\/wp\/v2\/comments?post=2113"}],"wp:featuredmedia":[{"embeddable":true,"href":"http:\/\/klubmamgdynia.pl\/index.php\/wp-json\/wp\/v2\/media\/2114"}],"wp:attachment":[{"href":"http:\/\/klubmamgdynia.pl\/index.php\/wp-json\/wp\/v2\/media?parent=2113"}],"wp:term":[{"taxonomy":"product_cat","embeddable":true,"href":"http:\/\/klubmamgdynia.pl\/index.php\/wp-json\/wp\/v2\/product_cat?post=2113"},{"taxonomy":"product_tag","embeddable":true,"href":"http:\/\/klubmamgdynia.pl\/index.php\/wp-json\/wp\/v2\/product_tag?post=2113"}],"curies":[{"name":"wp","href":"https:\/\/api.w.org\/{rel}","templated":true}]}}