{"id":213,"date":"2012-07-19T07:22:59","date_gmt":"2012-07-19T05:22:59","guid":{"rendered":"http:\/\/klubmamgdynia.pl\/index.php\/produkt\/oops-puzzle-dwustronne-mis\/"},"modified":"2026-04-20T13:25:56","modified_gmt":"2026-04-20T11:25:56","slug":"oops-puzzle-dwustronne-mis","status":"publish","type":"product","link":"http:\/\/klubmamgdynia.pl\/index.php\/produkt\/oops-puzzle-dwustronne-mis\/","title":{"rendered":"Oops Puzzle Dwustronne Mi\u015b"},"content":{"rendered":"<p>Oops Puzzle Dwustronne Mi\u015b 18m+Numer kat. OP1601711Drewniane dwustronne puzzle to doskona\u0142y pomys\u0142 na sp\u0119dzanie wsp\u00f3lnego czasu z dzieckiem. Uk\u0142adnie puzzli rozwija wyobra\u017ani\u0119 dziecka oraz wspiera rozw\u00f3j motoryki ma\u0142ej. Uk\u0142adanka zosta\u0142a zaprojektowana na dw\u00f3ch r\u00f3\u017cnych poziomach trudno\u015bci. Z jednej strony widnej prosta do z\u0142o\u017cenia kolorowa rodzinka Misi\u00f3w, z drugiej za\u015b bardziej skomplikowany obraz. Wszystkie elementy wykonane zosta\u0142y z drewna przez co zabawka jest przyjazna dla \u015brodowiska.Dwustronne puzzle zapewni\u0105 wiele godzin kreatywnej zabawy dla dziecka i ca\u0142ej rodziny.Wiek: od 18 miesi\u0119cyCechy:- dwustronne drewniane elementy,- rozw\u00f3j koordynacji r\u0119ka-oko,- rozw\u00f3j wyobra\u017ani,- zabawka kreatywna,- zabawka ekologiczna,- idealna na prezentWymiary produktu:- d\u0142ugo\u015b\u0107: 29cm- g\u0142\u0119goko\u015b\u0107: 5cm- szeroko\u015b\u0107: 18cmOops to szwajcarska marka produkuj\u0105ca niezwykle praktyczne i pi\u0119kne akcesoria podr\u00f3\u017cne oraz zabawki dla dzieci w ka\u017cdym wieku. Gromadka weso\u0142ych zwierz\u0105tek ze \u015bwiata lasu i miasta dodaje uroku produktom i zapewnia dzieciom poczucie bezpiecze\u0144stwa.<\/p>\n<h2>Oops Puzzle Dwustronne Mi\u015b Oops<\/h2>\n<p>kolorowanki antystresowe do druku, daniel imie, papuga kolorowanka, atrakcje dla dzieci trojmiasto, co na prezent dla nastolatk\u00f3w, test wiedzy z lektury przygody tomka sawyera z odpowiedziami, karyna, origami kotek, dary jesieni kolorowanki jesie\u0144, \u015bmieszne kanapki kanapki dla dzieci, iwo, natalia, zaj\u0105czek z jajka ugotowanego, jak narysowa\u0107 konia, zagadki i odpowiedzi<\/p>\n<p>yyyyy<\/p>\n<p>&nbsp;<\/p>\n","protected":false},"excerpt":{"rendered":"<p>Oops Puzzle Dwustronne Mi\u015b 18m+Numer kat. OP1601711Drewniane dwustronne puzzle to doskona\u0142y pomys\u0142 na sp\u0119dzanie wsp\u00f3lnego czasu z dzieckiem. Uk\u0142adnie puzzli rozwija wyobra\u017ani\u0119 dziecka oraz wspiera rozw\u00f3j motoryki ma\u0142ej. Uk\u0142adanka zosta\u0142a zaprojektowana na dw\u00f3ch r\u00f3\u017cnych poziomach trudno\u015bci. Z jednej strony widnej prosta do z\u0142o\u017cenia kolorowa rodzinka Misi\u00f3w, z drugiej za\u015b bardziej skomplikowany obraz. Wszystkie elementy wykonane [&hellip;]<\/p>\n","protected":false},"featured_media":214,"comment_status":"closed","ping_status":"open","template":"","meta":[],"product_cat":[98,99],"product_tag":[781,754,622,870],"class_list":["post-213","product","type-product","status-publish","has-post-thumbnail","hentry","product_cat-oops","product_cat-zabawki-ekologiczne","product_tag-cytaty-o-wychowaniu-dzieci","product_tag-dyplomy-do-wydrukowania-a4","product_tag-fajne-zagadki","product_tag-prezent-dla-chlopca-na-roczek"],"_links":{"self":[{"href":"http:\/\/klubmamgdynia.pl\/index.php\/wp-json\/wp\/v2\/product\/213","targetHints":{"allow":["GET"]}}],"collection":[{"href":"http:\/\/klubmamgdynia.pl\/index.php\/wp-json\/wp\/v2\/product"}],"about":[{"href":"http:\/\/klubmamgdynia.pl\/index.php\/wp-json\/wp\/v2\/types\/product"}],"replies":[{"embeddable":true,"href":"http:\/\/klubmamgdynia.pl\/index.php\/wp-json\/wp\/v2\/comments?post=213"}],"wp:featuredmedia":[{"embeddable":true,"href":"http:\/\/klubmamgdynia.pl\/index.php\/wp-json\/wp\/v2\/media\/214"}],"wp:attachment":[{"href":"http:\/\/klubmamgdynia.pl\/index.php\/wp-json\/wp\/v2\/media?parent=213"}],"wp:term":[{"taxonomy":"product_cat","embeddable":true,"href":"http:\/\/klubmamgdynia.pl\/index.php\/wp-json\/wp\/v2\/product_cat?post=213"},{"taxonomy":"product_tag","embeddable":true,"href":"http:\/\/klubmamgdynia.pl\/index.php\/wp-json\/wp\/v2\/product_tag?post=213"}],"curies":[{"name":"wp","href":"https:\/\/api.w.org\/{rel}","templated":true}]}}